{"id":745341,"date":"2025-08-28T02:17:19","date_gmt":"2025-08-27T23:17:19","guid":{"rendered":"https:\/\/roveyayinevi.com.tr\/index.php\/urun\/erkeksiz-kadinlar\/"},"modified":"2026-04-16T02:57:39","modified_gmt":"2026-04-15T23:57:39","slug":"erkeksiz-kadinlar","status":"publish","type":"product","link":"https:\/\/roveyayinevi.com.tr\/index.php\/urun\/erkeksiz-kadinlar\/","title":{"rendered":"Erkeksiz Kad\u0131nlar"},"content":{"rendered":"<p>Sonra, uzun ve me\u015fakkatli bir s\u00fcre sonunda \u00f6\u011freniyor ki ki\u015fi, bu hayatta kendinden ba\u015fka kimseyi kurtaramaz\u2026 C\u00fcret ve \u00e7aba, acemilikten geliyor, bilgi eksikli\u011finden, safl\u0131ktan, iyi niyetten\u2026 Ben de kimseyi kurtaramad\u0131m k\u0131saca. Ne onu ne de a\u015fk\u0131m\u0131z\u0131\u2026 Kendimi kurtard\u0131m ama. Bu sat\u0131rlar ve bu hik\u00e2ye, a\u015fk\u0131ndan \u00f6lece\u011fini zannedenlere ithafen\u2026 Nefes alamazken dahi a\u015fklar\u0131ndan bir an dahi \u015f\u00fcphe etmeyen, kalplerinin s\u00f6ylediklerinin sad\u0131k uygulay\u0131c\u0131lar\u0131 olan, sevdikleri i\u00e7in emek vermekten, aptal g\u00f6r\u00fcnmekten \u00e7ekinmeyen, a\u015fklar\u0131n\u0131n pe\u015finden kendi derinliklerine inip, incilerini ke\u015ffedebilenlere\u2026   \u00d6z\u00fcm \u00d6zbay, ikinci kitab\u0131 Erkeksiz Kad\u0131nlar ile okuru anlamak eylemiyle y\u00fczle\u015ftiriyor. Kendi \u00f6yk\u00fcs\u00fcn\u00fc yazamayanlar\u0131, onlar\u0131n sat\u0131rlar\u0131yla anlat\u0131yor.   Terk edilmi\u015flik, hayal k\u0131r\u0131kl\u0131klar\u0131, yok say\u0131lmak&#8230; Her birini iliklerine kadar hissedenlerin \u00f6yk\u00fcleri Erkeksiz Kad\u0131nlar\u2019da bulu\u015fuyor. <\/p>\n","protected":false},"excerpt":{"rendered":"<p>Sonra, uzun ve me\u015fakkatli bir s\u00fcre sonunda \u00f6\u011freniyor ki ki\u015fi, bu hayatta kendinden ba\u015fka kimseyi kurtaramaz\u2026 C\u00fcret ve \u00e7aba, acemilikten geliyor, bilgi eksikli\u011finden, safl\u0131ktan, iyi niyetten\u2026<span class=\"excerpt-hellip\"> [\u2026]<\/span><\/p>\n","protected":false},"featured_media":0,"template":"","meta":{"_monsterinsights_skip_tracking":false,"_monsterinsights_sitenote_active":false,"_monsterinsights_sitenote_note":"","_monsterinsights_sitenote_category":0},"product_brand":[],"product_cat":[12291,12711],"product_tag":[],"class_list":{"0":"post-745341","1":"product","2":"type-product","3":"status-publish","5":"product_cat-edebiyat","6":"product_cat-roman-oyku","7":"pa_cilt-ciltsiz","8":"pa_tur-kitap","9":"pa_yayinevi-luna-yayinlari","10":"pa_yazar-ozum-ozbay","12":"first","13":"instock","14":"sale","15":"shipping-taxable","16":"purchasable","17":"product-type-simple"},"_links":{"self":[{"href":"https:\/\/roveyayinevi.com.tr\/index.php\/wp-json\/wp\/v2\/product\/745341","targetHints":{"allow":["GET"]}}],"collection":[{"href":"https:\/\/roveyayinevi.com.tr\/index.php\/wp-json\/wp\/v2\/product"}],"about":[{"href":"https:\/\/roveyayinevi.com.tr\/index.php\/wp-json\/wp\/v2\/types\/product"}],"wp:attachment":[{"href":"https:\/\/roveyayinevi.com.tr\/index.php\/wp-json\/wp\/v2\/media?parent=745341"}],"wp:term":[{"taxonomy":"product_brand","embeddable":true,"href":"https:\/\/roveyayinevi.com.tr\/index.php\/wp-json\/wp\/v2\/product_brand?post=745341"},{"taxonomy":"product_cat","embeddable":true,"href":"https:\/\/roveyayinevi.com.tr\/index.php\/wp-json\/wp\/v2\/product_cat?post=745341"},{"taxonomy":"product_tag","embeddable":true,"href":"https:\/\/roveyayinevi.com.tr\/index.php\/wp-json\/wp\/v2\/product_tag?post=745341"}],"curies":[{"name":"wp","href":"https:\/\/api.w.org\/{rel}","templated":true}]}}