{"id":745340,"date":"2025-08-28T02:17:18","date_gmt":"2025-08-27T23:17:18","guid":{"rendered":"https:\/\/roveyayinevi.com.tr\/index.php\/urun\/dedektif-akif-latif\/"},"modified":"2026-04-08T03:05:04","modified_gmt":"2026-04-08T00:05:04","slug":"dedektif-akif-latif","status":"publish","type":"product","link":"https:\/\/roveyayinevi.com.tr\/index.php\/urun\/dedektif-akif-latif\/","title":{"rendered":"Dedektif Akif Latif"},"content":{"rendered":"<p>En k\u00fc\u00e7\u00fck bir yamukluk, Dedektif Akif Latif\u2019in can\u0131n\u0131 s\u0131kmaya yeterdi. Doktorlar onun obsesif kompulsif bozukluk dedikleri tuhaf isimli bir hastal\u0131\u011f\u0131n k\u0131y\u0131s\u0131nda gezdi\u011fini s\u00f6ylediler. O hi\u00e7 \u015fik\u00e2yet\u00e7i de\u011fildi. Temizlik! Daha g\u00fczel ne olabilirdi? Bir de annesini g\u00f6rselerdi, temizlik neymi\u015f anlarlard\u0131. \u201cOnun yan\u0131nda \u00e7\u0131rak bile olamam,\u201d der, doktorlara g\u00fcl\u00fcmserdi. Mesle\u011finde pek \u00e7ok pislik temizlemi\u015fti. Kimsenin d\u00fcnyay\u0131, insanl\u0131\u011f\u0131 bu kadar kirletmeye hakk\u0131 yoktu. Dikkatli, titiz, kibar, ayn\u0131 zamanda so\u011fukkanl\u0131 bir \u0130stanbul beyefendisiydi\u2026   Asl\u0131 Furuncuo\u011flu\u2019nun kaleminden Dedektif Akif Latif ile tan\u0131\u015f\u0131n! \u0130\u015finde olduk\u00e7a iyi, titiz ve zeki olan dedektifimiz; her bir \u00f6yk\u00fcde birbirinden s\u00fcr\u00fckleyici, merak uyand\u0131r\u0131c\u0131 olaylar\u0131n izini s\u00fcr\u00fcyor. Okuyucuya ise sayfalar\u0131 ard\u0131 ard\u0131na \u00e7evirmek d\u00fc\u015f\u00fcyor. <\/p>\n","protected":false},"excerpt":{"rendered":"<p>En k\u00fc\u00e7\u00fck bir yamukluk, Dedektif Akif Latif\u2019in can\u0131n\u0131 s\u0131kmaya yeterdi. Doktorlar onun obsesif kompulsif bozukluk dedikleri tuhaf isimli bir hastal\u0131\u011f\u0131n k\u0131y\u0131s\u0131nda gezdi\u011fini s\u00f6ylediler. O hi\u00e7 \u015fik\u00e2yet\u00e7i<span class=\"excerpt-hellip\"> [\u2026]<\/span><\/p>\n","protected":false},"featured_media":0,"template":"","meta":{"_monsterinsights_skip_tracking":false,"_monsterinsights_sitenote_active":false,"_monsterinsights_sitenote_note":"","_monsterinsights_sitenote_category":0},"product_brand":[],"product_cat":[12291,12711],"product_tag":[],"class_list":{"0":"post-745340","1":"product","2":"type-product","3":"status-publish","5":"product_cat-edebiyat","6":"product_cat-roman-oyku","7":"pa_cilt-ciltsiz","8":"pa_tur-kitap","9":"pa_yayinevi-luna-yayinlari","10":"pa_yazar-asli-furuncuoglu","12":"first","13":"instock","14":"sale","15":"shipping-taxable","16":"purchasable","17":"product-type-simple"},"_links":{"self":[{"href":"https:\/\/roveyayinevi.com.tr\/index.php\/wp-json\/wp\/v2\/product\/745340","targetHints":{"allow":["GET"]}}],"collection":[{"href":"https:\/\/roveyayinevi.com.tr\/index.php\/wp-json\/wp\/v2\/product"}],"about":[{"href":"https:\/\/roveyayinevi.com.tr\/index.php\/wp-json\/wp\/v2\/types\/product"}],"wp:attachment":[{"href":"https:\/\/roveyayinevi.com.tr\/index.php\/wp-json\/wp\/v2\/media?parent=745340"}],"wp:term":[{"taxonomy":"product_brand","embeddable":true,"href":"https:\/\/roveyayinevi.com.tr\/index.php\/wp-json\/wp\/v2\/product_brand?post=745340"},{"taxonomy":"product_cat","embeddable":true,"href":"https:\/\/roveyayinevi.com.tr\/index.php\/wp-json\/wp\/v2\/product_cat?post=745340"},{"taxonomy":"product_tag","embeddable":true,"href":"https:\/\/roveyayinevi.com.tr\/index.php\/wp-json\/wp\/v2\/product_tag?post=745340"}],"curies":[{"name":"wp","href":"https:\/\/api.w.org\/{rel}","templated":true}]}}