{"id":745339,"date":"2025-08-28T02:17:16","date_gmt":"2025-08-27T23:17:16","guid":{"rendered":"https:\/\/roveyayinevi.com.tr\/index.php\/urun\/avucumdaki-tarantula\/"},"modified":"2026-04-16T02:57:39","modified_gmt":"2026-04-15T23:57:39","slug":"avucumdaki-tarantula","status":"publish","type":"product","link":"https:\/\/roveyayinevi.com.tr\/index.php\/urun\/avucumdaki-tarantula\/","title":{"rendered":"Avucumdaki Tarantula"},"content":{"rendered":"<p>\u201cTarantula nas\u0131l da simsiyah. Nas\u0131l da kal\u0131n bacaklar\u0131. T\u00fcyleri yan\u0131na geldi\u011finde daha bir g\u00fcrle\u015fiyor, siyah bacaklar\u0131 daha bir kal\u0131nla\u015f\u0131yor&#8230; Elleriyle dokunmak istiyor tarantulan\u0131n bacaklar\u0131na. Tarantulan\u0131n siyah bacaklar\u0131n\u0131n yer yer zemininde, yer yer uzanan t\u00fcylerinde beliren turunculuklar\u0131 d\u00fc\u015f\u00fcn\u00fcyor. Nas\u0131l da g\u00fcne\u015ften hallice parl\u0131yorlar! Bir vakit kal\u0131yor \u00f6yle. Yere yak\u0131n, mahzun\u2026 Tarantulay\u0131 d\u00fc\u015fl\u00fcyor. Bir daha gelirse yakalayacak, g\u00f6sterecek annesine. O zaman kim onu evine bark\u0131na alm\u0131yor, kimin akl\u0131 aksak, g\u00f6rs\u00fcn annesi. Hakir g\u00f6rd\u00fc\u011f\u00fc, vah\u015fi s\u00f6zleriyle yerle bir etti\u011fi ki\u015fili\u011finin varl\u0131\u011f\u0131na soyunacak Nermin. Hem kendi ger\u00e7ekli\u011fini hem de annesinin sahteli\u011fini do\u011furacak bu eve. Nermin\u2019in do\u011fru s\u00f6yledi\u011fini g\u00f6rd\u00fckten sonra annesinin y\u00fcz\u00fcne \u00e7\u00f6kecek olan kasvetli yenilgi mest edecek Nermin\u2019i. Nermin t\u00fcm hayallerini her f\u0131rsatta manip\u00fcle eden zihnin kendi zihni kar\u015f\u0131s\u0131nda ehlile\u015fti\u011fine \u015fahit olup, kalender \u00e7abas\u0131n\u0131 kutlayacak.\u201d   Nihan G\u00f6\u011fman, \u00e7ok tan\u0131d\u0131k insanlar\u0131n belki de asla tan\u0131mak istemeyece\u011fimiz hayatlar\u0131n\u0131, t\u00fcm \u00e7\u0131plakl\u0131\u011f\u0131yla ve se\u00e7ti\u011fi karakterlere uygun \u00fcslubuyla g\u00f6zler \u00f6n\u00fcne seriyor.   Sokakta, caddede, otob\u00fcste; k\u00f6yde, kentte g\u00f6rd\u00fc\u011f\u00fcm\u00fcz insanlar\u0131n \u00f6yk\u00fcleri,  Avucumdaki Tarantula&#8230; <\/p>\n","protected":false},"excerpt":{"rendered":"<p>\u201cTarantula nas\u0131l da simsiyah. Nas\u0131l da kal\u0131n bacaklar\u0131. T\u00fcyleri yan\u0131na geldi\u011finde daha bir g\u00fcrle\u015fiyor, siyah bacaklar\u0131 daha bir kal\u0131nla\u015f\u0131yor&#8230; Elleriyle dokunmak istiyor tarantulan\u0131n bacaklar\u0131na. Tarantulan\u0131n siyah<span class=\"excerpt-hellip\"> [\u2026]<\/span><\/p>\n","protected":false},"featured_media":0,"template":"","meta":{"_monsterinsights_skip_tracking":false,"_monsterinsights_sitenote_active":false,"_monsterinsights_sitenote_note":"","_monsterinsights_sitenote_category":0},"product_brand":[],"product_cat":[12291,12711],"product_tag":[],"class_list":{"0":"post-745339","1":"product","2":"type-product","3":"status-publish","5":"product_cat-edebiyat","6":"product_cat-roman-oyku","7":"pa_cilt-ciltsiz","8":"pa_tur-kitap","9":"pa_yayinevi-luna-yayinlari","10":"pa_yazar-nihan-gogman","12":"first","13":"instock","14":"sale","15":"shipping-taxable","16":"purchasable","17":"product-type-simple"},"_links":{"self":[{"href":"https:\/\/roveyayinevi.com.tr\/index.php\/wp-json\/wp\/v2\/product\/745339","targetHints":{"allow":["GET"]}}],"collection":[{"href":"https:\/\/roveyayinevi.com.tr\/index.php\/wp-json\/wp\/v2\/product"}],"about":[{"href":"https:\/\/roveyayinevi.com.tr\/index.php\/wp-json\/wp\/v2\/types\/product"}],"wp:attachment":[{"href":"https:\/\/roveyayinevi.com.tr\/index.php\/wp-json\/wp\/v2\/media?parent=745339"}],"wp:term":[{"taxonomy":"product_brand","embeddable":true,"href":"https:\/\/roveyayinevi.com.tr\/index.php\/wp-json\/wp\/v2\/product_brand?post=745339"},{"taxonomy":"product_cat","embeddable":true,"href":"https:\/\/roveyayinevi.com.tr\/index.php\/wp-json\/wp\/v2\/product_cat?post=745339"},{"taxonomy":"product_tag","embeddable":true,"href":"https:\/\/roveyayinevi.com.tr\/index.php\/wp-json\/wp\/v2\/product_tag?post=745339"}],"curies":[{"name":"wp","href":"https:\/\/api.w.org\/{rel}","templated":true}]}}