{"id":745337,"date":"2025-08-28T02:17:14","date_gmt":"2025-08-27T23:17:14","guid":{"rendered":"https:\/\/roveyayinevi.com.tr\/index.php\/urun\/osmanlinin-para-ile-imtihani\/"},"modified":"2026-04-16T02:57:39","modified_gmt":"2026-04-15T23:57:39","slug":"osmanlinin-para-ile-imtihani","status":"publish","type":"product","link":"https:\/\/roveyayinevi.com.tr\/index.php\/urun\/osmanlinin-para-ile-imtihani\/","title":{"rendered":"Osmanl\u0131\u2019n\u0131n Para ile \u0130mtihan\u0131"},"content":{"rendered":"<p>16. y\u00fczy\u0131l sonu ve 17. y\u00fczy\u0131l\u0131n ilk yar\u0131s\u0131 Osmanl\u0131 ekonomisi ve toplumu i\u00e7in bir bunal\u0131m d\u00f6nemi olarakbilinir. Mehmet Kuru, Osmanl\u0131 ar\u015fivlerindeki \u00f6zg\u00fcn ve titiz \u00e7al\u0131\u015fmalar\u0131na son 20 y\u0131lda ba\u015fka\u00e7al\u0131\u015fmalarda elde edilen bulgular\u0131 da ekleyerek ya\u015fanan parasal ve iktisadi bunal\u0131ma yerel, b\u00f6lgesel vek\u00fcresel boyutlar\u0131yla yeni bir a\u00e7\u0131klama getiriyor. Gayet kapsaml\u0131 ve zevkle okunan bir kitap.\u015eevket Pamuk, Bo\u011fazi\u00e7i \u00dcniversitesiOrta\u00e7a\u011f Avrupas\u0131\u2019n\u0131n genelde en \u00f6nemli iktisadi sorunlar\u0131ndan birisi olarak k\u00fc\u00e7\u00fck para sorunu g\u00f6ze\u00e7arpar. Temelde \u201ck\u00fc\u00e7\u00fck para birimlerinin fiziksel olarak \u00fcretilmesindeki zorluklar\u0131\u201d yans\u0131tan bu sorun,metal paralar i\u00e7inde fiziksel olarak ihtiva edilen g\u00fcm\u00fc\u015f ya da alt\u0131n\u0131n \u201cg\u00fcvenilir\u201d miktardaolmamas\u0131ndan da kaynaklanmaktayd\u0131. Alt\u0131 y\u00fczy\u0131ll\u0131k imparatorluk tarihini bir \u201ckrizler imparatorlu\u011fu\u201dolarak \u00f6zetleyen Mehmet Kuru da, bu \u00e7ok kapsaml\u0131 tarihsel anlat\u0131s\u0131nda Osmanl\u0131\u2019n\u0131n 15 ve 16.y\u00fczy\u0131llarda ya\u015fam\u0131\u015f oldu\u011fu para darb\u0131 ve Do\u011fu\u2019ya g\u00fcm\u00fc\u015f ak\u0131\u015f\u0131 ile ba\u015flayan ser\u00fcvenini, Avrasya parapiyasalar\u0131n\u0131n 17. y\u00fczy\u0131ldaki entegrasyonuna de\u011fin aktar\u0131yor. Nefes kesici bir iktisadi tarih ser\u00fcveni\u2026A. Erin\u00e7 Yeldan, Kadir Has \u00dcniversitesiMehmet Kuru, 16 ve 17. y\u00fczy\u0131llarda ya\u015fanan para krizlerinde hem devlet y\u00f6neticilerinin hem de halk\u0131n\u00e7\u00f6z\u00fcmlerini irdeleyerek Osmanl\u0131\u2019y\u0131 anlaman\u0131n yeni anahtarlar\u0131n\u0131 sunuyor.<\/p>\n","protected":false},"excerpt":{"rendered":"<p>16. y\u00fczy\u0131l sonu ve 17. y\u00fczy\u0131l\u0131n ilk yar\u0131s\u0131 Osmanl\u0131 ekonomisi ve toplumu i\u00e7in bir bunal\u0131m d\u00f6nemi olarakbilinir. Mehmet Kuru, Osmanl\u0131 ar\u015fivlerindeki \u00f6zg\u00fcn ve titiz \u00e7al\u0131\u015fmalar\u0131na son<span class=\"excerpt-hellip\"> [\u2026]<\/span><\/p>\n","protected":false},"featured_media":0,"template":"","meta":{"_monsterinsights_skip_tracking":false,"_monsterinsights_sitenote_active":false,"_monsterinsights_sitenote_note":"","_monsterinsights_sitenote_category":0},"product_brand":[],"product_cat":[13517,12304],"product_tag":[],"class_list":{"0":"post-745337","1":"product","2":"type-product","3":"status-publish","5":"product_cat-osmanli-tarihi","6":"product_cat-tarih","7":"pa_cilt-ciltsiz","8":"pa_tur-kitap","9":"pa_yayinevi-fol-kitap","10":"pa_yazar-mehmet-kurum","12":"first","13":"instock","14":"sale","15":"shipping-taxable","16":"purchasable","17":"product-type-simple"},"_links":{"self":[{"href":"https:\/\/roveyayinevi.com.tr\/index.php\/wp-json\/wp\/v2\/product\/745337","targetHints":{"allow":["GET"]}}],"collection":[{"href":"https:\/\/roveyayinevi.com.tr\/index.php\/wp-json\/wp\/v2\/product"}],"about":[{"href":"https:\/\/roveyayinevi.com.tr\/index.php\/wp-json\/wp\/v2\/types\/product"}],"wp:attachment":[{"href":"https:\/\/roveyayinevi.com.tr\/index.php\/wp-json\/wp\/v2\/media?parent=745337"}],"wp:term":[{"taxonomy":"product_brand","embeddable":true,"href":"https:\/\/roveyayinevi.com.tr\/index.php\/wp-json\/wp\/v2\/product_brand?post=745337"},{"taxonomy":"product_cat","embeddable":true,"href":"https:\/\/roveyayinevi.com.tr\/index.php\/wp-json\/wp\/v2\/product_cat?post=745337"},{"taxonomy":"product_tag","embeddable":true,"href":"https:\/\/roveyayinevi.com.tr\/index.php\/wp-json\/wp\/v2\/product_tag?post=745337"}],"curies":[{"name":"wp","href":"https:\/\/api.w.org\/{rel}","templated":true}]}}