{"id":745322,"date":"2025-08-28T02:16:53","date_gmt":"2025-08-27T23:16:53","guid":{"rendered":"https:\/\/roveyayinevi.com.tr\/index.php\/urun\/tarih-aslinda-neyi-anlatir\/"},"modified":"2026-04-16T02:57:39","modified_gmt":"2026-04-15T23:57:39","slug":"tarih-aslinda-neyi-anlatir","status":"publish","type":"product","link":"https:\/\/roveyayinevi.com.tr\/index.php\/urun\/tarih-aslinda-neyi-anlatir\/","title":{"rendered":"Tarih Asl\u0131nda Neyi Anlat\u0131r?"},"content":{"rendered":"<p>\u201cTarih Asl\u0131nda Neyi Anlat\u0131r?\u201dda Peter Burke, tarih u\u0308stu\u0308ne kuram ve uygulama a\u00e7\u0131s\u0131ndan ele ald\u0131\u011f\u0131 denemeleri bir araya getiriyor. Ana temas\u0131: \u201cSosyal ve ku\u0308ltu\u0308rel kuramdan \u00f6du\u0308n\u00e7 al\u0131nm\u0131\u015f baz\u0131 kavramlar\u0131n tarih\u00e7ileri ge\u00e7mi\u015f hakk\u0131nda yeni sorular sormaya cesaretlendirece\u011fi ya da eski sorular\u0131 cevaplamada yard\u0131mc\u0131 olabilece\u011fi\u201d fikri u\u0308zerine kuruludur. \u201cTekrar kullanma, performans, ku\u0308ltu\u0308rel tercu\u0308me, yarat\u0131c\u0131 al\u0131mlama\u201d gibi, her biri anahtar bir kavram temelinde ele al\u0131nm\u0131\u015f bu denemelerde Tarih\u2019in \u201cNe\u201dli\u011fi, tarihselcili\u011fin tarihi, erken modern Avrupa\u2019da tarihsel du\u0308\u015fu\u0308nce ve yaz\u0131n, ge\u00e7mi\u015fle kurulan ki\u015fisel ili\u015fkinin mesafesi ya da bu mesafenin kopu\u015fu gibi konular Burke\u2019\u00fcn kendine has \u00fcslubu ile g\u00f6zler \u00f6n\u00fcne seriliyor.   Zaman\u0131n sosyal veya ku\u0308ltu\u0308rel tarihinde herhangi bir toplumdaki bask\u0131n zaman alg\u0131s\u0131, ayn\u0131 toplumdaki farkl\u0131 gruplar aras\u0131ndaki zaman alg\u0131s\u0131 ve bunlar\u0131n gu\u0308ndelik ya\u015famdaki pratikleri \u00fczerine yakla\u015f\u0131mlardan olu\u015fan \u201cTarih Asl\u0131nda Neyi Anlat\u0131r?\u201d okuru da bir tarih\u00e7i gibi d\u00fc\u015f\u00fcnmeye ve \u201ctarih\u201din bilgi ve varl\u0131k olarak ne anlama geldi\u011fine dair yeni sorular sormaya davet ediyor.<\/p>\n","protected":false},"excerpt":{"rendered":"<p>\u201cTarih Asl\u0131nda Neyi Anlat\u0131r?\u201dda Peter Burke, tarih u\u0308stu\u0308ne kuram ve uygulama a\u00e7\u0131s\u0131ndan ele ald\u0131\u011f\u0131 denemeleri bir araya getiriyor. Ana temas\u0131: \u201cSosyal ve ku\u0308ltu\u0308rel kuramdan \u00f6du\u0308n\u00e7 al\u0131nm\u0131\u015f<span class=\"excerpt-hellip\"> [\u2026]<\/span><\/p>\n","protected":false},"featured_media":0,"template":"","meta":{"_monsterinsights_skip_tracking":false,"_monsterinsights_sitenote_active":false,"_monsterinsights_sitenote_note":"","_monsterinsights_sitenote_category":0},"product_brand":[],"product_cat":[12312,12304],"product_tag":[],"class_list":{"0":"post-745322","1":"product","2":"type-product","3":"status-publish","5":"product_cat-diger","6":"product_cat-tarih","7":"pa_cilt-ciltsiz","8":"pa_tur-kitap","9":"pa_yayinevi-islik-yayinlari","10":"pa_yazar-peter-burke","12":"first","13":"instock","14":"sale","15":"shipping-taxable","16":"purchasable","17":"product-type-simple"},"_links":{"self":[{"href":"https:\/\/roveyayinevi.com.tr\/index.php\/wp-json\/wp\/v2\/product\/745322","targetHints":{"allow":["GET"]}}],"collection":[{"href":"https:\/\/roveyayinevi.com.tr\/index.php\/wp-json\/wp\/v2\/product"}],"about":[{"href":"https:\/\/roveyayinevi.com.tr\/index.php\/wp-json\/wp\/v2\/types\/product"}],"wp:attachment":[{"href":"https:\/\/roveyayinevi.com.tr\/index.php\/wp-json\/wp\/v2\/media?parent=745322"}],"wp:term":[{"taxonomy":"product_brand","embeddable":true,"href":"https:\/\/roveyayinevi.com.tr\/index.php\/wp-json\/wp\/v2\/product_brand?post=745322"},{"taxonomy":"product_cat","embeddable":true,"href":"https:\/\/roveyayinevi.com.tr\/index.php\/wp-json\/wp\/v2\/product_cat?post=745322"},{"taxonomy":"product_tag","embeddable":true,"href":"https:\/\/roveyayinevi.com.tr\/index.php\/wp-json\/wp\/v2\/product_tag?post=745322"}],"curies":[{"name":"wp","href":"https:\/\/api.w.org\/{rel}","templated":true}]}}