{"id":745317,"date":"2025-08-28T02:16:45","date_gmt":"2025-08-27T23:16:45","guid":{"rendered":"https:\/\/roveyayinevi.com.tr\/index.php\/urun\/lanetli-tavsan\/"},"modified":"2026-04-16T02:57:38","modified_gmt":"2026-04-15T23:57:38","slug":"lanetli-tavsan","status":"publish","type":"product","link":"https:\/\/roveyayinevi.com.tr\/index.php\/urun\/lanetli-tavsan\/","title":{"rendered":"Lanetli Tav\u015fan"},"content":{"rendered":"<p>2022 ULUSLARARASI BOOKER \u00d6D\u00dcL\u00dc ADAYILanetli Tav\u015fan, G\u00fcney Koreli yazar Bora Chung\u2019un b\u00fcy\u00fcl\u00fc ger\u00e7ek\u00e7ilik, korku, masal ve bilimkurgu t\u00fcr\u00fcndeki \u00f6yk\u00fclerini bir araya getiriyor. Chung fantasti\u011fin ve ger\u00e7ek\u00fcst\u00fcn\u00fcn imk\u00e2nlar\u0131n\u0131 incelikle kullanarak kapitalizmin ve ataerkinin modern toplumda yol a\u00e7t\u0131\u011f\u0131 \u015fiddeti ve deh\u015feti g\u00f6zler \u00f6n\u00fcne seriyor.Ki\u015fiye \u00f6zel haz\u0131rlanan lanetli e\u015fyalar, banyodaki at\u0131klardan v\u00fccut bulan bedenler, bilin\u00e7 kazanan tekinsiz robotlar, intikamc\u0131 tilkiler ve daha fazlas\u0131 bu karanl\u0131k \u00f6yk\u00fc derlemesinde kendine yer buluyor.\u201cChung\u2019un \u00f6yk\u00fcleri o kadar harika, \u015fa\u015f\u0131rt\u0131c\u0131 derecede tuhaf ve g\u00fc\u00e7l\u00fc ki, Lanetli Tav\u015fan\u2019\u0131 elinizden b\u0131rakman\u0131z neredeyse imk\u00e2ns\u0131z. S\u00f6z\u00fcn \u00f6z\u00fc, bu derleme, m\u00fcmk\u00fcn olan en iyi h\u00e2liyle, \u00e2deta bir lanetli e\u015fya.\u201d \u2013Kelly Link<\/p>\n","protected":false},"excerpt":{"rendered":"<p>2022 ULUSLARARASI BOOKER \u00d6D\u00dcL\u00dc ADAYILanetli Tav\u015fan, G\u00fcney Koreli yazar Bora Chung\u2019un b\u00fcy\u00fcl\u00fc ger\u00e7ek\u00e7ilik, korku, masal ve bilimkurgu t\u00fcr\u00fcndeki \u00f6yk\u00fclerini bir araya getiriyor. Chung fantasti\u011fin ve ger\u00e7ek\u00fcst\u00fcn\u00fcn<span class=\"excerpt-hellip\"> [\u2026]<\/span><\/p>\n","protected":false},"featured_media":0,"template":"","meta":{"_monsterinsights_skip_tracking":false,"_monsterinsights_sitenote_active":false,"_monsterinsights_sitenote_note":"","_monsterinsights_sitenote_category":0},"product_brand":[],"product_cat":[12291,14777],"product_tag":[],"class_list":{"0":"post-745317","1":"product","2":"type-product","3":"status-publish","5":"product_cat-edebiyat","6":"product_cat-fantastik","7":"pa_cilt-ciltsiz","8":"pa_tur-kitap","9":"pa_yayinevi-ithaki-yayinlari","10":"pa_yazar-bora-chung","12":"first","13":"instock","14":"sale","15":"shipping-taxable","16":"purchasable","17":"product-type-simple"},"_links":{"self":[{"href":"https:\/\/roveyayinevi.com.tr\/index.php\/wp-json\/wp\/v2\/product\/745317","targetHints":{"allow":["GET"]}}],"collection":[{"href":"https:\/\/roveyayinevi.com.tr\/index.php\/wp-json\/wp\/v2\/product"}],"about":[{"href":"https:\/\/roveyayinevi.com.tr\/index.php\/wp-json\/wp\/v2\/types\/product"}],"wp:attachment":[{"href":"https:\/\/roveyayinevi.com.tr\/index.php\/wp-json\/wp\/v2\/media?parent=745317"}],"wp:term":[{"taxonomy":"product_brand","embeddable":true,"href":"https:\/\/roveyayinevi.com.tr\/index.php\/wp-json\/wp\/v2\/product_brand?post=745317"},{"taxonomy":"product_cat","embeddable":true,"href":"https:\/\/roveyayinevi.com.tr\/index.php\/wp-json\/wp\/v2\/product_cat?post=745317"},{"taxonomy":"product_tag","embeddable":true,"href":"https:\/\/roveyayinevi.com.tr\/index.php\/wp-json\/wp\/v2\/product_tag?post=745317"}],"curies":[{"name":"wp","href":"https:\/\/api.w.org\/{rel}","templated":true}]}}