{"id":745314,"date":"2025-08-28T02:16:43","date_gmt":"2025-08-27T23:16:43","guid":{"rendered":"https:\/\/roveyayinevi.com.tr\/index.php\/urun\/misir-mitolojisi-ve-gizemleri\/"},"modified":"2026-04-16T02:57:38","modified_gmt":"2026-04-15T23:57:38","slug":"misir-mitolojisi-ve-gizemleri","status":"publish","type":"product","link":"https:\/\/roveyayinevi.com.tr\/index.php\/urun\/misir-mitolojisi-ve-gizemleri\/","title":{"rendered":"M\u0131s\u0131r Mitolojisi ve Gizemleri"},"content":{"rendered":"<p>M\u0131s\u0131r Mitleri ve Gizemleri, Rudolf Steiner\u2019in Eyl\u00fcl 1908\u2019de Leipzig\u2019de verdi\u011fi bir dizi dersten olu\u015fan bir kitapt\u0131r. M\u0131s\u0131r Mitleri ve Gizemleri, evrimin a\u015famalar\u0131, gezegenin gizemleri, Atlantis, eski inisiyasyon merkezleri ve antik ve modern zamanlar aras\u0131ndaki ruhsal ba\u011flant\u0131lar\u0131 konu al\u0131r. B\u00fct\u00fcn bunlar\u0131, eski M\u0131s\u0131r uygulamalar\u0131 ve inan\u00e7lar\u0131 ili\u015fkilendirir. Steiner burada modern \u00e7a\u011f\u0131m\u0131z\u0131n M\u0131s\u0131r ile derin ruhsal ba\u011flant\u0131s\u0131n\u0131 ve derin bilgeli\u011fini, ola\u011fan\u00fcst\u00fc kozmik yasalar bilgisini ve \u015fimdi bizim i\u00e7in anlam kazanmaya ba\u015flayan mitler ile M\u0131s\u0131r uygarl\u0131\u011f\u0131n\u0131 incelemenin neden \u00f6nemli oldu\u011funu ortaya koyuyor. Steiner, kendi zaman\u0131m\u0131z ile eski M\u0131s\u0131r aras\u0131ndaki \u015fa\u015f\u0131rt\u0131c\u0131 ve \u00f6zel ili\u015fkiyi \u00e7a\u011flar\u0131n do\u011fal ritminde, Atlantik sonras\u0131 (M\u0131s\u0131r) \u00fc\u00e7\u00fcnc\u00fc \u00e7a\u011f\u0131n be\u015finci (\u015fimdiki) \u00e7a\u011f taraf\u0131ndan nas\u0131l yans\u0131t\u0131ld\u0131\u011f\u0131n\u0131 vurgular. Bu anlamda, bug\u00fcn \u00f6zellikle eski M\u0131s\u0131r\u2019a ba\u015fka bir g\u00f6zle bakmak \u00f6nemlidir. M\u0131s\u0131r inisiyasyonlar\u0131n\u0131n deneyimlerine, ok\u00fclt anatomi ve fizyoloji ger\u00e7eklerine, insan formunun evrim a\u015famalar\u0131na ve daha fazlas\u0131na girerek zihin d\u00fcnyam\u0131zda bamba\u015fka pencereler a\u00e7\u0131p, birbirinden ilgin\u00e7 ve \u015fa\u015f\u0131rt\u0131c\u0131 gizemlerin rehberli\u011finde b\u00fcy\u00fck M\u0131s\u0131r medeniyetine \u0131\u015f\u0131k tutmaktad\u0131r. <\/p>\n","protected":false},"excerpt":{"rendered":"<p>M\u0131s\u0131r Mitleri ve Gizemleri, Rudolf Steiner\u2019in Eyl\u00fcl 1908\u2019de Leipzig\u2019de verdi\u011fi bir dizi dersten olu\u015fan bir kitapt\u0131r. M\u0131s\u0131r Mitleri ve Gizemleri, evrimin a\u015famalar\u0131, gezegenin gizemleri, Atlantis, eski<span class=\"excerpt-hellip\"> [\u2026]<\/span><\/p>\n","protected":false},"featured_media":0,"template":"","meta":{"_monsterinsights_skip_tracking":false,"_monsterinsights_sitenote_active":false,"_monsterinsights_sitenote_note":"","_monsterinsights_sitenote_category":0},"product_brand":[],"product_cat":[12718,12858],"product_tag":[],"class_list":{"0":"post-745314","1":"product","2":"type-product","3":"status-publish","5":"product_cat-din","6":"product_cat-mitolojiler","7":"pa_cilt-ciltsiz","8":"pa_tur-kitap","9":"pa_yayinevi-fa-yayinlari","10":"pa_yazar-rudolf-steiner","12":"first","13":"instock","14":"sale","15":"shipping-taxable","16":"purchasable","17":"product-type-simple"},"_links":{"self":[{"href":"https:\/\/roveyayinevi.com.tr\/index.php\/wp-json\/wp\/v2\/product\/745314","targetHints":{"allow":["GET"]}}],"collection":[{"href":"https:\/\/roveyayinevi.com.tr\/index.php\/wp-json\/wp\/v2\/product"}],"about":[{"href":"https:\/\/roveyayinevi.com.tr\/index.php\/wp-json\/wp\/v2\/types\/product"}],"wp:attachment":[{"href":"https:\/\/roveyayinevi.com.tr\/index.php\/wp-json\/wp\/v2\/media?parent=745314"}],"wp:term":[{"taxonomy":"product_brand","embeddable":true,"href":"https:\/\/roveyayinevi.com.tr\/index.php\/wp-json\/wp\/v2\/product_brand?post=745314"},{"taxonomy":"product_cat","embeddable":true,"href":"https:\/\/roveyayinevi.com.tr\/index.php\/wp-json\/wp\/v2\/product_cat?post=745314"},{"taxonomy":"product_tag","embeddable":true,"href":"https:\/\/roveyayinevi.com.tr\/index.php\/wp-json\/wp\/v2\/product_tag?post=745314"}],"curies":[{"name":"wp","href":"https:\/\/api.w.org\/{rel}","templated":true}]}}