{"id":745309,"date":"2025-08-28T02:16:37","date_gmt":"2025-08-27T23:16:37","guid":{"rendered":"https:\/\/roveyayinevi.com.tr\/index.php\/urun\/cinsiyetin-ontolojisi\/"},"modified":"2026-04-16T02:57:38","modified_gmt":"2026-04-15T23:57:38","slug":"cinsiyetin-ontolojisi","status":"publish","type":"product","link":"https:\/\/roveyayinevi.com.tr\/index.php\/urun\/cinsiyetin-ontolojisi\/","title":{"rendered":"Cinsiyetin Ontolojisi"},"content":{"rendered":"<p>Kad\u0131n k\u0131yafetleri giyen erkekler, ameliyatla erkek olan kad\u0131nlar, cinsiyeti do\u011fdu\u011funda atanan bebekler, ne erkek ne kad\u0131n bireyler, ak\u0131\u015fkan cinsiyetler ve ba\u015fkald\u0131ran, ele avuca s\u0131\u011fmaz cinsel kimlikler: 20. y\u00fczy\u0131l\u0131n sonlar\u0131n\u0131n cinsel devrimi, 21. y\u00fczy\u0131l\u0131n ba\u015flar\u0131nda bir \u2018cinsiyet devrimini\u2019 de beraberinde getirdi. Bu devrimin ba\u015flatt\u0131\u011f\u0131 tart\u0131\u015fma bitmek \u015f\u00f6yle dursun, gittik\u00e7e alevlenece\u011fe benziyor. Biyolojik ve toplumsal cinsiyet aras\u0131nda bir s\u00fcredir yap\u0131lan ayr\u0131m bile biyolojik cinsiyetin ikili bir yap\u0131dan ziyade bir \u2018spektrum\u2019 oldu\u011fu, cinsiyet kimli\u011finin ve d\u00fcrt\u00fcs\u00fcn\u00fcn \u2018do\u011fal\u2019 olmad\u0131\u011f\u0131, toplumda in\u015fa edildi\u011fi anlay\u0131\u015f\u0131 nedeniyle g\u00fcn ge\u00e7tik\u00e7e silikle\u015fiyor. \u0130nsanlar art\u0131k cinsiyetlere, cinsiyetlerse eski kal\u0131plara s\u0131\u011fm\u0131yor. S\u0131n\u0131rlar silikle\u015ftik\u00e7e geni\u015fleyen \u00f6zg\u00fcrl\u00fck, birsizli\u011fi de beraberinde getiriyor. Peki, bu belirsizli\u011fin \u00f6n\u00fcm\u00fczdeki g\u00fcnlerde kar\u015f\u0131m\u0131za \u00e7\u0131karaca\u011f\u0131 sorunlara ve sorulara kar\u015f\u0131 ne kadar haz\u0131rl\u0131kl\u0131y\u0131z? Alan\u0131nda son y\u0131llarda kaleme al\u0131nm\u0131\u015f en k\u0131\u015fk\u0131rt\u0131c\u0131 eserlerden bir olan bu kitap, kutupla\u015fman\u0131n adeta bir kural h\u00e2line geldi\u011fi bu ate\u015fli tart\u0131\u015fman\u0131n tam orta yerinde cinsiyetin biyolojisine ve ger\u00e7ekli\u011fine y\u00f6nelik g\u00fcncel ele\u015ftirileri makul bir g\u00f6zle de\u011ferlendirmenin m\u00fcmk\u00fcn olup olmad\u0131\u011f\u0131 sorusuna bir yan\u0131t ar\u0131yor. Biyolojiden, psikolojiden, antropolojiden ve felsefeden \u00f6rneklerle mevcut g\u00f6r\u00fc\u015flere alternatif, ger\u00e7ek\u00e7i bir \u00e7er\u00e7eve \u00f6neriyor. Kimliklerin \u00e7e\u015fitlili\u011fini kucaklarken biyolojik cinsiyet ile toplumsal cinsiyet aras\u0131nda ve cinsellik ile davran\u0131\u015f aras\u0131nda zay\u0131f da olsa bir ayr\u0131m g\u00f6zetmenin felsefi ve bilimsel a\u00e7\u0131dan do\u011fru olman\u0131n yan\u0131 s\u0131ra neden siyasi a\u00e7\u0131dan makul bir tutum olaca\u011f\u0131n\u0131 da g\u00f6zler \u00f6n\u00fcne seriyor. <\/p>\n","protected":false},"excerpt":{"rendered":"<p>Kad\u0131n k\u0131yafetleri giyen erkekler, ameliyatla erkek olan kad\u0131nlar, cinsiyeti do\u011fdu\u011funda atanan bebekler, ne erkek ne kad\u0131n bireyler, ak\u0131\u015fkan cinsiyetler ve ba\u015fkald\u0131ran, ele avuca s\u0131\u011fmaz cinsel kimlikler:<span class=\"excerpt-hellip\"> [\u2026]<\/span><\/p>\n","protected":false},"featured_media":0,"template":"","meta":{"_monsterinsights_skip_tracking":false,"_monsterinsights_sitenote_active":false,"_monsterinsights_sitenote_note":"","_monsterinsights_sitenote_category":0},"product_brand":[],"product_cat":[12325,12324],"product_tag":[],"class_list":{"0":"post-745309","1":"product","2":"type-product","3":"status-publish","5":"product_cat-diger-sosyoloji","6":"product_cat-sosyoloji","7":"pa_cilt-ciltsiz","8":"pa_tur-kitap","9":"pa_yayinevi-fol-kitap","10":"pa_yazar-carrie-hull","12":"first","13":"instock","14":"sale","15":"shipping-taxable","16":"purchasable","17":"product-type-simple"},"_links":{"self":[{"href":"https:\/\/roveyayinevi.com.tr\/index.php\/wp-json\/wp\/v2\/product\/745309","targetHints":{"allow":["GET"]}}],"collection":[{"href":"https:\/\/roveyayinevi.com.tr\/index.php\/wp-json\/wp\/v2\/product"}],"about":[{"href":"https:\/\/roveyayinevi.com.tr\/index.php\/wp-json\/wp\/v2\/types\/product"}],"wp:attachment":[{"href":"https:\/\/roveyayinevi.com.tr\/index.php\/wp-json\/wp\/v2\/media?parent=745309"}],"wp:term":[{"taxonomy":"product_brand","embeddable":true,"href":"https:\/\/roveyayinevi.com.tr\/index.php\/wp-json\/wp\/v2\/product_brand?post=745309"},{"taxonomy":"product_cat","embeddable":true,"href":"https:\/\/roveyayinevi.com.tr\/index.php\/wp-json\/wp\/v2\/product_cat?post=745309"},{"taxonomy":"product_tag","embeddable":true,"href":"https:\/\/roveyayinevi.com.tr\/index.php\/wp-json\/wp\/v2\/product_tag?post=745309"}],"curies":[{"name":"wp","href":"https:\/\/api.w.org\/{rel}","templated":true}]}}