{"id":745284,"date":"2025-08-28T02:16:10","date_gmt":"2025-08-27T23:16:10","guid":{"rendered":"https:\/\/roveyayinevi.com.tr\/index.php\/urun\/dakikalar-icinde-avrupa-tarihi\/"},"modified":"2026-04-16T02:57:37","modified_gmt":"2026-04-15T23:57:37","slug":"dakikalar-icinde-avrupa-tarihi","status":"publish","type":"product","link":"https:\/\/roveyayinevi.com.tr\/index.php\/urun\/dakikalar-icinde-avrupa-tarihi\/","title":{"rendered":"Dakikalar \u0130\u00e7inde Avrupa Tarihi"},"content":{"rendered":"<p>AVRUPA TAR\u0130H\u0130\u2019NE DA\u0130R B\u0130LMEK \u0130STED\u0130\u011e\u0130N\u0130Z PEK \u00c7OK \u015eEY   Karanl\u0131k \u00c7a\u011flardan R\u00f6nesans\u2019a, Frans\u0131z Devrimi\u2019nden SSCB\u2019nin \u00e7\u00f6k\u00fc\u015f\u00fc ve Bosna Sava\u015f\u0131\u2019na kadar 200 olay, \u015fahsiyet, kavram ve g\u00f6rsel ile haz\u0131rlanm\u0131\u015f bir Avrupa Tarihi&#8230;   Etr\u00fcksler, Sparta, Cermenler, Vikingler, Druidler, Merovenjler, Pompei, Roma \u0130mparatorlu\u011fu gibi topluluk ve devletler; Sezar, Spartak\u00fcs, Attila, Hannibal, I. Otto, K\u0131z\u0131l Erik, Justinyanus, \u015earlken, Luther, Napolyon, Bismarck, Korkun\u00e7 \u0130van, I. Elizabeth, Dreyfus, Mussolini, Gorba\u00e7ov, Tito gibi tarihin ak\u0131\u015f\u0131na etki eden \u015fahsiyetler; Habsburglar, Mediciler, Merovenjler gibi aileler; Peloponez Sava\u015flar\u0131, P\u00f6n Sava\u015flar\u0131, \u0130spanya\u2019da \u0130slam Egemenli\u011fi, \u015eizma, Ha\u00e7l\u0131 Seferleri, Frans\u0131z Devrimi, Moha\u00e7 Meydan Sava\u015f\u0131, Viyana Kongresi, Bol\u015fevik Devrimi, Prag Bahar\u0131, Berlin Duvar\u0131\u2019n\u0131n y\u0131k\u0131lmas\u0131 gibi Avrupa\u2019da ya\u015fanan ama d\u00fcnyay\u0131 de\u011fi\u015ftiren geli\u015fmeler\u2026   Dakikalar \u0130\u00e7inde Avrupa Tarihi, ilk \u00e7a\u011flardan 20. y\u00fczy\u0131la kadar Avrupa Tarihi\u2019ndeki geli\u015fmeleri k\u0131sa ama etkili bi\u00e7imde ele alan ayn\u0131 zamanda Avrupa Tarihi hakk\u0131nda bilgi edinmek isteyenlere de\u011fi\u015fik alanlarda rehberlik edecek ve ba\u015fucu kitab\u0131 olacak bir \u00e7al\u0131\u015fma. <\/p>\n","protected":false},"excerpt":{"rendered":"<p>AVRUPA TAR\u0130H\u0130\u2019NE DA\u0130R B\u0130LMEK \u0130STED\u0130\u011e\u0130N\u0130Z PEK \u00c7OK \u015eEY Karanl\u0131k \u00c7a\u011flardan R\u00f6nesans\u2019a, Frans\u0131z Devrimi\u2019nden SSCB\u2019nin \u00e7\u00f6k\u00fc\u015f\u00fc ve Bosna Sava\u015f\u0131\u2019na kadar 200 olay, \u015fahsiyet, kavram ve g\u00f6rsel ile<span class=\"excerpt-hellip\"> [\u2026]<\/span><\/p>\n","protected":false},"featured_media":0,"template":"","meta":{"_monsterinsights_skip_tracking":false,"_monsterinsights_sitenote_active":false,"_monsterinsights_sitenote_note":"","_monsterinsights_sitenote_category":0},"product_brand":[],"product_cat":[12312,12304],"product_tag":[],"class_list":{"0":"post-745284","1":"product","2":"type-product","3":"status-publish","5":"product_cat-diger","6":"product_cat-tarih","7":"pa_cilt-ciltsiz","8":"pa_tur-kitap","9":"pa_yayinevi-kronik-kitap","10":"pa_yazar-onder-kaya","12":"first","13":"instock","14":"sale","15":"shipping-taxable","16":"purchasable","17":"product-type-simple"},"_links":{"self":[{"href":"https:\/\/roveyayinevi.com.tr\/index.php\/wp-json\/wp\/v2\/product\/745284","targetHints":{"allow":["GET"]}}],"collection":[{"href":"https:\/\/roveyayinevi.com.tr\/index.php\/wp-json\/wp\/v2\/product"}],"about":[{"href":"https:\/\/roveyayinevi.com.tr\/index.php\/wp-json\/wp\/v2\/types\/product"}],"wp:attachment":[{"href":"https:\/\/roveyayinevi.com.tr\/index.php\/wp-json\/wp\/v2\/media?parent=745284"}],"wp:term":[{"taxonomy":"product_brand","embeddable":true,"href":"https:\/\/roveyayinevi.com.tr\/index.php\/wp-json\/wp\/v2\/product_brand?post=745284"},{"taxonomy":"product_cat","embeddable":true,"href":"https:\/\/roveyayinevi.com.tr\/index.php\/wp-json\/wp\/v2\/product_cat?post=745284"},{"taxonomy":"product_tag","embeddable":true,"href":"https:\/\/roveyayinevi.com.tr\/index.php\/wp-json\/wp\/v2\/product_tag?post=745284"}],"curies":[{"name":"wp","href":"https:\/\/api.w.org\/{rel}","templated":true}]}}