{"id":745280,"date":"2025-08-28T02:16:06","date_gmt":"2025-08-27T23:16:06","guid":{"rendered":"https:\/\/roveyayinevi.com.tr\/index.php\/urun\/osmanli-imparatorlugu-1300-1650\/"},"modified":"2026-04-16T02:57:37","modified_gmt":"2026-04-15T23:57:37","slug":"osmanli-imparatorlugu-1300-1650","status":"publish","type":"product","link":"https:\/\/roveyayinevi.com.tr\/index.php\/urun\/osmanli-imparatorlugu-1300-1650\/","title":{"rendered":"Osmanl\u0131 \u0130mparatorlu\u011fu 1300-1650"},"content":{"rendered":"<p>&#8220;Hem genel okuyucu hem de ara\u015ft\u0131rmac\u0131lar i\u00e7in haz\u0131rlanm\u0131\u015f; haritalar\u0131, ayr\u0131nt\u0131l\u0131 kaynak\u00e7as\u0131 ile Osmanl\u0131 tarihinin ilk yar\u0131s\u0131n\u0131n zekice ve iyi ara\u015ft\u0131r\u0131lm\u0131\u015f bir anlat\u0131m\u0131.\u201d Metin Kunt \u201cBu kitap Osmanl\u0131 kurumlar\u0131n\u0131n zaman i\u00e7erisindeki de\u011fi\u015fimi hakk\u0131nda kaynaklara dayanan bir ara\u015ft\u0131rma olarak Osmanl\u0131 \u00e7al\u0131\u015fmalar\u0131nda e\u015fsiz bir bo\u015flu\u011fu dolduruyor. Olduk\u00e7a kapsaml\u0131 ve kolay anla\u015f\u0131l\u0131r bu geni\u015fletilmi\u015f yeni bask\u0131, uzmanlar ve uzman olmayanlar i\u00e7in temel bir kaynak.\u201d Dimitri J. Kastritsis, St. Andrews \u00dcniversitesi, Birle\u015fik Krall\u0131k \u201cKapsaml\u0131 g\u00fcncellemeler ve Arap eyaletleriyle ilgili yeni bir b\u00f6l\u00fcm, bir yandan bu ustaca \u00e7al\u0131\u015fmay\u0131 imparatorluk tarihinin uzmanlar\u0131 ve \u00f6\u011frencileri i\u00e7in kesin olarak okunmas\u0131 gereken bir eser; di\u011fer yandansa Orta Do\u011fu ve \u0130slam D\u00fcnyas\u0131 dersleri i\u00e7in de m\u00fckemmel bir se\u00e7im h\u00e2line getiriyor.\u201d G\u00e1bor \u00c1goston, Georgetown \u00dcniversitesi, ABD   Colin Imber\u2019in kaleminden on d\u00f6rd\u00fcnc\u00fc y\u00fczy\u0131ldaki kurulu\u015fundan, on alt\u0131nc\u0131 y\u00fczy\u0131lda d\u00fcnya g\u00fcc\u00fc konumuna geli\u015fine ve on yedinci y\u00fczy\u0131ldaki s\u0131k\u0131nt\u0131l\u0131 zamanlar\u0131na kadar Osmanl\u0131 \u0130mparatorlu\u011fu\u2019nun tarihi\u2026 Imber b\u00fcy\u00fck bir \u00f6zenle ve yal\u0131n bir dille kaleme al\u0131nm\u0131\u015f kitab\u0131nda sultanlar\u0131n h\u00e2kimiyeti alt\u0131ndaki topraklar\u0131 nas\u0131l y\u00f6nettiklerini ve yetkilerinin s\u0131n\u0131rlar\u0131n\u0131 g\u00f6stermek i\u00e7in ba\u015far\u0131lar\u0131 ve \u00f6nemli olaylar\u0131 i\u00e7eren s\u0131radan bir Osmanl\u0131 anlat\u0131s\u0131n\u0131n \u00f6tesine ge\u00e7erek, \u00f6zg\u00fcn kaynaklar ve ara\u015ft\u0131rmalarla birlikte konuyla ilgili g\u00fcnden g\u00fcne \u00e7o\u011falan modern incelemeleri kullan\u0131yor. Osmanl\u0131 \u0130mparatorlu\u011fu\u2019nun Osman Bey\u2019den Sultan I. \u0130brahim\u2019e kadarki d\u00f6neminin bir panoramas\u0131n\u0131 sunan eser, hanedan\u0131n i\u00e7 siyaseti, saray ve merkez\u00ee h\u00fck\u00fbmet, eyaletler, mahkemeler ve hukuk sistemi, ordu ve donanma, dev\u015firme sistemi, vak\u0131flar, ticaret ve ekonomi gibi devletin d\u00fczenini olu\u015fturan kurumlar\u0131 ve yap\u0131lar\u0131 derinlemesine ele al\u0131yor. Imber\u2019in birincil kaynaklar\u0131n yan\u0131 s\u0131ra ikincil kaynaklardan kapsaml\u0131 olarak yararlanan anlat\u0131s\u0131, karma\u015f\u0131k ve \u00e7o\u011fu zaman yanl\u0131\u015f \u015fekilde aktar\u0131lan Osmanl\u0131 \u0130mparatorlu\u011fu tarihini, alana hem do\u011frudan hem de d\u0131\u015far\u0131dan ilgi duyan okuyucuya sade, verimli ve kapsaml\u0131 bir \u015fekilde aktar\u0131yor. G\u00f6zden ge\u00e7irilmi\u015f, geni\u015fletilmi\u015f ve Fatih Y\u00fccel\u2019in yeni ve yetkin \u00e7evirisiyle sundu\u011fumuz Osmanl\u0131 \u0130mparatorlu\u011fu: 1300-1650 devletin b\u00fct\u00fcn unsurlar\u0131 i\u00e7in makul derecede verimli bir y\u00f6netim ve \u015fa\u015f\u0131rt\u0131c\u0131 olanaklar sa\u011flayan bir imparatorluk sisteminin incelikli bir portresini \u00e7iziyor. <\/p>\n","protected":false},"excerpt":{"rendered":"<p>&#8220;Hem genel okuyucu hem de ara\u015ft\u0131rmac\u0131lar i\u00e7in haz\u0131rlanm\u0131\u015f; haritalar\u0131, ayr\u0131nt\u0131l\u0131 kaynak\u00e7as\u0131 ile Osmanl\u0131 tarihinin ilk yar\u0131s\u0131n\u0131n zekice ve iyi ara\u015ft\u0131r\u0131lm\u0131\u015f bir anlat\u0131m\u0131.\u201d Metin Kunt \u201cBu kitap<span class=\"excerpt-hellip\"> [\u2026]<\/span><\/p>\n","protected":false},"featured_media":0,"template":"","meta":{"_monsterinsights_skip_tracking":false,"_monsterinsights_sitenote_active":false,"_monsterinsights_sitenote_note":"","_monsterinsights_sitenote_category":0},"product_brand":[],"product_cat":[13517,12304],"product_tag":[],"class_list":{"0":"post-745280","1":"product","2":"type-product","3":"status-publish","5":"product_cat-osmanli-tarihi","6":"product_cat-tarih","7":"pa_cilt-ciltsiz","8":"pa_tur-kitap","9":"pa_yayinevi-kronik-kitap","10":"pa_yazar-colin-imber","12":"first","13":"instock","14":"sale","15":"shipping-taxable","16":"purchasable","17":"product-type-simple"},"_links":{"self":[{"href":"https:\/\/roveyayinevi.com.tr\/index.php\/wp-json\/wp\/v2\/product\/745280","targetHints":{"allow":["GET"]}}],"collection":[{"href":"https:\/\/roveyayinevi.com.tr\/index.php\/wp-json\/wp\/v2\/product"}],"about":[{"href":"https:\/\/roveyayinevi.com.tr\/index.php\/wp-json\/wp\/v2\/types\/product"}],"wp:attachment":[{"href":"https:\/\/roveyayinevi.com.tr\/index.php\/wp-json\/wp\/v2\/media?parent=745280"}],"wp:term":[{"taxonomy":"product_brand","embeddable":true,"href":"https:\/\/roveyayinevi.com.tr\/index.php\/wp-json\/wp\/v2\/product_brand?post=745280"},{"taxonomy":"product_cat","embeddable":true,"href":"https:\/\/roveyayinevi.com.tr\/index.php\/wp-json\/wp\/v2\/product_cat?post=745280"},{"taxonomy":"product_tag","embeddable":true,"href":"https:\/\/roveyayinevi.com.tr\/index.php\/wp-json\/wp\/v2\/product_tag?post=745280"}],"curies":[{"name":"wp","href":"https:\/\/api.w.org\/{rel}","templated":true}]}}