{"id":745269,"date":"2025-08-28T02:15:51","date_gmt":"2025-08-27T23:15:51","guid":{"rendered":"https:\/\/roveyayinevi.com.tr\/index.php\/urun\/germakoci-grafik-roman\/"},"modified":"2026-02-23T12:09:18","modified_gmt":"2026-02-23T09:09:18","slug":"germakoci-grafik-roman","status":"publish","type":"product","link":"https:\/\/roveyayinevi.com.tr\/index.php\/urun\/germakoci-grafik-roman\/","title":{"rendered":"Germako\u00e7i (Grafik Roman)"},"content":{"rendered":"<p>\u201cSo\u011fuk, so\u011fuk, so\u011fuk, buz alt\u0131ndayd\u0131 d\u00fcnya; bitmek bilmez bir zemherinin ortas\u0131nda. Memleket bolluk i\u00e7indeydi evvel zamanda. K\u00f6yler insanla doluydu, ambarlar bu\u011fdayla. \u015eimdi ekinler g\u00f6\u011fermez, sular akmaz. Koyunlar melemez, k\u00fcheylanlar ki\u015fnemez. \u00dczerinde kara bulutlar, tarlas\u0131nda bozkurtlar; velhas\u0131l sefalet al\u0131r y\u00fcr\u00fcr oldu kara topraklarda.\u201d Farkl\u0131 zamanlarda, farkl\u0131 mek\u00e2nlarda s\u00fcr\u00fcp giden, ama g\u00fcn\u00fc gelince ayn\u0131 y\u00f6r\u00fcngeye oturan bir trajedinin hik\u00e2yesi bu. Biri Do\u011fu Anadolu\u2019nun so\u011fuk, kurak ve zul\u00fcm dolu co\u011frafyas\u0131nda, di\u011feri ba\u015fkent \u0130stanbul\u2019un entrikalarla dolu ke\u015fmeke\u015finde. Germako\u00e7i U\u011fur Erba\u015f\u2019\u0131n ola\u011fan\u00fcst\u00fc \u00e7izgileri ve renkleriyle cisimle\u015fen b\u00fcy\u00fck bir grafik roman.<\/p>\n","protected":false},"excerpt":{"rendered":"<p>\u201cSo\u011fuk, so\u011fuk, so\u011fuk, buz alt\u0131ndayd\u0131 d\u00fcnya; bitmek bilmez bir zemherinin ortas\u0131nda. Memleket bolluk i\u00e7indeydi evvel zamanda. K\u00f6yler insanla doluydu, ambarlar bu\u011fdayla. \u015eimdi ekinler g\u00f6\u011fermez, sular akmaz.<span class=\"excerpt-hellip\"> [\u2026]<\/span><\/p>\n","protected":false},"featured_media":0,"template":"","meta":{"_monsterinsights_skip_tracking":false,"_monsterinsights_sitenote_active":false,"_monsterinsights_sitenote_note":"","_monsterinsights_sitenote_category":0},"product_brand":[],"product_cat":[12291,12711],"product_tag":[],"class_list":{"0":"post-745269","1":"product","2":"type-product","3":"status-publish","5":"product_cat-edebiyat","6":"product_cat-roman-oyku","7":"pa_cilt-ciltsiz","8":"pa_tur-kitap","9":"pa_yayinevi-iletisim-yayinlari","10":"pa_yazar-ugur-erbas","12":"first","13":"instock","14":"sale","15":"shipping-taxable","16":"purchasable","17":"product-type-simple"},"_links":{"self":[{"href":"https:\/\/roveyayinevi.com.tr\/index.php\/wp-json\/wp\/v2\/product\/745269","targetHints":{"allow":["GET"]}}],"collection":[{"href":"https:\/\/roveyayinevi.com.tr\/index.php\/wp-json\/wp\/v2\/product"}],"about":[{"href":"https:\/\/roveyayinevi.com.tr\/index.php\/wp-json\/wp\/v2\/types\/product"}],"wp:attachment":[{"href":"https:\/\/roveyayinevi.com.tr\/index.php\/wp-json\/wp\/v2\/media?parent=745269"}],"wp:term":[{"taxonomy":"product_brand","embeddable":true,"href":"https:\/\/roveyayinevi.com.tr\/index.php\/wp-json\/wp\/v2\/product_brand?post=745269"},{"taxonomy":"product_cat","embeddable":true,"href":"https:\/\/roveyayinevi.com.tr\/index.php\/wp-json\/wp\/v2\/product_cat?post=745269"},{"taxonomy":"product_tag","embeddable":true,"href":"https:\/\/roveyayinevi.com.tr\/index.php\/wp-json\/wp\/v2\/product_tag?post=745269"}],"curies":[{"name":"wp","href":"https:\/\/api.w.org\/{rel}","templated":true}]}}