{"id":745247,"date":"2025-08-28T02:15:21","date_gmt":"2025-08-27T23:15:21","guid":{"rendered":"https:\/\/roveyayinevi.com.tr\/index.php\/urun\/kisisel-gelisim-neoliberal-iletisim-ve-insan-anlayisi\/"},"modified":"2026-04-12T03:01:22","modified_gmt":"2026-04-12T00:01:22","slug":"kisisel-gelisim-neoliberal-iletisim-ve-insan-anlayisi","status":"publish","type":"product","link":"https:\/\/roveyayinevi.com.tr\/index.php\/urun\/kisisel-gelisim-neoliberal-iletisim-ve-insan-anlayisi\/","title":{"rendered":"Ki\u015fisel Geli\u015fim Neoliberal \u0130leti\u015fim ve \u0130nsan Anlay\u0131\u015f\u0131"},"content":{"rendered":"<p>Neoliberalizm olarak adland\u0131r\u0131lan s\u00fcre\u00e7te kapitalizmin en temeldeki mant\u0131\u011f\u0131n\u0131n rekabet ve giri\u015fimcilik de\u011ferleri \u00fczerine kurulu oldu\u011fu s\u00f6ylenebilir. Bu anlay\u0131\u015f\u0131n \u00f6ne \u00e7\u0131kard\u0131\u011f\u0131 giri\u015fimci \u00f6zneden beklenen azami performans ile di\u011fer insanlarla rekabet ederek ba\u015far\u0131l\u0131 ve mutlu olmaya \u00e7al\u0131\u015fmas\u0131d\u0131r. Neoliberal anlay\u0131\u015f insanlar\u0131 birer ekonomik kayna\u011fa indirgemekte ve insanlar\u0131n \u201cdo\u011fru ileti\u015fim\u201d teknikleriyle kendi kendilerini denetlemelerini talep etmektedir. Burada kendinde bir ama\u00e7 olan insan yerine rekabetin arac\u0131 ve performans\u0131n ta\u015f\u0131y\u0131c\u0131s\u0131 bir insan anlay\u0131\u015f\u0131 \u00f6ne \u00e7\u0131kmaktad\u0131r.   Ki\u015fisel geli\u015fim kitaplar\u0131 yarat\u0131lmak istenen s\u00f6zde \u201ccesur\u201d ve \u201cba\u015far\u0131l\u0131\u201d \u00f6znelerden ayr\u0131 d\u00fc\u015f\u00fcn\u00fclemez. Bu t\u00fcr\u00fcn yazarlar\u0131 tam da burada neoliberal insan ve toplum anlay\u0131\u015f\u0131n\u0131n s\u00f6zc\u00fcleri olarak devreye girmektedir. Bireysel sorumluluk vurgular\u0131yla birlikte insanlar\u0131n ya\u015fad\u0131\u011f\u0131 b\u00fct\u00fcn olumsuzluklar\u0131 bireysel ba\u015far\u0131s\u0131zl\u0131klar olarak tan\u0131mlamaktad\u0131rlar. Ki\u015fisel geli\u015fim kitaplar\u0131n\u0131 inceleyen bu kitap g\u00fcn\u00fcm\u00fcz\u00fcn egemen sisteminin insanlar\u0131n davran\u0131\u015flar\u0131n\u0131 ve duygular\u0131n\u0131 nas\u0131l \u015fekillendirmeye ve denetim alt\u0131na almaya \u00e7al\u0131\u015ft\u0131\u011f\u0131n\u0131 ortaya koyan bir incelemedir. Yazar, politikadan ve her t\u00fcr ortakl\u0131k fikrinden tutkulu bir nefretle s\u00f6z eden ki\u015fisel geli\u015fim yazarlar\u0131n\u0131n neoliberal zihniyetin ve onun in\u015fa etmeye \u00e7al\u0131\u015ft\u0131\u011f\u0131 insan ve ileti\u015fim anlay\u0131\u015f\u0131n\u0131n s\u00f6zc\u00fcl\u00fc\u011f\u00fcn\u00fc \u00fcstlenmi\u015f olduklar\u0131n\u0131 g\u00f6stermektedir. <\/p>\n","protected":false},"excerpt":{"rendered":"<p>Neoliberalizm olarak adland\u0131r\u0131lan s\u00fcre\u00e7te kapitalizmin en temeldeki mant\u0131\u011f\u0131n\u0131n rekabet ve giri\u015fimcilik de\u011ferleri \u00fczerine kurulu oldu\u011fu s\u00f6ylenebilir. Bu anlay\u0131\u015f\u0131n \u00f6ne \u00e7\u0131kard\u0131\u011f\u0131 giri\u015fimci \u00f6zneden beklenen azami performans ile<span class=\"excerpt-hellip\"> [\u2026]<\/span><\/p>\n","protected":false},"featured_media":0,"template":"","meta":{"_monsterinsights_skip_tracking":false,"_monsterinsights_sitenote_active":false,"_monsterinsights_sitenote_note":"","_monsterinsights_sitenote_category":0},"product_brand":[],"product_cat":[12364,12376],"product_tag":[],"class_list":{"0":"post-745247","1":"product","2":"type-product","3":"status-publish","5":"product_cat-genel-konular","6":"product_cat-kisisel-gelisim","7":"pa_cilt-ciltsiz","8":"pa_tur-kitap","9":"pa_yayinevi-dogu-bati-yayinlari","10":"pa_yazar-ilker-ozdemir","12":"first","13":"instock","14":"sale","15":"shipping-taxable","16":"purchasable","17":"product-type-simple"},"_links":{"self":[{"href":"https:\/\/roveyayinevi.com.tr\/index.php\/wp-json\/wp\/v2\/product\/745247","targetHints":{"allow":["GET"]}}],"collection":[{"href":"https:\/\/roveyayinevi.com.tr\/index.php\/wp-json\/wp\/v2\/product"}],"about":[{"href":"https:\/\/roveyayinevi.com.tr\/index.php\/wp-json\/wp\/v2\/types\/product"}],"wp:attachment":[{"href":"https:\/\/roveyayinevi.com.tr\/index.php\/wp-json\/wp\/v2\/media?parent=745247"}],"wp:term":[{"taxonomy":"product_brand","embeddable":true,"href":"https:\/\/roveyayinevi.com.tr\/index.php\/wp-json\/wp\/v2\/product_brand?post=745247"},{"taxonomy":"product_cat","embeddable":true,"href":"https:\/\/roveyayinevi.com.tr\/index.php\/wp-json\/wp\/v2\/product_cat?post=745247"},{"taxonomy":"product_tag","embeddable":true,"href":"https:\/\/roveyayinevi.com.tr\/index.php\/wp-json\/wp\/v2\/product_tag?post=745247"}],"curies":[{"name":"wp","href":"https:\/\/api.w.org\/{rel}","templated":true}]}}