{"id":745219,"date":"2025-08-28T02:14:10","date_gmt":"2025-08-27T23:14:10","guid":{"rendered":"https:\/\/roveyayinevi.com.tr\/index.php\/urun\/islam-ve-osmanli-hukukunda-zimmi-isyanlari\/"},"modified":"2026-04-16T02:57:35","modified_gmt":"2026-04-15T23:57:35","slug":"islam-ve-osmanli-hukukunda-zimmi-isyanlari","status":"publish","type":"product","link":"https:\/\/roveyayinevi.com.tr\/index.php\/urun\/islam-ve-osmanli-hukukunda-zimmi-isyanlari\/","title":{"rendered":"\u0130slam ve Osmanl\u0131 Hukukunda Zimmi \u0130syanlar\u0131"},"content":{"rendered":"<p>Klasik \u0130sl\u00e2m hukukunda cezalar &#8220;had\u201d, &#8220;k\u0131sas\u201d ve &#8220;ta\u2018z\u00eer\u201d olmak \u00fczere \u00fc\u00e7 k\u0131sma ayr\u0131lm\u0131\u015ft\u0131r. Hangi su\u00e7lar\u0131n had veya k\u0131sas kapsam\u0131nda yer ald\u0131\u011f\u0131 hususunda hukuk\u00e7ular aras\u0131nda belli bir anlay\u0131\u015f birli\u011fi bulunmakla birlikte isyan\u0131n \u00fc\u00e7l\u00fc tasnifteki yerinin ne oldu\u011fu konusunda farkl\u0131 g\u00f6r\u00fc\u015fler ileri s\u00fcr\u00fclm\u00fc\u015ft\u00fcr. M\u00e2lik\u00ee, \u015e\u00e2fi\u00ee ve Hanbel\u00ee hukuk\u00e7ular\u0131 isyan su\u00e7unu had kategorisinde de\u011ferlendirirken Hanef\u00ee hukuk\u00e7ular\u0131 ta\u2018z\u00eer olarak yorumlam\u0131\u015flard\u0131r. Bu nedenle isyanc\u0131lara verilecek cezalar\u0131n t\u00fcr\u00fc ve miktar\u0131 devlet ba\u015fkan\u0131n\u0131n takdirine b\u0131rak\u0131lm\u0131\u015ft\u0131r. Osmanl\u0131 Devleti Hanef\u00ee mezhebini benimsedi\u011fi i\u00e7in isyan su\u00e7unu da bu anlay\u0131\u015fa g\u00f6re d\u00fczenlemi\u015ftir. Osmanl\u0131\u2019n\u0131n klasik d\u00f6neminde \u00e7\u0131kar\u0131lan ceza kanunlar\u0131 isyan su\u00e7u ve cezas\u0131yla ilgili herhangi bir madde i\u00e7ermemekle birlikte Arnavutluk\u2019ta \u00e7\u0131kan zimm\u00ee isyanlar\u0131na dair D\u00eev\u00e2n-\u0131 H\u00fcm\u00e2yun\u2019un g\u00f6nderdi\u011fi ferman ve h\u00fck\u00fcmlerden Hanef\u00ee f\u0131kh\u0131 do\u011frultusunda hareket edildi\u011fi anla\u015f\u0131lmaktad\u0131r. Bu konuda Osmanl\u0131\u2019n\u0131n gerek kanun koyucular\u0131n\u0131n gerek kanun uygulay\u0131c\u0131lar\u0131n\u0131n keyf\u00eelikten uzak, hukuka ve \u015feriata uygun davrand\u0131klar\u0131 g\u00f6r\u00fclmektedir.<\/p>\n","protected":false},"excerpt":{"rendered":"<p>Klasik \u0130sl\u00e2m hukukunda cezalar &#8220;had\u201d, &#8220;k\u0131sas\u201d ve &#8220;ta\u2018z\u00eer\u201d olmak \u00fczere \u00fc\u00e7 k\u0131sma ayr\u0131lm\u0131\u015ft\u0131r. Hangi su\u00e7lar\u0131n had veya k\u0131sas kapsam\u0131nda yer ald\u0131\u011f\u0131 hususunda hukuk\u00e7ular aras\u0131nda belli bir<span class=\"excerpt-hellip\"> [\u2026]<\/span><\/p>\n","protected":false},"featured_media":0,"template":"","meta":{"_monsterinsights_skip_tracking":false,"_monsterinsights_sitenote_active":false,"_monsterinsights_sitenote_note":"","_monsterinsights_sitenote_category":0},"product_brand":[],"product_cat":[12573,12566],"product_tag":[],"class_list":{"0":"post-745219","1":"product","2":"type-product","3":"status-publish","5":"product_cat-akademik-kitaplar","6":"product_cat-egitim","7":"pa_cilt-ciltsiz","8":"pa_tur-kitap","9":"pa_yayinevi-soncag-akademik-kitaplar","10":"pa_yazar-fatih-sabani","12":"first","13":"instock","14":"sale","15":"shipping-taxable","16":"purchasable","17":"product-type-simple"},"_links":{"self":[{"href":"https:\/\/roveyayinevi.com.tr\/index.php\/wp-json\/wp\/v2\/product\/745219","targetHints":{"allow":["GET"]}}],"collection":[{"href":"https:\/\/roveyayinevi.com.tr\/index.php\/wp-json\/wp\/v2\/product"}],"about":[{"href":"https:\/\/roveyayinevi.com.tr\/index.php\/wp-json\/wp\/v2\/types\/product"}],"wp:attachment":[{"href":"https:\/\/roveyayinevi.com.tr\/index.php\/wp-json\/wp\/v2\/media?parent=745219"}],"wp:term":[{"taxonomy":"product_brand","embeddable":true,"href":"https:\/\/roveyayinevi.com.tr\/index.php\/wp-json\/wp\/v2\/product_brand?post=745219"},{"taxonomy":"product_cat","embeddable":true,"href":"https:\/\/roveyayinevi.com.tr\/index.php\/wp-json\/wp\/v2\/product_cat?post=745219"},{"taxonomy":"product_tag","embeddable":true,"href":"https:\/\/roveyayinevi.com.tr\/index.php\/wp-json\/wp\/v2\/product_tag?post=745219"}],"curies":[{"name":"wp","href":"https:\/\/api.w.org\/{rel}","templated":true}]}}