{"id":745217,"date":"2025-08-28T02:14:09","date_gmt":"2025-08-27T23:14:09","guid":{"rendered":"https:\/\/roveyayinevi.com.tr\/index.php\/urun\/erken-cocukluk-doneminde-zihin-haritalama-ornek-uygulamalarla\/"},"modified":"2026-04-16T02:57:35","modified_gmt":"2026-04-15T23:57:35","slug":"erken-cocukluk-doneminde-zihin-haritalama-ornek-uygulamalarla","status":"publish","type":"product","link":"https:\/\/roveyayinevi.com.tr\/index.php\/urun\/erken-cocukluk-doneminde-zihin-haritalama-ornek-uygulamalarla\/","title":{"rendered":"Erken \u00c7ocukluk D\u00f6neminde Zihin Haritalama (\u00d6rnek Uygulamalarla)"},"content":{"rendered":"<p>Zihin Haritalama Tekni\u011finin yarat\u0131c\u0131s\u0131 olan Tony Buzan\u2019a g\u00f6re beynimize gelen her bilgi beynin merkezi k\u00fcresinden onlarca, binlerce hatta milyonlarca \u00e7a\u011fr\u0131\u015f\u0131m i\u00e7eren k\u0131vr\u0131ma yay\u0131lmaktad\u0131r. Her k\u0131vr\u0131m bir \u00e7a\u011fr\u0131\u015f\u0131m\u0131, her \u00e7a\u011fr\u0131\u015f\u0131m da kendi sonsuz ba\u011flant\u0131s\u0131n\u0131 ifade etmektedir.   Beynin bu \u00e7al\u0131\u015fma sistemine yani, bir merkezden yay\u0131lan veya merkeze ba\u011flanan \u00e7a\u011fr\u0131\u015f\u0131msal d\u00fc\u015f\u00fcnme s\u00fcrecine \u201cyay\u0131lan d\u00fc\u015f\u00fcnme\u201d denmektedir. Zihin haritas\u0131 bu yay\u0131lan d\u00fc\u015f\u00fcncenin d\u0131\u015fa yans\u0131m\u0131\u015f ve g\u00f6rselle\u015fmi\u015f hali olup beynin d\u00fc\u015f\u00fcnme g\u00fcc\u00fcn\u00fc artt\u0131rmay\u0131 sa\u011flamaktad\u0131r.<\/p>\n","protected":false},"excerpt":{"rendered":"<p>Zihin Haritalama Tekni\u011finin yarat\u0131c\u0131s\u0131 olan Tony Buzan\u2019a g\u00f6re beynimize gelen her bilgi beynin merkezi k\u00fcresinden onlarca, binlerce hatta milyonlarca \u00e7a\u011fr\u0131\u015f\u0131m i\u00e7eren k\u0131vr\u0131ma yay\u0131lmaktad\u0131r. Her k\u0131vr\u0131m bir<span class=\"excerpt-hellip\"> [\u2026]<\/span><\/p>\n","protected":false},"featured_media":0,"template":"","meta":{"_monsterinsights_skip_tracking":false,"_monsterinsights_sitenote_active":false,"_monsterinsights_sitenote_note":"","_monsterinsights_sitenote_category":0},"product_brand":[],"product_cat":[12573,12566],"product_tag":[],"class_list":{"0":"post-745217","1":"product","2":"type-product","3":"status-publish","5":"product_cat-akademik-kitaplar","6":"product_cat-egitim","7":"pa_cilt-ciltsiz","8":"pa_tur-kitap","9":"pa_yayinevi-egiten-kitap","10":"pa_yazar-kolektif","12":"first","13":"instock","14":"sale","15":"shipping-taxable","16":"purchasable","17":"product-type-simple"},"_links":{"self":[{"href":"https:\/\/roveyayinevi.com.tr\/index.php\/wp-json\/wp\/v2\/product\/745217","targetHints":{"allow":["GET"]}}],"collection":[{"href":"https:\/\/roveyayinevi.com.tr\/index.php\/wp-json\/wp\/v2\/product"}],"about":[{"href":"https:\/\/roveyayinevi.com.tr\/index.php\/wp-json\/wp\/v2\/types\/product"}],"wp:attachment":[{"href":"https:\/\/roveyayinevi.com.tr\/index.php\/wp-json\/wp\/v2\/media?parent=745217"}],"wp:term":[{"taxonomy":"product_brand","embeddable":true,"href":"https:\/\/roveyayinevi.com.tr\/index.php\/wp-json\/wp\/v2\/product_brand?post=745217"},{"taxonomy":"product_cat","embeddable":true,"href":"https:\/\/roveyayinevi.com.tr\/index.php\/wp-json\/wp\/v2\/product_cat?post=745217"},{"taxonomy":"product_tag","embeddable":true,"href":"https:\/\/roveyayinevi.com.tr\/index.php\/wp-json\/wp\/v2\/product_tag?post=745217"}],"curies":[{"name":"wp","href":"https:\/\/api.w.org\/{rel}","templated":true}]}}