{"id":745205,"date":"2025-08-28T02:13:55","date_gmt":"2025-08-27T23:13:55","guid":{"rendered":"https:\/\/roveyayinevi.com.tr\/index.php\/urun\/su-paylasmayi-seviyor-farkindalik-serisi\/"},"modified":"2026-04-16T02:57:34","modified_gmt":"2026-04-15T23:57:34","slug":"su-paylasmayi-seviyor-farkindalik-serisi","status":"publish","type":"product","link":"https:\/\/roveyayinevi.com.tr\/index.php\/urun\/su-paylasmayi-seviyor-farkindalik-serisi\/","title":{"rendered":"Su Payla\u015fmay\u0131 Seviyor Fark\u0131ndal\u0131k Serisi"},"content":{"rendered":"<p>Su, yeni oyuncaklar\u0131n\u0131 payla\u015fmay\u0131 hi\u00e7 sevmiyordu. Bir g\u00fcn oyuncak k\u00f6pe\u011fi K\u00f6m\u00fcr\u2019\u00fc, en yak\u0131n arkada\u015f\u0131yla payla\u015fmak istemeyince, aralar\u0131 bozulmu\u015ftu. Bakal\u0131m iki arkada\u015f bu durumu nas\u0131l d\u00fczeltecek? Su, olanlardan nas\u0131l dersler \u00e7\u0131karacak? Fark\u0131ndal\u0131k Serisi, \u00e7ocuklar\u0131n ya\u015famda kar\u015f\u0131la\u015ft\u0131\u011f\u0131 sorunlar\u0131 \u00e7\u00f6zmelerine destek olmak i\u00e7in haz\u0131rlanm\u0131\u015ft\u0131r. <\/p>\n","protected":false},"excerpt":{"rendered":"<p>Su, yeni oyuncaklar\u0131n\u0131 payla\u015fmay\u0131 hi\u00e7 sevmiyordu. Bir g\u00fcn oyuncak k\u00f6pe\u011fi K\u00f6m\u00fcr\u2019\u00fc, en yak\u0131n arkada\u015f\u0131yla payla\u015fmak istemeyince, aralar\u0131 bozulmu\u015ftu. Bakal\u0131m iki arkada\u015f bu durumu nas\u0131l d\u00fczeltecek? Su,<span class=\"excerpt-hellip\"> [\u2026]<\/span><\/p>\n","protected":false},"featured_media":0,"template":"","meta":{"_monsterinsights_skip_tracking":false,"_monsterinsights_sitenote_active":false,"_monsterinsights_sitenote_note":"","_monsterinsights_sitenote_category":0},"product_brand":[],"product_cat":[12274,12518],"product_tag":[],"class_list":{"0":"post-745205","1":"product","2":"type-product","3":"status-publish","5":"product_cat-cocuk-ve-genclik-kitaplari","6":"product_cat-okul-oncesi-kitaplar","7":"pa_cilt-ciltsiz","8":"pa_tur-kitap","9":"pa_yayinevi-is-bankasi-kultur-yayinlari","10":"pa_yazar-melis-sonkaya","12":"first","13":"instock","14":"sale","15":"shipping-taxable","16":"purchasable","17":"product-type-simple"},"_links":{"self":[{"href":"https:\/\/roveyayinevi.com.tr\/index.php\/wp-json\/wp\/v2\/product\/745205","targetHints":{"allow":["GET"]}}],"collection":[{"href":"https:\/\/roveyayinevi.com.tr\/index.php\/wp-json\/wp\/v2\/product"}],"about":[{"href":"https:\/\/roveyayinevi.com.tr\/index.php\/wp-json\/wp\/v2\/types\/product"}],"wp:attachment":[{"href":"https:\/\/roveyayinevi.com.tr\/index.php\/wp-json\/wp\/v2\/media?parent=745205"}],"wp:term":[{"taxonomy":"product_brand","embeddable":true,"href":"https:\/\/roveyayinevi.com.tr\/index.php\/wp-json\/wp\/v2\/product_brand?post=745205"},{"taxonomy":"product_cat","embeddable":true,"href":"https:\/\/roveyayinevi.com.tr\/index.php\/wp-json\/wp\/v2\/product_cat?post=745205"},{"taxonomy":"product_tag","embeddable":true,"href":"https:\/\/roveyayinevi.com.tr\/index.php\/wp-json\/wp\/v2\/product_tag?post=745205"}],"curies":[{"name":"wp","href":"https:\/\/api.w.org\/{rel}","templated":true}]}}