{"id":745200,"date":"2025-08-28T02:13:49","date_gmt":"2025-08-27T23:13:49","guid":{"rendered":"https:\/\/roveyayinevi.com.tr\/index.php\/urun\/kirmizida-dururum-ilk-resimli-trafik-kitabim\/"},"modified":"2026-04-16T02:57:34","modified_gmt":"2026-04-15T23:57:34","slug":"kirmizida-dururum-ilk-resimli-trafik-kitabim","status":"publish","type":"product","link":"https:\/\/roveyayinevi.com.tr\/index.php\/urun\/kirmizida-dururum-ilk-resimli-trafik-kitabim\/","title":{"rendered":"K\u0131rm\u0131z\u0131da Dururum! &#8211; \u0130lk Resimli Trafik Kitab\u0131m"},"content":{"rendered":"<p>Can babas\u0131yla y\u00fcr\u00fcyerek markete giderken, ailesiyle m\u00fczeye gitmek i\u00e7in tramvaya bindi\u011finde ve arabada yolculuk ederken trafikte farkl\u0131 durumlarla kar\u015f\u0131la\u015f\u0131yor. Trafikte dikkat etmemiz gereken kurallar\u0131 \u00f6\u011frenelim mi? \u2022 Kar\u015f\u0131dan kar\u015f\u0131ya g\u00fcvenli ge\u00e7mek i\u00e7in nelere dikkat etmemiz gerekir? \u2022 Arabada neden emniyet kemeri takmak zorunday\u0131z? \u2022 Toplu ta\u015f\u0131ma arac\u0131na binip inerken nelere dikkat etmeliyiz? Faydal\u0131 ipu\u00e7lar\u0131 ve bilgilerle birlikte bu sorular\u0131n cevaplar\u0131n\u0131 da kitapta bulabilirsin. <\/p>\n","protected":false},"excerpt":{"rendered":"<p>Can babas\u0131yla y\u00fcr\u00fcyerek markete giderken, ailesiyle m\u00fczeye gitmek i\u00e7in tramvaya bindi\u011finde ve arabada yolculuk ederken trafikte farkl\u0131 durumlarla kar\u015f\u0131la\u015f\u0131yor. Trafikte dikkat etmemiz gereken kurallar\u0131 \u00f6\u011frenelim mi?<span class=\"excerpt-hellip\"> [\u2026]<\/span><\/p>\n","protected":false},"featured_media":0,"template":"","meta":{"_monsterinsights_skip_tracking":false,"_monsterinsights_sitenote_active":false,"_monsterinsights_sitenote_note":"","_monsterinsights_sitenote_category":0},"product_brand":[],"product_cat":[12274,12518],"product_tag":[],"class_list":{"0":"post-745200","1":"product","2":"type-product","3":"status-publish","5":"product_cat-cocuk-ve-genclik-kitaplari","6":"product_cat-okul-oncesi-kitaplar","7":"pa_cilt-ciltsiz","8":"pa_tur-kitap","9":"pa_yayinevi-is-bankasi-kultur-yayinlari","10":"pa_yazar-lydia-hauenschild","12":"first","13":"instock","14":"sale","15":"shipping-taxable","16":"purchasable","17":"product-type-simple"},"_links":{"self":[{"href":"https:\/\/roveyayinevi.com.tr\/index.php\/wp-json\/wp\/v2\/product\/745200","targetHints":{"allow":["GET"]}}],"collection":[{"href":"https:\/\/roveyayinevi.com.tr\/index.php\/wp-json\/wp\/v2\/product"}],"about":[{"href":"https:\/\/roveyayinevi.com.tr\/index.php\/wp-json\/wp\/v2\/types\/product"}],"wp:attachment":[{"href":"https:\/\/roveyayinevi.com.tr\/index.php\/wp-json\/wp\/v2\/media?parent=745200"}],"wp:term":[{"taxonomy":"product_brand","embeddable":true,"href":"https:\/\/roveyayinevi.com.tr\/index.php\/wp-json\/wp\/v2\/product_brand?post=745200"},{"taxonomy":"product_cat","embeddable":true,"href":"https:\/\/roveyayinevi.com.tr\/index.php\/wp-json\/wp\/v2\/product_cat?post=745200"},{"taxonomy":"product_tag","embeddable":true,"href":"https:\/\/roveyayinevi.com.tr\/index.php\/wp-json\/wp\/v2\/product_tag?post=745200"}],"curies":[{"name":"wp","href":"https:\/\/api.w.org\/{rel}","templated":true}]}}