{"id":745199,"date":"2025-08-28T02:13:47","date_gmt":"2025-08-27T23:13:47","guid":{"rendered":"https:\/\/roveyayinevi.com.tr\/index.php\/urun\/sana-bir-hediyem-var\/"},"modified":"2026-04-16T02:57:34","modified_gmt":"2026-04-15T23:57:34","slug":"sana-bir-hediyem-var","status":"publish","type":"product","link":"https:\/\/roveyayinevi.com.tr\/index.php\/urun\/sana-bir-hediyem-var\/","title":{"rendered":"Sana Bir Hediyem Var!"},"content":{"rendered":"<p>Sana gelmi\u015f ge\u00e7mi\u015f en HAR\u0130KA do\u011fum g\u00fcn\u00fc hediyesini verece\u011fim. Muhte\u015fem, s\u00fcrprizlerle dolu, \u00e7ok ama \u00e7ok sevece\u011fin bir hediye. Bu hediyeyi bulana kadar t\u00fcrl\u00fc t\u00fcrl\u00fc macera ya\u015fad\u0131m ve hepsini bu kitapta anlatt\u0131m! <\/p>\n","protected":false},"excerpt":{"rendered":"<p>Sana gelmi\u015f ge\u00e7mi\u015f en HAR\u0130KA do\u011fum g\u00fcn\u00fc hediyesini verece\u011fim. Muhte\u015fem, s\u00fcrprizlerle dolu, \u00e7ok ama \u00e7ok sevece\u011fin bir hediye. Bu hediyeyi bulana kadar t\u00fcrl\u00fc t\u00fcrl\u00fc macera ya\u015fad\u0131m<span class=\"excerpt-hellip\"> [\u2026]<\/span><\/p>\n","protected":false},"featured_media":0,"template":"","meta":{"_monsterinsights_skip_tracking":false,"_monsterinsights_sitenote_active":false,"_monsterinsights_sitenote_note":"","_monsterinsights_sitenote_category":0},"product_brand":[],"product_cat":[12274,12518],"product_tag":[],"class_list":{"0":"post-745199","1":"product","2":"type-product","3":"status-publish","5":"product_cat-cocuk-ve-genclik-kitaplari","6":"product_cat-okul-oncesi-kitaplar","7":"pa_cilt-ciltsiz","8":"pa_tur-kitap","9":"pa_yayinevi-is-bankasi-kultur-yayinlari","10":"pa_yazar-mike-erskine-kellie-susan-mclennan","12":"first","13":"instock","14":"sale","15":"shipping-taxable","16":"purchasable","17":"product-type-simple"},"_links":{"self":[{"href":"https:\/\/roveyayinevi.com.tr\/index.php\/wp-json\/wp\/v2\/product\/745199","targetHints":{"allow":["GET"]}}],"collection":[{"href":"https:\/\/roveyayinevi.com.tr\/index.php\/wp-json\/wp\/v2\/product"}],"about":[{"href":"https:\/\/roveyayinevi.com.tr\/index.php\/wp-json\/wp\/v2\/types\/product"}],"wp:attachment":[{"href":"https:\/\/roveyayinevi.com.tr\/index.php\/wp-json\/wp\/v2\/media?parent=745199"}],"wp:term":[{"taxonomy":"product_brand","embeddable":true,"href":"https:\/\/roveyayinevi.com.tr\/index.php\/wp-json\/wp\/v2\/product_brand?post=745199"},{"taxonomy":"product_cat","embeddable":true,"href":"https:\/\/roveyayinevi.com.tr\/index.php\/wp-json\/wp\/v2\/product_cat?post=745199"},{"taxonomy":"product_tag","embeddable":true,"href":"https:\/\/roveyayinevi.com.tr\/index.php\/wp-json\/wp\/v2\/product_tag?post=745199"}],"curies":[{"name":"wp","href":"https:\/\/api.w.org\/{rel}","templated":true}]}}