{"id":745186,"date":"2025-08-28T02:13:28","date_gmt":"2025-08-27T23:13:28","guid":{"rendered":"https:\/\/roveyayinevi.com.tr\/index.php\/urun\/majestelerinin-gemisi-beagle-gunlugu-1831-1836\/"},"modified":"2026-04-16T02:57:33","modified_gmt":"2026-04-15T23:57:33","slug":"majestelerinin-gemisi-beagle-gunlugu-1831-1836","status":"publish","type":"product","link":"https:\/\/roveyayinevi.com.tr\/index.php\/urun\/majestelerinin-gemisi-beagle-gunlugu-1831-1836\/","title":{"rendered":"Majestelerinin Gemisi Beagle G\u00fcnl\u00fc\u011f\u00fc (1831-1836)"},"content":{"rendered":"<p>Evrim teorisi deyince akla hi\u00e7 ku\u015fkusuz Darwin kadar onun Beagle seyahati ve Galapagos Adalar\u0131 gelir. Bilim tarihinde pop\u00fcler k\u00fclt\u00fcre de mal olmu\u015f b\u00f6yle pek az hik\u00e2ye vard\u0131r. Bu G\u00fcnl\u00fck, Aral\u0131k 1831\u2019de ba\u015flayarak be\u015f y\u0131l kadar s\u00fcren ola\u011fan\u00fcst\u00fc bir do\u011fa yolculu\u011funun antropolojik g\u00f6zlemler de i\u00e7eren sad\u0131k ve i\u00e7ten anlat\u0131s\u0131 olman\u0131n yan\u0131 s\u0131ra bilimsel bilginin \u00fcretimine ve Evrim d\u00fc\u015f\u00fcncesinin ad\u0131m ad\u0131m ortaya \u00e7\u0131k\u0131\u015f\u0131na tan\u0131kl\u0131k etmesi bak\u0131m\u0131ndan da benzersizdir.   \u201cYolculuk, denizlerde ve \u0131rmaklarda Beagle adl\u0131 hidrografya, a\u00e7\u0131nsama ve \u00f6l\u00e7\u00fcmleme gemisiyle ya da onun g\u00fcvertesinde ta\u015f\u0131d\u0131\u011f\u0131 \u00e7e\u015fitli t\u00fcrde teknelerle yap\u0131lm\u0131\u015ft\u0131r. Adalar ve anakaralardaysa ormanlarda, \u00e7ay\u0131rlarda, da\u011flarda, su basm\u0131\u015f topraklarda, \u0131rmaklarda ya da \u0131rmak boylar\u0131nda, \u00e7\u00f6llerde, vadiler ve ovalarda, kimi zaman at, kimi zaman kat\u0131r s\u0131rt\u0131nda ya da yaya ger\u00e7ekle\u015ftirilmi\u015ftir. Darwin b\u00fcy\u00fck zorluklar\u0131 ve tehlikeleri g\u00f6ze alm\u0131\u015f, kimi zaman uzun s\u00fcren hastal\u0131klar ya\u015fam\u0131\u015ft\u0131r.\u201d   Darwin\u2019in seyahatteyken Britanya\u2019ya yollad\u0131\u011f\u0131 mektuplar, fosil \u00f6rnekleri ve hayvan numuneleri, eski \u00f6\u011fretmeni Henslow arac\u0131l\u0131\u011f\u0131yla \u0130ngiliz do\u011fabilimcilerine aktar\u0131l\u0131yor, Darwin\u2019in \u00fcn\u00fc bu sayede gittik\u00e7e yay\u0131l\u0131yordu. Beagle 2 Ekim 1836\u2019da Britanya\u2019ya d\u00f6nd\u00fc\u011f\u00fcnde sayg\u0131n bir do\u011fabilimci olarak tan\u0131nm\u0131\u015ft\u0131. Kalan hayat\u0131n\u0131 \u0130ngiltere d\u0131\u015f\u0131na yolculuk etmeden, \u00fcretken ve sayg\u0131n bir do\u011fa bilimci olarak ge\u00e7irecek, temelini Beagle seyahati boyunca att\u0131\u011f\u0131 Evrim teorisini geli\u015ftirecekti. <\/p>\n","protected":false},"excerpt":{"rendered":"<p>Evrim teorisi deyince akla hi\u00e7 ku\u015fkusuz Darwin kadar onun Beagle seyahati ve Galapagos Adalar\u0131 gelir. Bilim tarihinde pop\u00fcler k\u00fclt\u00fcre de mal olmu\u015f b\u00f6yle pek az hik\u00e2ye<span class=\"excerpt-hellip\"> [\u2026]<\/span><\/p>\n","protected":false},"featured_media":0,"template":"","meta":{"_monsterinsights_skip_tracking":false,"_monsterinsights_sitenote_active":false,"_monsterinsights_sitenote_note":"","_monsterinsights_sitenote_category":0},"product_brand":[],"product_cat":[18545,12291],"product_tag":[],"class_list":{"0":"post-745186","1":"product","2":"type-product","3":"status-publish","5":"product_cat-anlati","6":"product_cat-edebiyat","7":"pa_cilt-ciltsiz","8":"pa_tur-kitap","9":"pa_yayinevi-yapi-kredi-yayinlari","10":"pa_yazar-charles-darwin","12":"first","13":"instock","14":"sale","15":"shipping-taxable","16":"purchasable","17":"product-type-simple"},"_links":{"self":[{"href":"https:\/\/roveyayinevi.com.tr\/index.php\/wp-json\/wp\/v2\/product\/745186","targetHints":{"allow":["GET"]}}],"collection":[{"href":"https:\/\/roveyayinevi.com.tr\/index.php\/wp-json\/wp\/v2\/product"}],"about":[{"href":"https:\/\/roveyayinevi.com.tr\/index.php\/wp-json\/wp\/v2\/types\/product"}],"wp:attachment":[{"href":"https:\/\/roveyayinevi.com.tr\/index.php\/wp-json\/wp\/v2\/media?parent=745186"}],"wp:term":[{"taxonomy":"product_brand","embeddable":true,"href":"https:\/\/roveyayinevi.com.tr\/index.php\/wp-json\/wp\/v2\/product_brand?post=745186"},{"taxonomy":"product_cat","embeddable":true,"href":"https:\/\/roveyayinevi.com.tr\/index.php\/wp-json\/wp\/v2\/product_cat?post=745186"},{"taxonomy":"product_tag","embeddable":true,"href":"https:\/\/roveyayinevi.com.tr\/index.php\/wp-json\/wp\/v2\/product_tag?post=745186"}],"curies":[{"name":"wp","href":"https:\/\/api.w.org\/{rel}","templated":true}]}}