{"id":745152,"date":"2025-08-28T02:12:45","date_gmt":"2025-08-27T23:12:45","guid":{"rendered":"https:\/\/roveyayinevi.com.tr\/index.php\/urun\/hizmetci-2\/"},"modified":"2026-04-16T02:57:32","modified_gmt":"2026-04-15T23:57:32","slug":"hizmetci-2","status":"publish","type":"product","link":"https:\/\/roveyayinevi.com.tr\/index.php\/urun\/hizmetci-2\/","title":{"rendered":"Hizmet\u00e7i"},"content":{"rendered":"<p>40&#8217;TAN FAZLA D\u0130LE \u00c7EVR\u0130LD\u0130!   \u201cBen hizmet\u00e7inizim. Sizin hakk\u0131n\u0131zda \u00e7ok \u015fey biliyorum ama ger\u00e7ekten d\u00fc\u015f\u00fcn\u00fcrsek siz benim hakk\u0131mda ne biliyorsunuz?\u201d   K\u0131rm\u0131z\u0131 kadife hal\u0131lar\u0131, alt\u0131n y\u0131lanl\u0131 t\u0131rabzanlar\u0131 ve z\u00fcmr\u00fct ye\u015fili koltuklar\u0131yla B\u00fcy\u00fck Regency Otel\u2019e ho\u015f geldiniz. \u0130\u00e7ine kapan\u0131k karakteri, tuhaf davran\u0131\u015flar\u0131 ve temizli\u011fe olan tak\u0131nt\u0131s\u0131yla Hizmet\u00e7i Molly\u2019nin t\u00fcm d\u00fcnyas\u0131 ninesi \u00f6ld\u00fc\u011f\u00fcnden beri bu prestijli otel olmu\u015ftur. Her sabah temiz \u00fcniformas\u0131n\u0131 giymekten, arabas\u0131n\u0131 minyat\u00fcr sabunlar ve \u015fi\u015felerle doldurmaktan, yast\u0131klar\u0131 kabartmaktan b\u00fcy\u00fck zevk al\u0131r. Konuklar\u0131n tozlar\u0131n\u0131 ve s\u0131rlar\u0131n\u0131 s\u00fcp\u00fcrmekte ise tam bir ustad\u0131r.   Molly\u2019nin temizleyemeyece\u011fi hi\u00e7bir \u015fey yoktur&#8230; Ta ki bir odada ceset bulana kadar&#8230;   Bu olaydan sonra Molly, aniden cinayet davas\u0131nda ba\u015f \u015f\u00fcpheliye d\u00f6n\u00fc\u015f\u00fcr ve kendini anlayamad\u0131\u011f\u0131 bir yalanlar a\u011f\u0131n\u0131n i\u00e7inde bulur. T\u00fcm bu gizemleri \u00e7\u00f6zmek, Molly\u2019nin bir zamanlar d\u00fczenli olan d\u00fcnyas\u0131n\u0131 alt\u00fcst edecektir.   Nita Prose\u2019tan Hizmet\u00e7i beklenmedik s\u00fcrprizlere sahip, insanlara farkl\u0131 a\u00e7\u0131lardan bakmay\u0131 \u00f6\u011freten ve her \u015feyin g\u00f6r\u00fcnd\u00fc\u011f\u00fc gibi olmad\u0131\u011f\u0131n\u0131 anlatan mizahi bir su\u00e7 gerilim roman\u0131.   \u00d6ld\u00fcr\u00fclen bir m\u00fc\u015fteri, \u00e7\u0131lg\u0131n \u00e7al\u0131\u015fanlar ve tuhaf bir hizmet\u00e7i&#8230; L\u00fcks bir otelin perde arkas\u0131n\u0131 ke\u015ffetmeye haz\u0131r olun!   \u201cB\u00fcy\u00fcleyici, y\u00fcrek \u0131s\u0131tan, ustaca yaz\u0131lm\u0131\u015f ve zekice haz\u0131rlanm\u0131\u015f \u00f6zg\u00fcn bir olay \u00f6rg\u00fcs\u00fcyle bu ola\u011fand\u0131\u015f\u0131 su\u00e7 roman\u0131, okurda s\u0131cak bir g\u00fcl\u00fcmseme b\u0131rakacak.\u201d \u2212Booklist <\/p>\n","protected":false},"excerpt":{"rendered":"<p>40&#8217;TAN FAZLA D\u0130LE \u00c7EVR\u0130LD\u0130! \u201cBen hizmet\u00e7inizim. Sizin hakk\u0131n\u0131zda \u00e7ok \u015fey biliyorum ama ger\u00e7ekten d\u00fc\u015f\u00fcn\u00fcrsek siz benim hakk\u0131mda ne biliyorsunuz?\u201d K\u0131rm\u0131z\u0131 kadife hal\u0131lar\u0131, alt\u0131n y\u0131lanl\u0131 t\u0131rabzanlar\u0131 ve<span class=\"excerpt-hellip\"> [\u2026]<\/span><\/p>\n","protected":false},"featured_media":0,"template":"","meta":{"_monsterinsights_skip_tracking":false,"_monsterinsights_sitenote_active":false,"_monsterinsights_sitenote_note":"","_monsterinsights_sitenote_category":0},"product_brand":[],"product_cat":[12291,12711],"product_tag":[],"class_list":{"0":"post-745152","1":"product","2":"type-product","3":"status-publish","5":"product_cat-edebiyat","6":"product_cat-roman-oyku","7":"pa_cilt-ciltsiz","8":"pa_tur-kitap","9":"pa_yayinevi-epsilon-yayinlari","10":"pa_yazar-nita-prose","12":"first","13":"instock","14":"sale","15":"shipping-taxable","16":"purchasable","17":"product-type-simple"},"_links":{"self":[{"href":"https:\/\/roveyayinevi.com.tr\/index.php\/wp-json\/wp\/v2\/product\/745152","targetHints":{"allow":["GET"]}}],"collection":[{"href":"https:\/\/roveyayinevi.com.tr\/index.php\/wp-json\/wp\/v2\/product"}],"about":[{"href":"https:\/\/roveyayinevi.com.tr\/index.php\/wp-json\/wp\/v2\/types\/product"}],"wp:attachment":[{"href":"https:\/\/roveyayinevi.com.tr\/index.php\/wp-json\/wp\/v2\/media?parent=745152"}],"wp:term":[{"taxonomy":"product_brand","embeddable":true,"href":"https:\/\/roveyayinevi.com.tr\/index.php\/wp-json\/wp\/v2\/product_brand?post=745152"},{"taxonomy":"product_cat","embeddable":true,"href":"https:\/\/roveyayinevi.com.tr\/index.php\/wp-json\/wp\/v2\/product_cat?post=745152"},{"taxonomy":"product_tag","embeddable":true,"href":"https:\/\/roveyayinevi.com.tr\/index.php\/wp-json\/wp\/v2\/product_tag?post=745152"}],"curies":[{"name":"wp","href":"https:\/\/api.w.org\/{rel}","templated":true}]}}