{"id":745144,"date":"2025-08-28T02:12:32","date_gmt":"2025-08-27T23:12:32","guid":{"rendered":"https:\/\/roveyayinevi.com.tr\/index.php\/urun\/serzenis-3-vebal-ciltli\/"},"modified":"2026-04-16T02:57:32","modified_gmt":"2026-04-15T23:57:32","slug":"serzenis-3-vebal-ciltli","status":"publish","type":"product","link":"https:\/\/roveyayinevi.com.tr\/index.php\/urun\/serzenis-3-vebal-ciltli\/","title":{"rendered":"Serzeni\u015f 3  Vebal (Ciltli)"},"content":{"rendered":"<p>Karanl\u0131k, dipsiz, k\u00f6r bir kuyuya d\u00fc\u015ft\u00fck seninle. Ayaklar\u0131m\u0131zda prangalar, bileklerimizde kelep\u00e7e, Her ge\u00e7en g\u00fcn daha da harlanan bir ate\u015fte, K\u00fcllerimiz bile kalmayana dek, Yanaca\u011f\u0131z sevgilim.   Zamans\u0131z her \u00f6l\u00fcm, ard\u0131nda yaral\u0131 bir ya\u015fam b\u0131rak\u0131rd\u0131. Biliyordum. O geceden sonra hi\u00e7bir \u015feyin eskisi gibi olmayaca\u011f\u0131n\u0131, ge\u00e7mi\u015fin ge\u00e7mi\u015fte kalmayaca\u011f\u0131n\u0131 ve b\u00fct\u00fcn zehrini \u00fczerimize ak\u0131tmak i\u00e7in bizimle korkusuzca sava\u015faca\u011f\u0131n\u0131&#8230;   Onulmaz yaralar alacak, tuzaklara d\u00fc\u015fecek ve tuzaklar kuracak, hatalar yapacak ve bedeller \u00f6deyecektik. Sonuna kadar sava\u015facak ve kazanacak ama \u00e7o\u011fu zaman kaybedecektik. Fakat ne olursa olsun, asla vazge\u00e7meyecektik.   Bir \u00f6r\u00fcmce\u011fin a\u011f\u0131na d\u00fc\u015fm\u00fc\u015f gibiydik. \u00d6yle bir sarm\u0131\u015ft\u0131 ki etraf\u0131m\u0131z\u0131, \u00e7\u0131rp\u0131nmak ve kurtulmak, zaman\u0131 geriye sarmak kadar imk\u00e2ns\u0131zd\u0131.   Fakat i\u00e7imde bir his vard\u0131. Her \u015feye bir son verebilmek i\u00e7in en ba\u015fa d\u00f6nmek ve o geceyle y\u00fczle\u015fmek gerekti\u011fini s\u00f6yl\u00fcyordu. Zira ge\u00e7mi\u015fe uzanan t\u00fcm s\u0131rlar, o gecede sakl\u0131yd\u0131. Ya\u015fananlar\u0131n vebali ise b\u00fct\u00fcn gelece\u011fi yakacakt\u0131. <\/p>\n","protected":false},"excerpt":{"rendered":"<p>Karanl\u0131k, dipsiz, k\u00f6r bir kuyuya d\u00fc\u015ft\u00fck seninle. Ayaklar\u0131m\u0131zda prangalar, bileklerimizde kelep\u00e7e, Her ge\u00e7en g\u00fcn daha da harlanan bir ate\u015fte, K\u00fcllerimiz bile kalmayana dek, Yanaca\u011f\u0131z sevgilim. Zamans\u0131z<span class=\"excerpt-hellip\"> [\u2026]<\/span><\/p>\n","protected":false},"featured_media":0,"template":"","meta":{"_monsterinsights_skip_tracking":false,"_monsterinsights_sitenote_active":false,"_monsterinsights_sitenote_note":"","_monsterinsights_sitenote_category":0},"product_brand":[],"product_cat":[12291,50487],"product_tag":[],"class_list":{"0":"post-745144","1":"product","2":"type-product","3":"status-publish","5":"product_cat-edebiyat","6":"product_cat-kurgu","7":"pa_cilt-ciltli","8":"pa_tur-kitap","9":"pa_yayinevi-epsilon-yayinlari","10":"pa_yazar-sumeyye-koc","12":"first","13":"instock","14":"sale","15":"shipping-taxable","16":"purchasable","17":"product-type-simple"},"_links":{"self":[{"href":"https:\/\/roveyayinevi.com.tr\/index.php\/wp-json\/wp\/v2\/product\/745144","targetHints":{"allow":["GET"]}}],"collection":[{"href":"https:\/\/roveyayinevi.com.tr\/index.php\/wp-json\/wp\/v2\/product"}],"about":[{"href":"https:\/\/roveyayinevi.com.tr\/index.php\/wp-json\/wp\/v2\/types\/product"}],"wp:attachment":[{"href":"https:\/\/roveyayinevi.com.tr\/index.php\/wp-json\/wp\/v2\/media?parent=745144"}],"wp:term":[{"taxonomy":"product_brand","embeddable":true,"href":"https:\/\/roveyayinevi.com.tr\/index.php\/wp-json\/wp\/v2\/product_brand?post=745144"},{"taxonomy":"product_cat","embeddable":true,"href":"https:\/\/roveyayinevi.com.tr\/index.php\/wp-json\/wp\/v2\/product_cat?post=745144"},{"taxonomy":"product_tag","embeddable":true,"href":"https:\/\/roveyayinevi.com.tr\/index.php\/wp-json\/wp\/v2\/product_tag?post=745144"}],"curies":[{"name":"wp","href":"https:\/\/api.w.org\/{rel}","templated":true}]}}