{"id":745138,"date":"2025-08-28T02:12:25","date_gmt":"2025-08-27T23:12:25","guid":{"rendered":"https:\/\/roveyayinevi.com.tr\/index.php\/urun\/aile-sagliginin-korunmasi-surdurulmesi-ve-gelistirilmesi-2-cilt\/"},"modified":"2026-04-16T02:57:31","modified_gmt":"2026-04-15T23:57:31","slug":"aile-sagliginin-korunmasi-surdurulmesi-ve-gelistirilmesi-2-cilt","status":"publish","type":"product","link":"https:\/\/roveyayinevi.com.tr\/index.php\/urun\/aile-sagliginin-korunmasi-surdurulmesi-ve-gelistirilmesi-2-cilt\/","title":{"rendered":"Aile Sa\u011fl\u0131\u011f\u0131n\u0131n Korunmas\u0131, S\u00fcrd\u00fcr\u00fclmesi Ve Geli\u015ftirilmesi 2. Cilt"},"content":{"rendered":"<p>Toplumun temeli olan ailenin, sa\u011fl\u0131\u011f\u0131n\u0131n korunmas\u0131 ve geli\u015ftirilmesi bireysel ve toplumsal yarar a\u00e7\u0131s\u0131ndan olduk\u00e7a \u00f6nemlidir.   Do\u011fum \u00f6ncesi d\u00f6nemden ba\u015flayarak geli\u015fimin farkl\u0131 boyutlar\u0131nda ailenin ve \u00fcyelerinin sa\u011fl\u0131kl\u0131 geli\u015fimine katk\u0131 sunmak amac\u0131 ile olu\u015fturulan bu kitap; do\u011fum \u00f6ncesi ve do\u011fum sonras\u0131nda fiziksel, motor, bili\u015fsel, dil, sosyal-duygusal alanlarda ebeveynlerin ve \u00e7ocuklar\u0131n geli\u015fimini, bu geli\u015fim s\u00fcrecini etkileyen unsurlar\u0131 ele alarak okuyucuya genel bir fark\u0131ndal\u0131k kazand\u0131r\u0131lmas\u0131 amac\u0131 ile haz\u0131rlanm\u0131\u015ft\u0131r.<\/p>\n","protected":false},"excerpt":{"rendered":"<p>Toplumun temeli olan ailenin, sa\u011fl\u0131\u011f\u0131n\u0131n korunmas\u0131 ve geli\u015ftirilmesi bireysel ve toplumsal yarar a\u00e7\u0131s\u0131ndan olduk\u00e7a \u00f6nemlidir. Do\u011fum \u00f6ncesi d\u00f6nemden ba\u015flayarak geli\u015fimin farkl\u0131 boyutlar\u0131nda ailenin ve \u00fcyelerinin sa\u011fl\u0131kl\u0131<span class=\"excerpt-hellip\"> [\u2026]<\/span><\/p>\n","protected":false},"featured_media":0,"template":"","meta":{"_monsterinsights_skip_tracking":false,"_monsterinsights_sitenote_active":false,"_monsterinsights_sitenote_note":"","_monsterinsights_sitenote_category":0},"product_brand":[],"product_cat":[12573,12566],"product_tag":[],"class_list":{"0":"post-745138","1":"product","2":"type-product","3":"status-publish","5":"product_cat-akademik-kitaplar","6":"product_cat-egitim","7":"pa_cilt-ciltsiz","8":"pa_tur-kitap","9":"pa_yayinevi-egiten-kitap","10":"pa_yazar-kolektif","12":"first","13":"instock","14":"sale","15":"shipping-taxable","16":"purchasable","17":"product-type-simple"},"_links":{"self":[{"href":"https:\/\/roveyayinevi.com.tr\/index.php\/wp-json\/wp\/v2\/product\/745138","targetHints":{"allow":["GET"]}}],"collection":[{"href":"https:\/\/roveyayinevi.com.tr\/index.php\/wp-json\/wp\/v2\/product"}],"about":[{"href":"https:\/\/roveyayinevi.com.tr\/index.php\/wp-json\/wp\/v2\/types\/product"}],"wp:attachment":[{"href":"https:\/\/roveyayinevi.com.tr\/index.php\/wp-json\/wp\/v2\/media?parent=745138"}],"wp:term":[{"taxonomy":"product_brand","embeddable":true,"href":"https:\/\/roveyayinevi.com.tr\/index.php\/wp-json\/wp\/v2\/product_brand?post=745138"},{"taxonomy":"product_cat","embeddable":true,"href":"https:\/\/roveyayinevi.com.tr\/index.php\/wp-json\/wp\/v2\/product_cat?post=745138"},{"taxonomy":"product_tag","embeddable":true,"href":"https:\/\/roveyayinevi.com.tr\/index.php\/wp-json\/wp\/v2\/product_tag?post=745138"}],"curies":[{"name":"wp","href":"https:\/\/api.w.org\/{rel}","templated":true}]}}