{"id":745128,"date":"2025-08-28T02:12:11","date_gmt":"2025-08-27T23:12:11","guid":{"rendered":"https:\/\/roveyayinevi.com.tr\/index.php\/urun\/atesli-yurek\/"},"modified":"2026-04-16T02:57:31","modified_gmt":"2026-04-15T23:57:31","slug":"atesli-yurek","status":"publish","type":"product","link":"https:\/\/roveyayinevi.com.tr\/index.php\/urun\/atesli-yurek\/","title":{"rendered":"Ate\u015fli Y\u00fcrek"},"content":{"rendered":"<p>N\u0130HA\u0130 SAVA\u015e BA\u015eLADI\u011eINDA HERKES\u0130 UMUT B\u0130RLE\u015eT\u0130RECEK   TANRILAR KRAL\u0130\u00c7EY\u0130 SE\u00c7T\u0130, KRAL\u0130\u00c7E \u0130SE ONU   Cat Fisa\u2019n\u0131n kaderi onu k\u00f6\u015feye s\u0131k\u0131\u015ft\u0131rm\u0131\u015ft\u0131. \u00dc\u00e7 krall\u0131\u011f\u0131 yeniden birle\u015ftirmek i\u00e7in atmas\u0131 gereken son bir ad\u0131m kalm\u0131\u015ft\u0131. Ancak bunu yapmak i\u00e7in Alfa Fisa\u2019yla, yani annesiyle bir \u00f6l\u00fcm kal\u0131m sava\u015f\u0131na girmek zorundayd\u0131.   Annesi her zamankinden g\u00fc\u00e7l\u00fcyken Cat\u2019in b\u00fcy\u00fcs\u00fc ona itaat etmeyi reddediyordu. Sava\u015f\u0131n ortas\u0131nda t\u00fcm g\u00fc\u00e7leri ba\u015f\u0131bo\u015f bir \u015fekilde serbest kal\u0131rsa, tanr\u0131lar\u0131n arma\u011fanlar\u0131n\u0131 kullanman\u0131n bedeli a\u011f\u0131r olabilirdi.   En yak\u0131n\u0131ndan gelen ihaneti bir t\u00fcrl\u00fc sindiremeyen Griffin\u2019se, sevdi\u011fi kad\u0131n\u0131 bu korkun\u00e7 sorumluluktan kurtarmak istiyordu. Fakat krali\u00e7e olmak i\u00e7in do\u011fmu\u015f Cat\u2019in yan\u0131nda hem kalkan kadar g\u00fc\u00e7l\u00fc hem de k\u0131l\u0131\u00e7 kadar \u00f6l\u00fcmc\u00fcl olmal\u0131yd\u0131.   Thalyria\u2019da art\u0131k kimsenin kaybedecek bir \u015feyi kalmam\u0131\u015fken, kalplerde filizlenen umut zafer mi yoksa y\u0131k\u0131m m\u0131 getirecekti?     \u201cKesinlikle nefes kesici!\u201d \u2014Darynda Jones   \u201c\u00c2n\u0131nda y\u0131l\u0131n favorilerine girdi!\u201d \u2014Bookriot   \u201cEpik bir hik\u00e2ye i\u00e7in heyecan verici bir son! Bay\u0131ld\u0131m!\u201d \u2014Jeffe Kennedy \u201cCat \u00e7ok zeki, becerikli ve \u00f6l\u00fcmc\u00fcl bir karakter. Ama bir o kadar da kusurlu olu\u015fu onu inand\u0131r\u0131c\u0131 k\u0131l\u0131yor.\u201d \u2014Philadelphia Inquirer   \u201cAmanda Bouchet epik Kralse\u00e7en G\u00fcnl\u00fckleri\u2019ni hem co\u015fkulu bir d\u00fcnya hem de dokunakl\u0131 bir duygusall\u0131kla noktal\u0131yor. Ka\u00e7\u0131r\u0131lmamas\u0131 gereken g\u00fc\u00e7l\u00fc bir \u00fc\u00e7leme.\u201d \u2014Grace Draven   \u201cNefes kesen bir romans, s\u00fcr\u00fckleyici bir aksiyon, mitoloji ve bol bol siyasi entrika\u2026 Bouchet fantastik romans\u0131n \u00e7\u0131tas\u0131n\u0131 y\u00fckseltmeye devam ediyor.\u201d \u2014Booklist, starred review   \u201cBouchet\u2019nin \u00e7arp\u0131c\u0131 \u00fc\u00e7lemesi Kralse\u00e7en G\u00fcnl\u00fckleri, t\u0131pk\u0131 ba\u015flad\u0131\u011f\u0131 gibi yarat\u0131c\u0131l\u0131k, deha ve macera ile duygusall\u0131\u011f\u0131n nefes kesici dengesiyle sona eriyor.\u201d \u2014Kirkus, starred review   \u201cBouchet\u2019nin serisi, tanr\u0131sall\u0131k ve insanl\u0131\u011f\u0131n umutlu bir liderlik vizyonuyla dengelendi\u011fi bir finalle son buluyor.\u201d \u2014Publishers Weekly, starred review   \u201cOkurlar yazs\u0131n bunu bir kenara! Ate\u015fli Y\u00fcrek, g\u00f6z kama\u015ft\u0131r\u0131c\u0131 bir serinin muazzam finali. Bravo!\u201d \u2014RT Book Reviews Top Pick   \u201cTaht Oyunlar\u0131 ve Wonder Woman seven ama biraz daha romantizm arayanlar\u0131 memnun edecek.\u201d \u2014Library Journal   \u201cB\u00fcy\u00fc, aksiyon, romantizm\u2026 Sevdi\u011fim her \u015fey tek bir seride.\u201d \u2014Jennifer Estep <\/p>\n","protected":false},"excerpt":{"rendered":"<p>N\u0130HA\u0130 SAVA\u015e BA\u015eLADI\u011eINDA HERKES\u0130 UMUT B\u0130RLE\u015eT\u0130RECEK TANRILAR KRAL\u0130\u00c7EY\u0130 SE\u00c7T\u0130, KRAL\u0130\u00c7E \u0130SE ONU Cat Fisa\u2019n\u0131n kaderi onu k\u00f6\u015feye s\u0131k\u0131\u015ft\u0131rm\u0131\u015ft\u0131. \u00dc\u00e7 krall\u0131\u011f\u0131 yeniden birle\u015ftirmek i\u00e7in atmas\u0131 gereken son<span class=\"excerpt-hellip\"> [\u2026]<\/span><\/p>\n","protected":false},"featured_media":0,"template":"","meta":{"_monsterinsights_skip_tracking":false,"_monsterinsights_sitenote_active":false,"_monsterinsights_sitenote_note":"","_monsterinsights_sitenote_category":0},"product_brand":[],"product_cat":[12291,14777],"product_tag":[],"class_list":{"0":"post-745128","1":"product","2":"type-product","3":"status-publish","5":"product_cat-edebiyat","6":"product_cat-fantastik","7":"pa_cilt-ciltsiz","8":"pa_tur-kitap","9":"pa_yayinevi-yabanci-yayinevi","10":"pa_yazar-amanda-bouchet","12":"first","13":"instock","14":"sale","15":"shipping-taxable","16":"purchasable","17":"product-type-simple"},"_links":{"self":[{"href":"https:\/\/roveyayinevi.com.tr\/index.php\/wp-json\/wp\/v2\/product\/745128","targetHints":{"allow":["GET"]}}],"collection":[{"href":"https:\/\/roveyayinevi.com.tr\/index.php\/wp-json\/wp\/v2\/product"}],"about":[{"href":"https:\/\/roveyayinevi.com.tr\/index.php\/wp-json\/wp\/v2\/types\/product"}],"wp:attachment":[{"href":"https:\/\/roveyayinevi.com.tr\/index.php\/wp-json\/wp\/v2\/media?parent=745128"}],"wp:term":[{"taxonomy":"product_brand","embeddable":true,"href":"https:\/\/roveyayinevi.com.tr\/index.php\/wp-json\/wp\/v2\/product_brand?post=745128"},{"taxonomy":"product_cat","embeddable":true,"href":"https:\/\/roveyayinevi.com.tr\/index.php\/wp-json\/wp\/v2\/product_cat?post=745128"},{"taxonomy":"product_tag","embeddable":true,"href":"https:\/\/roveyayinevi.com.tr\/index.php\/wp-json\/wp\/v2\/product_tag?post=745128"}],"curies":[{"name":"wp","href":"https:\/\/api.w.org\/{rel}","templated":true}]}}