{"id":745122,"date":"2025-08-28T02:12:01","date_gmt":"2025-08-27T23:12:01","guid":{"rendered":"https:\/\/roveyayinevi.com.tr\/index.php\/urun\/bu-dugme-ne-ise-yariyor\/"},"modified":"2026-04-16T02:57:31","modified_gmt":"2026-04-15T23:57:31","slug":"bu-dugme-ne-ise-yariyor","status":"publish","type":"product","link":"https:\/\/roveyayinevi.com.tr\/index.php\/urun\/bu-dugme-ne-ise-yariyor\/","title":{"rendered":"Bu D\u00fc\u011fme Ne \u0130\u015fe Yar\u0131yor?"},"content":{"rendered":"<p>M\u00dcZ\u0130K TAR\u0130H\u0130N\u0130N EN \u00d6NEML\u0130 GRUPLARINDAN IRON MAIDEN\u2019IN EFSANEV\u0130 SOL\u0130ST\u0130 BRUCE DICKINSON\u2019DAN BENZERS\u0130Z B\u0130R OTOB\u0130YOGRAF\u0130.   Bruce Dickinson, d\u00fcnyan\u0131n en sayg\u0131 duyulan \u015fark\u0131c\u0131lar\u0131ndan ve s\u00f6z yazarlar\u0131ndan. Ama bunlar marifetlerinden sadece birka\u00e7\u0131. Kendisi ayr\u0131ca bir pilot, konu\u015fmac\u0131, bira \u00fcreticisi, romanc\u0131, radyocu, senarist ve uluslararas\u0131 bir eskrimci.   Elinizdeki kitapta, o e\u015fsiz ve ayk\u0131r\u0131 sesiyle Dickinson ini\u015fli \u00e7\u0131k\u0131\u015fl\u0131 hayat\u0131n\u0131 ele al\u0131yor. S\u0131rad\u0131\u015f\u0131 \u00e7ocuklu\u011fundaki travmalar\u0131, Iron Maiden\u2019\u0131n \u00f6nlenemez y\u00fckseli\u015fi, solo kariyeri, babal\u0131\u011f\u0131 ve ailesi, davetsiz bir misafir gibi hayat\u0131na giren kansere kar\u015f\u0131 g\u00fc\u00e7l\u00fc duru\u015fu dahil olmak \u00fczere baz\u0131 b\u00fcy\u00fcleyici hik\u00e2yelerini tutku ve mizahla anlat\u0131yor.   Cesur oldu\u011fu kadar samimi ve e\u011flenceli Bu D\u00fc\u011fme Ne \u0130\u015fe Yar\u0131yor?, ger\u00e7ek bir rock ilah\u0131n\u0131n ruhunun derinliklerine inip hayat\u0131na, y\u00fcre\u011fine ve zihnine yak\u0131ndan bakma f\u0131rsat\u0131 sunuyor.   <\/p>\n","protected":false},"excerpt":{"rendered":"<p>M\u00dcZ\u0130K TAR\u0130H\u0130N\u0130N EN \u00d6NEML\u0130 GRUPLARINDAN IRON MAIDEN\u2019IN EFSANEV\u0130 SOL\u0130ST\u0130 BRUCE DICKINSON\u2019DAN BENZERS\u0130Z B\u0130R OTOB\u0130YOGRAF\u0130. Bruce Dickinson, d\u00fcnyan\u0131n en sayg\u0131 duyulan \u015fark\u0131c\u0131lar\u0131ndan ve s\u00f6z yazarlar\u0131ndan. Ama bunlar<span class=\"excerpt-hellip\"> [\u2026]<\/span><\/p>\n","protected":false},"featured_media":0,"template":"","meta":{"_monsterinsights_skip_tracking":false,"_monsterinsights_sitenote_active":false,"_monsterinsights_sitenote_note":"","_monsterinsights_sitenote_category":0},"product_brand":[],"product_cat":[14009,12291],"product_tag":[],"class_list":{"0":"post-745122","1":"product","2":"type-product","3":"status-publish","5":"product_cat-biyografi-otobiyografi-edebiyat","6":"product_cat-edebiyat","7":"pa_cilt-ciltsiz","8":"pa_tur-kitap","9":"pa_yayinevi-ithaki-yayinlari","10":"pa_yazar-bruce-dickinson","12":"first","13":"instock","14":"sale","15":"shipping-taxable","16":"purchasable","17":"product-type-simple"},"_links":{"self":[{"href":"https:\/\/roveyayinevi.com.tr\/index.php\/wp-json\/wp\/v2\/product\/745122","targetHints":{"allow":["GET"]}}],"collection":[{"href":"https:\/\/roveyayinevi.com.tr\/index.php\/wp-json\/wp\/v2\/product"}],"about":[{"href":"https:\/\/roveyayinevi.com.tr\/index.php\/wp-json\/wp\/v2\/types\/product"}],"wp:attachment":[{"href":"https:\/\/roveyayinevi.com.tr\/index.php\/wp-json\/wp\/v2\/media?parent=745122"}],"wp:term":[{"taxonomy":"product_brand","embeddable":true,"href":"https:\/\/roveyayinevi.com.tr\/index.php\/wp-json\/wp\/v2\/product_brand?post=745122"},{"taxonomy":"product_cat","embeddable":true,"href":"https:\/\/roveyayinevi.com.tr\/index.php\/wp-json\/wp\/v2\/product_cat?post=745122"},{"taxonomy":"product_tag","embeddable":true,"href":"https:\/\/roveyayinevi.com.tr\/index.php\/wp-json\/wp\/v2\/product_tag?post=745122"}],"curies":[{"name":"wp","href":"https:\/\/api.w.org\/{rel}","templated":true}]}}