{"id":745100,"date":"2025-08-28T02:11:34","date_gmt":"2025-08-27T23:11:34","guid":{"rendered":"https:\/\/roveyayinevi.com.tr\/index.php\/urun\/ebeveynlerimize-neden-borclu-degiliz\/"},"modified":"2026-02-23T12:08:56","modified_gmt":"2026-02-23T09:08:56","slug":"ebeveynlerimize-neden-borclu-degiliz","status":"publish","type":"product","link":"https:\/\/roveyayinevi.com.tr\/index.php\/urun\/ebeveynlerimize-neden-borclu-degiliz\/","title":{"rendered":"Ebeveynlerimize Neden Bor\u00e7lu De\u011filiz?"},"content":{"rendered":"<p>\u201c\u00c7OCUKLAR B\u0130R A\u0130LEN\u0130N BARINDIRDI\u011eI ZENG\u0130NL\u0130\u011e\u0130, ANCAK EBEVEYNLER\u0130NE KAR\u015eI BOR\u00c7LULUK H\u0130SSETMED\u0130KLER\u0130NDE KE\u015eFEDEB\u0130L\u0130RLER.\u201d   Ailemize neler bor\u00e7luyuz? Onlar\u0131 ne s\u0131kl\u0131kla aramal\u0131 ve ziyaret etmeliyiz? Yoksa bizler ihmalk\u00e2r bir o\u011ful veya i\u015fe yaramaz bir k\u0131z evlat m\u0131y\u0131z? Annelerimizin ve babalar\u0131m\u0131z\u0131n ho\u015funa gitmeyen \u00f6zg\u00fcr alanlar olu\u015fturdu\u011fumuzda, kendimizi sert bir \u015fekilde yarg\u0131lamal\u0131 m\u0131y\u0131z?  Peki ya iyi \u00e7ocuk kimdir? Anne babas\u0131n\u0131n her t\u00fcrl\u00fc sorumlulu\u011funu \u00fcstlenen mi yoksa kendi \u00f6zg\u00fcr maceras\u0131na at\u0131l\u0131p bir yandan da ailesini sevgiyle g\u00f6zeten mi? Filozof Barbara Bleisch, bu kitapla varolu\u015fsal ve karma\u015f\u0131k aile ili\u015fkilerini cesurca ele al\u0131yor. \u00c7ocuklar\u0131 ebeveynlerine ba\u011flayan t\u00fcm unsurlar\u0131 a\u00e7\u0131k\u00e7a ortaya koyarak, herkesi ilgilendiren ama pek az ki\u015finin sormaya cesaret etti\u011fi sorular\u0131 soruyor ve aile ili\u015fkilerinin \u00f6z\u00fcnde olanlar\u0131 g\u00f6rme \u00e7a\u011fr\u0131s\u0131nda bulunuyor. S\u0131n\u0131rlar\u0131n belirsizle\u015fti\u011fi, istismarc\u0131 ve g\u00fcvenin k\u00f6t\u00fcye kullan\u0131ld\u0131\u011f\u0131 bir ailede nas\u0131l \u00f6zg\u00fcrle\u015febilece\u011finizin felsefi bir ara\u015ft\u0131rmas\u0131 olan bu kitap, \u00f6nyarg\u0131lar\u0131 k\u00f6r\u00fc k\u00f6r\u00fcne kabul etmemeye, onlar\u0131 sorgulamaya ve su\u00e7luluk duygusundan kurtulmaya te\u015fvik ediyor. Dikte edilmi\u015f olan\u0131n de\u011fil, g\u00f6n\u00fclden gelen sevgi ve ilginin paha bi\u00e7ilmez de\u011ferini hat\u0131rlat\u0131yor. <\/p>\n","protected":false},"excerpt":{"rendered":"<p>\u201c\u00c7OCUKLAR B\u0130R A\u0130LEN\u0130N BARINDIRDI\u011eI ZENG\u0130NL\u0130\u011e\u0130, ANCAK EBEVEYNLER\u0130NE KAR\u015eI BOR\u00c7LULUK H\u0130SSETMED\u0130KLER\u0130NDE KE\u015eFEDEB\u0130L\u0130RLER.\u201d Ailemize neler bor\u00e7luyuz? Onlar\u0131 ne s\u0131kl\u0131kla aramal\u0131 ve ziyaret etmeliyiz? Yoksa bizler ihmalk\u00e2r bir o\u011ful<span class=\"excerpt-hellip\"> [\u2026]<\/span><\/p>\n","protected":false},"featured_media":0,"template":"","meta":{"_monsterinsights_skip_tracking":false,"_monsterinsights_sitenote_active":false,"_monsterinsights_sitenote_note":"","_monsterinsights_sitenote_category":0},"product_brand":[],"product_cat":[12389,12388],"product_tag":[],"class_list":{"0":"post-745100","1":"product","2":"type-product","3":"status-publish","5":"product_cat-diger-felsefe","6":"product_cat-felsefe","7":"pa_cilt-ciltsiz","8":"pa_tur-kitap","9":"pa_yayinevi-beyaz-baykus-yayinlari","10":"pa_yazar-barbara-bleisch","12":"first","13":"instock","14":"sale","15":"shipping-taxable","16":"purchasable","17":"product-type-simple"},"_links":{"self":[{"href":"https:\/\/roveyayinevi.com.tr\/index.php\/wp-json\/wp\/v2\/product\/745100","targetHints":{"allow":["GET"]}}],"collection":[{"href":"https:\/\/roveyayinevi.com.tr\/index.php\/wp-json\/wp\/v2\/product"}],"about":[{"href":"https:\/\/roveyayinevi.com.tr\/index.php\/wp-json\/wp\/v2\/types\/product"}],"wp:attachment":[{"href":"https:\/\/roveyayinevi.com.tr\/index.php\/wp-json\/wp\/v2\/media?parent=745100"}],"wp:term":[{"taxonomy":"product_brand","embeddable":true,"href":"https:\/\/roveyayinevi.com.tr\/index.php\/wp-json\/wp\/v2\/product_brand?post=745100"},{"taxonomy":"product_cat","embeddable":true,"href":"https:\/\/roveyayinevi.com.tr\/index.php\/wp-json\/wp\/v2\/product_cat?post=745100"},{"taxonomy":"product_tag","embeddable":true,"href":"https:\/\/roveyayinevi.com.tr\/index.php\/wp-json\/wp\/v2\/product_tag?post=745100"}],"curies":[{"name":"wp","href":"https:\/\/api.w.org\/{rel}","templated":true}]}}