{"id":745099,"date":"2025-08-28T02:11:33","date_gmt":"2025-08-27T23:11:33","guid":{"rendered":"https:\/\/roveyayinevi.com.tr\/index.php\/urun\/eski-koskun-gizemi-profesor-debi-ile-sosyal-bilgiler\/"},"modified":"2026-04-16T02:57:30","modified_gmt":"2026-04-15T23:57:30","slug":"eski-koskun-gizemi-profesor-debi-ile-sosyal-bilgiler","status":"publish","type":"product","link":"https:\/\/roveyayinevi.com.tr\/index.php\/urun\/eski-koskun-gizemi-profesor-debi-ile-sosyal-bilgiler\/","title":{"rendered":"Eski K\u00f6\u015fk\u00fcn Gizemi &#8211; Profes\u00f6r Debi \u0130le Sosyal Bilgiler"},"content":{"rendered":"<p>Hayati, Sosyalya Gezegeni uzman\u0131.Profes\u00f6r Debi\u2019nin onu g\u00f6revlendirmesi i\u00e7in ger\u00e7ekten \u00e7aresiz olmas\u0131 gerekiyor. Neden mi? \u00c7\u00fcnk\u00fc Hayati hayat\u0131n\u0131z boyunca tan\u0131yabilece\u011fin en tembel en ukala ve en kendini be\u011fenmi\u015f canl\u0131. D\u00fcnya ile ilgili g\u00f6revleri kabul etme sebebi de daha b\u00fcy\u00fck tembellik yapabilece\u011fi bir tatil kazanma hayali. Bu kez g\u00f6revi Yavuz\u2019a tarihi eserlerin \u00f6nemini kavratmak. Hatalar\u0131n\u0131 asla kabul etmeyen, her durumda ya\u011f gibi \u00fcste \u00e7\u0131kmaya \u00e7al\u0131\u015fan Hayati, f\u0131r\u0131n s\u00fctlac\u0131n tad\u0131n\u0131, konaklar\u0131n g\u00fczelli\u011fini bilmezken g\u00f6revini nas\u0131l tamamlayacak? Bunun s\u00fctla\u00e7 ve konakla ne ilgisi mi var?Bence var. Sence yok mu! <\/p>\n","protected":false},"excerpt":{"rendered":"<p>Hayati, Sosyalya Gezegeni uzman\u0131.Profes\u00f6r Debi\u2019nin onu g\u00f6revlendirmesi i\u00e7in ger\u00e7ekten \u00e7aresiz olmas\u0131 gerekiyor. Neden mi? \u00c7\u00fcnk\u00fc Hayati hayat\u0131n\u0131z boyunca tan\u0131yabilece\u011fin en tembel en ukala ve en kendini<span class=\"excerpt-hellip\"> [\u2026]<\/span><\/p>\n","protected":false},"featured_media":0,"template":"","meta":{"_monsterinsights_skip_tracking":false,"_monsterinsights_sitenote_active":false,"_monsterinsights_sitenote_note":"","_monsterinsights_sitenote_category":0},"product_brand":[],"product_cat":[12274,12284],"product_tag":[],"class_list":{"0":"post-745099","1":"product","2":"type-product","3":"status-publish","5":"product_cat-cocuk-ve-genclik-kitaplari","6":"product_cat-hikayeler","7":"pa_cilt-ciltsiz","8":"pa_tur-kitap","9":"pa_yayinevi-timas-cocuk","10":"pa_yazar-birsen-ekim-ozen","12":"first","13":"instock","14":"sale","15":"shipping-taxable","16":"purchasable","17":"product-type-simple"},"_links":{"self":[{"href":"https:\/\/roveyayinevi.com.tr\/index.php\/wp-json\/wp\/v2\/product\/745099","targetHints":{"allow":["GET"]}}],"collection":[{"href":"https:\/\/roveyayinevi.com.tr\/index.php\/wp-json\/wp\/v2\/product"}],"about":[{"href":"https:\/\/roveyayinevi.com.tr\/index.php\/wp-json\/wp\/v2\/types\/product"}],"wp:attachment":[{"href":"https:\/\/roveyayinevi.com.tr\/index.php\/wp-json\/wp\/v2\/media?parent=745099"}],"wp:term":[{"taxonomy":"product_brand","embeddable":true,"href":"https:\/\/roveyayinevi.com.tr\/index.php\/wp-json\/wp\/v2\/product_brand?post=745099"},{"taxonomy":"product_cat","embeddable":true,"href":"https:\/\/roveyayinevi.com.tr\/index.php\/wp-json\/wp\/v2\/product_cat?post=745099"},{"taxonomy":"product_tag","embeddable":true,"href":"https:\/\/roveyayinevi.com.tr\/index.php\/wp-json\/wp\/v2\/product_tag?post=745099"}],"curies":[{"name":"wp","href":"https:\/\/api.w.org\/{rel}","templated":true}]}}