{"id":745095,"date":"2025-08-28T02:11:27","date_gmt":"2025-08-27T23:11:27","guid":{"rendered":"https:\/\/roveyayinevi.com.tr\/index.php\/urun\/super-baskan\/"},"modified":"2026-04-16T02:57:30","modified_gmt":"2026-04-15T23:57:30","slug":"super-baskan","status":"publish","type":"product","link":"https:\/\/roveyayinevi.com.tr\/index.php\/urun\/super-baskan\/","title":{"rendered":"S\u00fcper Ba\u015fkan"},"content":{"rendered":"<p>\u015eehre uzak bir k\u00f6yde yat\u0131l\u0131 olarak okuyan Fatih, bir g\u00fcnl\u00fc\u011f\u00fcne belediye ba\u015fkan\u0131 olur. Ba\u015fkanl\u0131\u011f\u0131 bir g\u00fcn s\u00fcrecektir s\u00fcrmesine ama o g\u00fcn di\u011fer g\u00fcnleri gibi s\u0131radan de\u011fildir. Fatih, belediye ba\u015fkan\u0131 olduktan sonra \u015fehirde k\u00f6kl\u00fc de\u011fi\u015fiklikler yapmaya ba\u015flar. O s\u0131rada \u015fehirde ya\u015fayan herkesin akl\u0131nda tek bir soru vard\u0131r: Bir \u00e7ocuk koca bir \u015fehri nas\u0131l y\u00f6netir?Masalla ger\u00e7ek aras\u0131nda bir yerlerde duran Fatih\u2019in hik\u00e2yesi t\u00fcm \u00e7ocuklara unutulmaz bir deneyim ya\u015fatacak.<\/p>\n","protected":false},"excerpt":{"rendered":"<p>\u015eehre uzak bir k\u00f6yde yat\u0131l\u0131 olarak okuyan Fatih, bir g\u00fcnl\u00fc\u011f\u00fcne belediye ba\u015fkan\u0131 olur. Ba\u015fkanl\u0131\u011f\u0131 bir g\u00fcn s\u00fcrecektir s\u00fcrmesine ama o g\u00fcn di\u011fer g\u00fcnleri gibi s\u0131radan de\u011fildir.<span class=\"excerpt-hellip\"> [\u2026]<\/span><\/p>\n","protected":false},"featured_media":0,"template":"","meta":{"_monsterinsights_skip_tracking":false,"_monsterinsights_sitenote_active":false,"_monsterinsights_sitenote_note":"","_monsterinsights_sitenote_category":0},"product_brand":[],"product_cat":[12689,12274],"product_tag":[],"class_list":{"0":"post-745095","1":"product","2":"type-product","3":"status-publish","5":"product_cat-cizgi-roman-cocuk-ve-genclik-kitaplari","6":"product_cat-cocuk-ve-genclik-kitaplari","7":"pa_cilt-ciltsiz","8":"pa_tur-kitap","9":"pa_yayinevi-genc-timas","10":"pa_yazar-yasar-bayraktar","12":"first","13":"instock","14":"sale","15":"shipping-taxable","16":"purchasable","17":"product-type-simple"},"_links":{"self":[{"href":"https:\/\/roveyayinevi.com.tr\/index.php\/wp-json\/wp\/v2\/product\/745095","targetHints":{"allow":["GET"]}}],"collection":[{"href":"https:\/\/roveyayinevi.com.tr\/index.php\/wp-json\/wp\/v2\/product"}],"about":[{"href":"https:\/\/roveyayinevi.com.tr\/index.php\/wp-json\/wp\/v2\/types\/product"}],"wp:attachment":[{"href":"https:\/\/roveyayinevi.com.tr\/index.php\/wp-json\/wp\/v2\/media?parent=745095"}],"wp:term":[{"taxonomy":"product_brand","embeddable":true,"href":"https:\/\/roveyayinevi.com.tr\/index.php\/wp-json\/wp\/v2\/product_brand?post=745095"},{"taxonomy":"product_cat","embeddable":true,"href":"https:\/\/roveyayinevi.com.tr\/index.php\/wp-json\/wp\/v2\/product_cat?post=745095"},{"taxonomy":"product_tag","embeddable":true,"href":"https:\/\/roveyayinevi.com.tr\/index.php\/wp-json\/wp\/v2\/product_tag?post=745095"}],"curies":[{"name":"wp","href":"https:\/\/api.w.org\/{rel}","templated":true}]}}