{"id":745072,"date":"2025-08-28T02:11:00","date_gmt":"2025-08-27T23:11:00","guid":{"rendered":"https:\/\/roveyayinevi.com.tr\/index.php\/urun\/duserken-3\/"},"modified":"2026-03-23T03:01:40","modified_gmt":"2026-03-23T00:01:40","slug":"duserken-3","status":"publish","type":"product","link":"https:\/\/roveyayinevi.com.tr\/index.php\/urun\/duserken-3\/","title":{"rendered":"D\u00fc\u015ferken"},"content":{"rendered":"<p>Kurtulu\u015f\u2019un Cin Deresi Mahallesi\u2019nde oturanlar o sabah \u00e7ok m\u00fchim bir olaya uyand\u0131lar; iki \u00e7ocuk babas\u0131 s\u0131hhi tesisat\u00e7\u0131 \u0130shak bilinen hi\u00e7bir sebep yokken birdenbire ortadan kaybolmu\u015ftu. \u00d6nce, neden gitti\u011fine kimse bir anlam veremedi ard\u0131ndan \u0130shak\u2019\u0131n yaln\u0131z ba\u015f\u0131na olmad\u0131\u011f\u0131 anla\u015f\u0131ld\u0131. Bu, pek \u00e7ok \u015feyi a\u00e7\u0131klasa da, ki\u015finin kim oldu\u011fu ortaya \u00e7\u0131k\u0131nca daha b\u00fcy\u00fck bir merak sard\u0131 mahalleyi: \u0130shak \u00fcst katlar\u0131nda oturan gen\u00e7 ressam J\u00fclide ile ka\u00e7\u0131p gitmi\u015fti.   Sonras\u0131\u2026 Sonras\u0131 d\u00fc\u015ferken el ele tutu\u015fanlar\u0131n masal\u0131.   <\/p>\n","protected":false},"excerpt":{"rendered":"<p>Kurtulu\u015f\u2019un Cin Deresi Mahallesi\u2019nde oturanlar o sabah \u00e7ok m\u00fchim bir olaya uyand\u0131lar; iki \u00e7ocuk babas\u0131 s\u0131hhi tesisat\u00e7\u0131 \u0130shak bilinen hi\u00e7bir sebep yokken birdenbire ortadan kaybolmu\u015ftu. \u00d6nce,<span class=\"excerpt-hellip\"> [\u2026]<\/span><\/p>\n","protected":false},"featured_media":0,"template":"","meta":{"_monsterinsights_skip_tracking":false,"_monsterinsights_sitenote_active":false,"_monsterinsights_sitenote_note":"","_monsterinsights_sitenote_category":0},"product_brand":[],"product_cat":[12291,12711],"product_tag":[],"class_list":{"0":"post-745072","1":"product","2":"type-product","3":"status-publish","5":"product_cat-edebiyat","6":"product_cat-roman-oyku","7":"pa_cilt-ciltsiz","8":"pa_tur-kitap","9":"pa_yayinevi-dogan-kitap","10":"pa_yazar-tarik-tufan","12":"first","13":"instock","14":"sale","15":"shipping-taxable","16":"purchasable","17":"product-type-simple"},"_links":{"self":[{"href":"https:\/\/roveyayinevi.com.tr\/index.php\/wp-json\/wp\/v2\/product\/745072","targetHints":{"allow":["GET"]}}],"collection":[{"href":"https:\/\/roveyayinevi.com.tr\/index.php\/wp-json\/wp\/v2\/product"}],"about":[{"href":"https:\/\/roveyayinevi.com.tr\/index.php\/wp-json\/wp\/v2\/types\/product"}],"wp:attachment":[{"href":"https:\/\/roveyayinevi.com.tr\/index.php\/wp-json\/wp\/v2\/media?parent=745072"}],"wp:term":[{"taxonomy":"product_brand","embeddable":true,"href":"https:\/\/roveyayinevi.com.tr\/index.php\/wp-json\/wp\/v2\/product_brand?post=745072"},{"taxonomy":"product_cat","embeddable":true,"href":"https:\/\/roveyayinevi.com.tr\/index.php\/wp-json\/wp\/v2\/product_cat?post=745072"},{"taxonomy":"product_tag","embeddable":true,"href":"https:\/\/roveyayinevi.com.tr\/index.php\/wp-json\/wp\/v2\/product_tag?post=745072"}],"curies":[{"name":"wp","href":"https:\/\/api.w.org\/{rel}","templated":true}]}}