{"id":745053,"date":"2025-08-28T02:10:35","date_gmt":"2025-08-27T23:10:35","guid":{"rendered":"https:\/\/roveyayinevi.com.tr\/index.php\/urun\/denizleri-temizleyen-cevreci-fok\/"},"modified":"2026-04-16T02:57:28","modified_gmt":"2026-04-15T23:57:28","slug":"denizleri-temizleyen-cevreci-fok","status":"publish","type":"product","link":"https:\/\/roveyayinevi.com.tr\/index.php\/urun\/denizleri-temizleyen-cevreci-fok\/","title":{"rendered":"Denizleri Temizleyen \u00c7evreci Fok"},"content":{"rendered":"<p>Ailesiyle birlikte Kuzey Denizi\u2019nin k\u0131y\u0131 \u015feridinde ya\u015fayan k\u00fc\u00e7\u00fck fok, g\u00fcnlerden bir g\u00fcn kendisinden yard\u0131m isteyen boz fokla tan\u0131\u015ft\u0131. Birlikte yola \u00e7\u0131kt\u0131klar\u0131nda denizlerin ve sahillerin ne kadar kirlendi\u011fini g\u00f6ren k\u00fc\u00e7\u00fck fok, hemen bir plan yapt\u0131 ve macera ba\u015flad\u0131&#8230; K\u00fc\u00e7\u00fck okurlar, daha temiz bir d\u00fcnya i\u00e7in neler yap\u0131labilece\u011fini \u00f6\u011frenirken, bilgi sayfalar\u0131ndan foklarla ve \u00e7evreyle ilgili bilgi de edinebilirler. <\/p>\n","protected":false},"excerpt":{"rendered":"<p>Ailesiyle birlikte Kuzey Denizi\u2019nin k\u0131y\u0131 \u015feridinde ya\u015fayan k\u00fc\u00e7\u00fck fok, g\u00fcnlerden bir g\u00fcn kendisinden yard\u0131m isteyen boz fokla tan\u0131\u015ft\u0131. Birlikte yola \u00e7\u0131kt\u0131klar\u0131nda denizlerin ve sahillerin ne kadar<span class=\"excerpt-hellip\"> [\u2026]<\/span><\/p>\n","protected":false},"featured_media":0,"template":"","meta":{"_monsterinsights_skip_tracking":false,"_monsterinsights_sitenote_active":false,"_monsterinsights_sitenote_note":"","_monsterinsights_sitenote_category":0},"product_brand":[],"product_cat":[12274,12284],"product_tag":[],"class_list":{"0":"post-745053","1":"product","2":"type-product","3":"status-publish","5":"product_cat-cocuk-ve-genclik-kitaplari","6":"product_cat-hikayeler","7":"pa_cilt-ciltsiz","8":"pa_tur-kitap","9":"pa_yayinevi-is-bankasi-kultur-yayinlari","10":"pa_yazar-andrea-reitmeyer","12":"first","13":"instock","14":"sale","15":"shipping-taxable","16":"purchasable","17":"product-type-simple"},"_links":{"self":[{"href":"https:\/\/roveyayinevi.com.tr\/index.php\/wp-json\/wp\/v2\/product\/745053","targetHints":{"allow":["GET"]}}],"collection":[{"href":"https:\/\/roveyayinevi.com.tr\/index.php\/wp-json\/wp\/v2\/product"}],"about":[{"href":"https:\/\/roveyayinevi.com.tr\/index.php\/wp-json\/wp\/v2\/types\/product"}],"wp:attachment":[{"href":"https:\/\/roveyayinevi.com.tr\/index.php\/wp-json\/wp\/v2\/media?parent=745053"}],"wp:term":[{"taxonomy":"product_brand","embeddable":true,"href":"https:\/\/roveyayinevi.com.tr\/index.php\/wp-json\/wp\/v2\/product_brand?post=745053"},{"taxonomy":"product_cat","embeddable":true,"href":"https:\/\/roveyayinevi.com.tr\/index.php\/wp-json\/wp\/v2\/product_cat?post=745053"},{"taxonomy":"product_tag","embeddable":true,"href":"https:\/\/roveyayinevi.com.tr\/index.php\/wp-json\/wp\/v2\/product_tag?post=745053"}],"curies":[{"name":"wp","href":"https:\/\/api.w.org\/{rel}","templated":true}]}}