{"id":745043,"date":"2025-08-28T02:10:20","date_gmt":"2025-08-27T23:10:20","guid":{"rendered":"https:\/\/roveyayinevi.com.tr\/index.php\/urun\/leonardo-2\/"},"modified":"2026-04-16T02:57:28","modified_gmt":"2026-04-15T23:57:28","slug":"leonardo-2","status":"publish","type":"product","link":"https:\/\/roveyayinevi.com.tr\/index.php\/urun\/leonardo-2\/","title":{"rendered":"Leonardo"},"content":{"rendered":"<p>\u201cBen anlam\u0131yorum. \u015eimdi sen bana, o d\u00f6vmeyi benim i\u00e7in mi yapt\u0131rd\u0131\u011f\u0131n\u0131 s\u00f6yl\u00fcyorsun?\u201d S\u00f6zlerimle dalg\u0131n ifadesi yok oldu ve dosdo\u011fru g\u00f6zlerimin i\u00e7ine bakt\u0131. \u201cSenin i\u00e7in de\u011fil. Sana ula\u015famad\u0131\u011f\u0131m i\u00e7in yapt\u0131rd\u0131m.\u201d \u201cBeni eskiden beri istedi\u011fini s\u00f6ylemenin ba\u015fka bir yolu mu bu?\u201d C\u00fcmleme devam etmeme izin vermeden beni susturdu. \u201cSenin teninde bir iz olsun istemem. D\u00f6vme i\u00e7in bile olsa ac\u0131 \u00e7ekmeni istemiyorum.\u201d \u201cSana d\u00fcn gece de s\u00f6yledim. Ac\u0131 \u00e7ekmek istiyorum.\u201d *** Annesinin \u00f6l\u00fcm\u00fcnden sonra ac\u0131mas\u0131z mafya lideri babas\u0131 ile t\u00fcm ba\u011flar\u0131n\u0131 koparan Alessandra Amerika\u2019y\u0131 terk ederek \u0130ngiltere\u2019ye ka\u00e7ar. Ama iki y\u0131l\u0131n ard\u0131ndan kalbinden s\u00f6k\u00fcp atamad\u0131\u011f\u0131 kar\u015f\u0131l\u0131ks\u0131z a\u015fk\u0131 Leonardo\u2019yu kar\u015f\u0131s\u0131nda g\u00f6r\u00fcnce \u015fa\u015f\u0131rsa da babas\u0131n\u0131n emriyle onu Amerika\u2019ya d\u00f6nd\u00fcrmek isteyen adama kar\u015f\u0131 \u00e7\u0131kamaz. Sonunda Leonardo\u2019yla eve geri d\u00f6nen Alessandra\u2019y\u0131 k\u00f6t\u00fc bir s\u00fcrpriz, kapal\u0131 kap\u0131lar ard\u0131nda kalm\u0131\u015f aile s\u0131rlar\u0131 ve tutkusuyla yak\u0131p kavuracak bir a\u015fk bekliyordur. <\/p>\n","protected":false},"excerpt":{"rendered":"<p>\u201cBen anlam\u0131yorum. \u015eimdi sen bana, o d\u00f6vmeyi benim i\u00e7in mi yapt\u0131rd\u0131\u011f\u0131n\u0131 s\u00f6yl\u00fcyorsun?\u201d S\u00f6zlerimle dalg\u0131n ifadesi yok oldu ve dosdo\u011fru g\u00f6zlerimin i\u00e7ine bakt\u0131. \u201cSenin i\u00e7in de\u011fil. Sana<span class=\"excerpt-hellip\"> [\u2026]<\/span><\/p>\n","protected":false},"featured_media":0,"template":"","meta":{"_monsterinsights_skip_tracking":false,"_monsterinsights_sitenote_active":false,"_monsterinsights_sitenote_note":"","_monsterinsights_sitenote_category":0},"product_brand":[],"product_cat":[12291,12711],"product_tag":[],"class_list":{"0":"post-745043","1":"product","2":"type-product","3":"status-publish","5":"product_cat-edebiyat","6":"product_cat-roman-oyku","7":"pa_cilt-ciltsiz","8":"pa_tur-kitap","9":"pa_yayinevi-theseus-yayinevi","10":"pa_yazar-seda-meydan","12":"first","13":"instock","14":"sale","15":"shipping-taxable","16":"purchasable","17":"product-type-simple"},"_links":{"self":[{"href":"https:\/\/roveyayinevi.com.tr\/index.php\/wp-json\/wp\/v2\/product\/745043","targetHints":{"allow":["GET"]}}],"collection":[{"href":"https:\/\/roveyayinevi.com.tr\/index.php\/wp-json\/wp\/v2\/product"}],"about":[{"href":"https:\/\/roveyayinevi.com.tr\/index.php\/wp-json\/wp\/v2\/types\/product"}],"wp:attachment":[{"href":"https:\/\/roveyayinevi.com.tr\/index.php\/wp-json\/wp\/v2\/media?parent=745043"}],"wp:term":[{"taxonomy":"product_brand","embeddable":true,"href":"https:\/\/roveyayinevi.com.tr\/index.php\/wp-json\/wp\/v2\/product_brand?post=745043"},{"taxonomy":"product_cat","embeddable":true,"href":"https:\/\/roveyayinevi.com.tr\/index.php\/wp-json\/wp\/v2\/product_cat?post=745043"},{"taxonomy":"product_tag","embeddable":true,"href":"https:\/\/roveyayinevi.com.tr\/index.php\/wp-json\/wp\/v2\/product_tag?post=745043"}],"curies":[{"name":"wp","href":"https:\/\/api.w.org\/{rel}","templated":true}]}}