{"id":745033,"date":"2025-08-28T02:10:09","date_gmt":"2025-08-27T23:10:09","guid":{"rendered":"https:\/\/roveyayinevi.com.tr\/index.php\/urun\/bilsem-mulakatlarina-hazirlik-soru-bankasi\/"},"modified":"2026-04-16T02:57:28","modified_gmt":"2026-04-15T23:57:28","slug":"bilsem-mulakatlarina-hazirlik-soru-bankasi","status":"publish","type":"product","link":"https:\/\/roveyayinevi.com.tr\/index.php\/urun\/bilsem-mulakatlarina-hazirlik-soru-bankasi\/","title":{"rendered":"Bilsem M\u00fclakatlar\u0131na Haz\u0131rl\u0131k Soru Bankas\u0131"},"content":{"rendered":"<p>Anneler, babalar; unutmay\u0131n! Her \u00e7ocuk \u00f6zeldir. \u00c7ocu\u011funuzun faydal\u0131 ve mutlu bir birey olarak hayata devam edebilmesi i\u00e7in yeteneklerinin ke\u015ffedilmesine olanak sa\u011flay\u0131n. Bu nedenle B\u0130LSEM m\u00fclakatlar\u0131 i\u00e7in haz\u0131rlanan bu kitap \u00f6\u011frenciniz i\u00e7in en iyiye ula\u015fman\u0131z\u0131 hedeflemektedir. Bu kitab\u0131 kullan\u0131rken; s\u0131nav sorular\u0131n\u0131n \u00f6\u011fretmen taraf\u0131ndan sorulaca\u011f\u0131 ve \u00f6\u011frencinin bu sorulara s\u00f6zl\u00fc olarak cevap verece\u011fi dikkate al\u0131nd\u0131\u011f\u0131ndan, sorular\u0131 sorma g\u00f6revi evde veliye d\u00fc\u015fmektedir. \u00d6\u011frenci kitapta bulunan sorular\u0131 g\u00f6rmemelidir. Zira her sorunun alt k\u0131sm\u0131nda cevaplar\u0131 mevcuttur. Veli, s\u0131nav yapan \u00f6\u011fretmenmi\u015f gibi sorular\u0131 \u00f6\u011frenciye s\u00f6zel olarak soracak ve verilen s\u00fcrede sorunun cevaplanmas\u0131 istenecektir. S\u00fcre bitiminde mutlaka di\u011fer soruya ge\u00e7ilecektir. Her sorunun yan\u0131nda cevaplama s\u00fcresi bulunmaktad\u0131r. Guruplarda otuzar soru \u2013 g\u00f6rsel veya i\u015fitsel olarak bulunmaktad\u0131r. G\u00f6rsel sorularda \u00f6\u011frenciye g\u00f6rsel g\u00f6sterilecek, verilen s\u00fcre sonunda g\u00f6rsel kald\u0131r\u0131lacak ve soru s\u00f6zl\u00fc olarak sorulacakt\u0131r. \u0130\u015fitsel ve haf\u0131za sorular\u0131nda \u00f6\u011frenci sadece sorular\u0131 i\u015fitecek ve cevaplayacakt\u0131r. Bu yolla \u00f6\u011frencinin kavrama g\u00fcc\u00fc s\u0131nanacakt\u0131r. \u00d6nerilen g\u00fcnde bir test \u00e7\u00f6z\u00fcm\u00fcd\u00fcr. M\u00fclakatlar 20 \u2013 25 dakika ile 45 dakika aras\u0131nda s\u00fcrebilmektedir. \u015eimdiden siz de\u011ferli velilerimize ve \u00f6\u011frencilerimize kolayl\u0131klar ve ba\u015far\u0131lar dilerim. Tacettin KANDEM\u0130R <\/p>\n","protected":false},"excerpt":{"rendered":"<p>Anneler, babalar; unutmay\u0131n! Her \u00e7ocuk \u00f6zeldir. \u00c7ocu\u011funuzun faydal\u0131 ve mutlu bir birey olarak hayata devam edebilmesi i\u00e7in yeteneklerinin ke\u015ffedilmesine olanak sa\u011flay\u0131n. Bu nedenle B\u0130LSEM m\u00fclakatlar\u0131 i\u00e7in<span class=\"excerpt-hellip\"> [\u2026]<\/span><\/p>\n","protected":false},"featured_media":0,"template":"","meta":{"_monsterinsights_skip_tracking":false,"_monsterinsights_sitenote_active":false,"_monsterinsights_sitenote_note":"","_monsterinsights_sitenote_category":0},"product_brand":[],"product_cat":[12566,13473],"product_tag":[],"class_list":{"0":"post-745033","1":"product","2":"type-product","3":"status-publish","5":"product_cat-egitim","6":"product_cat-sinavlara-hazirlik-okula-yardimci-kaynaklar","7":"pa_cilt-ciltsiz","8":"pa_tur-kitap","9":"pa_yayinevi-fark-yayinlari","10":"pa_yazar-tacettin-kandemir","12":"first","13":"instock","14":"sale","15":"shipping-taxable","16":"purchasable","17":"product-type-simple"},"_links":{"self":[{"href":"https:\/\/roveyayinevi.com.tr\/index.php\/wp-json\/wp\/v2\/product\/745033","targetHints":{"allow":["GET"]}}],"collection":[{"href":"https:\/\/roveyayinevi.com.tr\/index.php\/wp-json\/wp\/v2\/product"}],"about":[{"href":"https:\/\/roveyayinevi.com.tr\/index.php\/wp-json\/wp\/v2\/types\/product"}],"wp:attachment":[{"href":"https:\/\/roveyayinevi.com.tr\/index.php\/wp-json\/wp\/v2\/media?parent=745033"}],"wp:term":[{"taxonomy":"product_brand","embeddable":true,"href":"https:\/\/roveyayinevi.com.tr\/index.php\/wp-json\/wp\/v2\/product_brand?post=745033"},{"taxonomy":"product_cat","embeddable":true,"href":"https:\/\/roveyayinevi.com.tr\/index.php\/wp-json\/wp\/v2\/product_cat?post=745033"},{"taxonomy":"product_tag","embeddable":true,"href":"https:\/\/roveyayinevi.com.tr\/index.php\/wp-json\/wp\/v2\/product_tag?post=745033"}],"curies":[{"name":"wp","href":"https:\/\/api.w.org\/{rel}","templated":true}]}}