{"id":745027,"date":"2025-08-28T02:09:56","date_gmt":"2025-08-27T23:09:56","guid":{"rendered":"https:\/\/roveyayinevi.com.tr\/index.php\/urun\/allah-var-diyorsan-allah-yokmus-gibi-yasama\/"},"modified":"2026-04-16T02:57:27","modified_gmt":"2026-04-15T23:57:27","slug":"allah-var-diyorsan-allah-yokmus-gibi-yasama","status":"publish","type":"product","link":"https:\/\/roveyayinevi.com.tr\/index.php\/urun\/allah-var-diyorsan-allah-yokmus-gibi-yasama\/","title":{"rendered":"Allah Var Diyorsan  Allah Yokmu\u015f Gibi Ya\u015fama"},"content":{"rendered":"<p>Ey iman edenler, iman ediniz!     Her \u015feyin anlam\u0131 ve lezzeti ancak Allah&#8217;\u0131 hakk\u0131yla tan\u0131mak ve sevmekle m\u00fcmk\u00fcnd\u00fcr. Aksi halde ya\u015fad\u0131\u011f\u0131m\u0131z hayat, bir ill\u00fczyonun ge\u00e7ici kand\u0131rmacas\u0131ndan \u00f6teye ge\u00e7emez&#8230;<\/p>\n","protected":false},"excerpt":{"rendered":"<p>Ey iman edenler, iman ediniz! Her \u015feyin anlam\u0131 ve lezzeti ancak Allah&#8217;\u0131 hakk\u0131yla tan\u0131mak ve sevmekle m\u00fcmk\u00fcnd\u00fcr. Aksi halde ya\u015fad\u0131\u011f\u0131m\u0131z hayat, bir ill\u00fczyonun ge\u00e7ici kand\u0131rmacas\u0131ndan \u00f6teye<span class=\"excerpt-hellip\"> [\u2026]<\/span><\/p>\n","protected":false},"featured_media":0,"template":"","meta":{"_monsterinsights_skip_tracking":false,"_monsterinsights_sitenote_active":false,"_monsterinsights_sitenote_note":"","_monsterinsights_sitenote_category":0},"product_brand":[],"product_cat":[12364,12376],"product_tag":[],"class_list":{"0":"post-745027","1":"product","2":"type-product","3":"status-publish","5":"product_cat-genel-konular","6":"product_cat-kisisel-gelisim","7":"pa_cilt-ciltsiz","8":"pa_tur-kitap","9":"pa_yayinevi-hayykitap","10":"pa_yazar-mehmet-salim-oztoksoy","12":"first","13":"instock","14":"sale","15":"shipping-taxable","16":"purchasable","17":"product-type-simple"},"_links":{"self":[{"href":"https:\/\/roveyayinevi.com.tr\/index.php\/wp-json\/wp\/v2\/product\/745027","targetHints":{"allow":["GET"]}}],"collection":[{"href":"https:\/\/roveyayinevi.com.tr\/index.php\/wp-json\/wp\/v2\/product"}],"about":[{"href":"https:\/\/roveyayinevi.com.tr\/index.php\/wp-json\/wp\/v2\/types\/product"}],"wp:attachment":[{"href":"https:\/\/roveyayinevi.com.tr\/index.php\/wp-json\/wp\/v2\/media?parent=745027"}],"wp:term":[{"taxonomy":"product_brand","embeddable":true,"href":"https:\/\/roveyayinevi.com.tr\/index.php\/wp-json\/wp\/v2\/product_brand?post=745027"},{"taxonomy":"product_cat","embeddable":true,"href":"https:\/\/roveyayinevi.com.tr\/index.php\/wp-json\/wp\/v2\/product_cat?post=745027"},{"taxonomy":"product_tag","embeddable":true,"href":"https:\/\/roveyayinevi.com.tr\/index.php\/wp-json\/wp\/v2\/product_tag?post=745027"}],"curies":[{"name":"wp","href":"https:\/\/api.w.org\/{rel}","templated":true}]}}