{"id":745017,"date":"2025-08-28T02:09:42","date_gmt":"2025-08-27T23:09:42","guid":{"rendered":"https:\/\/roveyayinevi.com.tr\/index.php\/urun\/gafile-kelam-nafile-kelam\/"},"modified":"2026-04-16T02:57:27","modified_gmt":"2026-04-15T23:57:27","slug":"gafile-kelam-nafile-kelam","status":"publish","type":"product","link":"https:\/\/roveyayinevi.com.tr\/index.php\/urun\/gafile-kelam-nafile-kelam\/","title":{"rendered":"Gafile Kelam, Nafile Kelam"},"content":{"rendered":"<p>Bireyin gafil oldu\u011funu tespit etti\u011finiz andan itibaren mevcut duruma maalesef sohbet denemez art\u0131k. \u00c7ok b\u00fcy\u00fck bir s\u00f6z, daha do\u011frusu ve daha da dramati\u011fi duygu israf\u0131 ya\u015fanm\u0131\u015ft\u0131r. Yolda\u015fl\u0131k (gafille olmaz), hemdertlik (yok \u00f6yle bir \u015fey) \u00e7oktan bozulmu\u015f, ifade etmeye \u00e7al\u0131\u015ft\u0131klar\u0131m\u0131z\u0131n kar\u015f\u0131m\u0131zdaki taraf\u0131ndan alg\u0131lanma seviyesi umdu\u011funuz d\u00fczeyde veya hi\u00e7 olmam\u0131\u015ft\u0131r (maalesef).   Bu arada hepimizin i\u00e7inde bir gafilin, gafilli\u011fin oldu\u011funu ve herkesin bir ba\u015fkas\u0131n\u0131n gafili olabilece\u011fi ger\u00e7e\u011fini unutmamal\u0131y\u0131z.   Bu ve buna benzer her durumda de\u011fi\u015f toku\u015fun bitti\u011fini anlamadan t\u00fcm be\u015feri ili\u015fkilerde kendini gayretli bir \u015fekilde anlatmaya, sahip oldu\u011fu ne varsa payla\u015fmaya devam eden fedak\u00e2r bir duygusalsan, hayat\u0131ma ho\u015f geldin. <\/p>\n","protected":false},"excerpt":{"rendered":"<p>Bireyin gafil oldu\u011funu tespit etti\u011finiz andan itibaren mevcut duruma maalesef sohbet denemez art\u0131k. \u00c7ok b\u00fcy\u00fck bir s\u00f6z, daha do\u011frusu ve daha da dramati\u011fi duygu israf\u0131 ya\u015fanm\u0131\u015ft\u0131r.<span class=\"excerpt-hellip\"> [\u2026]<\/span><\/p>\n","protected":false},"featured_media":0,"template":"","meta":{"_monsterinsights_skip_tracking":false,"_monsterinsights_sitenote_active":false,"_monsterinsights_sitenote_note":"","_monsterinsights_sitenote_category":0},"product_brand":[],"product_cat":[12777,12291],"product_tag":[],"class_list":{"0":"post-745017","1":"product","2":"type-product","3":"status-publish","5":"product_cat-deneme","6":"product_cat-edebiyat","7":"pa_cilt-ciltsiz","8":"pa_tur-kitap","9":"pa_yayinevi-luna-yayinlari","10":"pa_yazar-bulent-bozkurt","12":"first","13":"instock","14":"sale","15":"shipping-taxable","16":"purchasable","17":"product-type-simple"},"_links":{"self":[{"href":"https:\/\/roveyayinevi.com.tr\/index.php\/wp-json\/wp\/v2\/product\/745017","targetHints":{"allow":["GET"]}}],"collection":[{"href":"https:\/\/roveyayinevi.com.tr\/index.php\/wp-json\/wp\/v2\/product"}],"about":[{"href":"https:\/\/roveyayinevi.com.tr\/index.php\/wp-json\/wp\/v2\/types\/product"}],"wp:attachment":[{"href":"https:\/\/roveyayinevi.com.tr\/index.php\/wp-json\/wp\/v2\/media?parent=745017"}],"wp:term":[{"taxonomy":"product_brand","embeddable":true,"href":"https:\/\/roveyayinevi.com.tr\/index.php\/wp-json\/wp\/v2\/product_brand?post=745017"},{"taxonomy":"product_cat","embeddable":true,"href":"https:\/\/roveyayinevi.com.tr\/index.php\/wp-json\/wp\/v2\/product_cat?post=745017"},{"taxonomy":"product_tag","embeddable":true,"href":"https:\/\/roveyayinevi.com.tr\/index.php\/wp-json\/wp\/v2\/product_tag?post=745017"}],"curies":[{"name":"wp","href":"https:\/\/api.w.org\/{rel}","templated":true}]}}