{"id":745007,"date":"2025-08-28T02:09:32","date_gmt":"2025-08-27T23:09:32","guid":{"rendered":"https:\/\/roveyayinevi.com.tr\/index.php\/urun\/yonetim-danismanligi-ve-turk-kamu-yonetimi\/"},"modified":"2026-04-16T02:57:27","modified_gmt":"2026-04-15T23:57:27","slug":"yonetim-danismanligi-ve-turk-kamu-yonetimi","status":"publish","type":"product","link":"https:\/\/roveyayinevi.com.tr\/index.php\/urun\/yonetim-danismanligi-ve-turk-kamu-yonetimi\/","title":{"rendered":"Y\u00f6netim Dan\u0131\u015fmanl\u0131\u011f\u0131 ve T\u00fcrk Kamu Y\u00f6netimi"},"content":{"rendered":"<p>Bu \u00e7al\u0131\u015fma, T\u00fcrkiye\u2019de de altm\u0131\u015f y\u0131l\u0131 a\u015fk\u0131n s\u00fcredir kamu y\u00f6netiminin ve politikas\u0131n\u0131n par\u00e7as\u0131 olarak -\u00e7ok da fark edilmeden- \u00f6nemli g\u00f6revler \u00fcstlenen y\u00f6netim dan\u0131\u015fmanlar\u0131n\u0131n faaliyetlerine dikkat \u00e7ekmek ve bunlar\u0131n kamu y\u00f6netiminin ya da politika dan\u0131\u015fma sisteminin (policy advisory system) bir par\u00e7as\u0131 haline nas\u0131l geldi\u011fini a\u00e7\u0131klamak \u00fczere kaleme al\u0131nm\u0131\u015ft\u0131r. Birka\u00e7 istisna d\u0131\u015far\u0131da b\u0131rak\u0131l\u0131rsa, y\u00f6netim dan\u0131\u015fmanl\u0131\u011f\u0131 (management consultancy) konusunun T\u00fcrk kamu y\u00f6netimi literat\u00fcr\u00fcnde kendisine yer bulamad\u0131\u011f\u0131, bunlar\u0131n bir k\u0131sm\u0131n\u0131n da bu \u00e7al\u0131\u015fman\u0131n haz\u0131rland\u0131\u011f\u0131 d\u00f6nemde ortaya \u00e7\u0131kt\u0131\u011f\u0131 g\u00f6r\u00fclmektedir. Ancak bahse konu \u00e7al\u0131\u015fmalar\u0131n hi\u00e7birinde konu, burada ele al\u0131nan kapsamda yani y\u00f6netim dan\u0131\u015fmanlar\u0131n\u0131n T\u00fcrkiye\u2019de politika dan\u0131\u015fma sisteminin bir akt\u00f6r\u00fc haline ne zaman ve hangi ko\u015fullar alt\u0131nda geldi\u011fini anlamak ve a\u00e7\u0131klamak \u00fczere ele al\u0131nmam\u0131\u015ft\u0131r. <\/p>\n","protected":false},"excerpt":{"rendered":"<p>Bu \u00e7al\u0131\u015fma, T\u00fcrkiye\u2019de de altm\u0131\u015f y\u0131l\u0131 a\u015fk\u0131n s\u00fcredir kamu y\u00f6netiminin ve politikas\u0131n\u0131n par\u00e7as\u0131 olarak -\u00e7ok da fark edilmeden- \u00f6nemli g\u00f6revler \u00fcstlenen y\u00f6netim dan\u0131\u015fmanlar\u0131n\u0131n faaliyetlerine dikkat \u00e7ekmek<span class=\"excerpt-hellip\"> [\u2026]<\/span><\/p>\n","protected":false},"featured_media":0,"template":"","meta":{"_monsterinsights_skip_tracking":false,"_monsterinsights_sitenote_active":false,"_monsterinsights_sitenote_note":"","_monsterinsights_sitenote_category":0},"product_brand":[],"product_cat":[13059,12337],"product_tag":[],"class_list":{"0":"post-745007","1":"product","2":"type-product","3":"status-publish","5":"product_cat-diger-politika-siyaset","6":"product_cat-politika-siyaset","7":"pa_cilt-ciltsiz","8":"pa_tur-kitap","9":"pa_yayinevi-tiav","10":"pa_yazar-ahmet-oguz-aslan","12":"first","13":"instock","14":"sale","15":"shipping-taxable","16":"purchasable","17":"product-type-simple"},"_links":{"self":[{"href":"https:\/\/roveyayinevi.com.tr\/index.php\/wp-json\/wp\/v2\/product\/745007","targetHints":{"allow":["GET"]}}],"collection":[{"href":"https:\/\/roveyayinevi.com.tr\/index.php\/wp-json\/wp\/v2\/product"}],"about":[{"href":"https:\/\/roveyayinevi.com.tr\/index.php\/wp-json\/wp\/v2\/types\/product"}],"wp:attachment":[{"href":"https:\/\/roveyayinevi.com.tr\/index.php\/wp-json\/wp\/v2\/media?parent=745007"}],"wp:term":[{"taxonomy":"product_brand","embeddable":true,"href":"https:\/\/roveyayinevi.com.tr\/index.php\/wp-json\/wp\/v2\/product_brand?post=745007"},{"taxonomy":"product_cat","embeddable":true,"href":"https:\/\/roveyayinevi.com.tr\/index.php\/wp-json\/wp\/v2\/product_cat?post=745007"},{"taxonomy":"product_tag","embeddable":true,"href":"https:\/\/roveyayinevi.com.tr\/index.php\/wp-json\/wp\/v2\/product_tag?post=745007"}],"curies":[{"name":"wp","href":"https:\/\/api.w.org\/{rel}","templated":true}]}}