{"id":745006,"date":"2025-08-28T02:09:31","date_gmt":"2025-08-27T23:09:31","guid":{"rendered":"https:\/\/roveyayinevi.com.tr\/index.php\/urun\/sivil-toplum\/"},"modified":"2026-04-16T02:57:27","modified_gmt":"2026-04-15T23:57:27","slug":"sivil-toplum","status":"publish","type":"product","link":"https:\/\/roveyayinevi.com.tr\/index.php\/urun\/sivil-toplum\/","title":{"rendered":"Sivil Toplum"},"content":{"rendered":"<p>Bir kitap, ya\u011fan ya\u011fmurlar\u0131n, eriyen karlar\u0131n ve yer alt\u0131 sular\u0131n\u0131n topland\u0131\u011f\u0131 bir da\u011fdan akmaya ba\u015flay\u0131p uzun ve ince yolculu\u011fu neticesinde denize d\u00f6k\u00fclen bir \u0131rma\u011fa benzetilebilir. Kitab\u0131n her bir sayfas\u0131 birbirine ard\u0131\u015f\u0131k olarak eklendi\u011finde uzun bir bilgi \u0131rma\u011f\u0131 olu\u015fmakta, sayfalardan olu\u015fan havzas\u0131nda bir\u00e7ok kaynak bulu\u015fmakta ve en sonunda bilgi denizine d\u00f6k\u00fclmektedir. Ak\u0131nt\u0131s\u0131na katt\u0131\u011f\u0131 yolcular\u0131n\u0131 iki kapa\u011f\u0131 aras\u0131ndamenziline do\u011fru ta\u015f\u0131maktad\u0131r. Sivil toplum kitab\u0131 da do\u011fdu\u011fu yerden \u00e7\u0131karak, havzas\u0131ndakilerden hayat bularak, uzun ve ince bir yolculu\u011fa \u00e7\u0131karak haz\u0131rlanm\u0131\u015ft\u0131r. Sivil toplumun hik\u00e2yesi elinizdeki kitab\u0131n sayfalar\u0131nda bazen co\u015fkun bazen dingin bir \u015fekilde akarak yolunu bulmu\u015ftur. Zengin ve \u00e7ok \u00e7e\u015fitli kaynaklar\u0131 b\u00fcnyesinde toplam\u0131\u015ft\u0131r. U\u011frad\u0131\u011f\u0131 yerlerden ilham alm\u0131\u015f, u\u011fra\u015ft\u0131\u011f\u0131 \u015feylerin \u00fcstesinden gelmeye \u00e7abalam\u0131\u015ft\u0131r. Her \u015feye ra\u011fmen yoluna devam etmeyi ve bilgi denizine ula\u015fmay\u0131 ba\u015farm\u0131\u015ft\u0131r.  Kendi ruhunu kazanarak en sonunda okuyucular\u0131n\u0131n okuma seyahatine haz\u0131r hale gelmi\u015ftir. <\/p>\n","protected":false},"excerpt":{"rendered":"<p>Bir kitap, ya\u011fan ya\u011fmurlar\u0131n, eriyen karlar\u0131n ve yer alt\u0131 sular\u0131n\u0131n topland\u0131\u011f\u0131 bir da\u011fdan akmaya ba\u015flay\u0131p uzun ve ince yolculu\u011fu neticesinde denize d\u00f6k\u00fclen bir \u0131rma\u011fa benzetilebilir. Kitab\u0131n<span class=\"excerpt-hellip\"> [\u2026]<\/span><\/p>\n","protected":false},"featured_media":0,"template":"","meta":{"_monsterinsights_skip_tracking":false,"_monsterinsights_sitenote_active":false,"_monsterinsights_sitenote_note":"","_monsterinsights_sitenote_category":0},"product_brand":[],"product_cat":[13278,12324],"product_tag":[],"class_list":{"0":"post-745006","1":"product","2":"type-product","3":"status-publish","5":"product_cat-sivil-toplum-kuruluslari","6":"product_cat-sosyoloji","7":"pa_cilt-ciltsiz","8":"pa_tur-kitap","9":"pa_yayinevi-tiav","10":"pa_yazar-hakan-dulkadiroglu","12":"first","13":"instock","14":"sale","15":"shipping-taxable","16":"purchasable","17":"product-type-simple"},"_links":{"self":[{"href":"https:\/\/roveyayinevi.com.tr\/index.php\/wp-json\/wp\/v2\/product\/745006","targetHints":{"allow":["GET"]}}],"collection":[{"href":"https:\/\/roveyayinevi.com.tr\/index.php\/wp-json\/wp\/v2\/product"}],"about":[{"href":"https:\/\/roveyayinevi.com.tr\/index.php\/wp-json\/wp\/v2\/types\/product"}],"wp:attachment":[{"href":"https:\/\/roveyayinevi.com.tr\/index.php\/wp-json\/wp\/v2\/media?parent=745006"}],"wp:term":[{"taxonomy":"product_brand","embeddable":true,"href":"https:\/\/roveyayinevi.com.tr\/index.php\/wp-json\/wp\/v2\/product_brand?post=745006"},{"taxonomy":"product_cat","embeddable":true,"href":"https:\/\/roveyayinevi.com.tr\/index.php\/wp-json\/wp\/v2\/product_cat?post=745006"},{"taxonomy":"product_tag","embeddable":true,"href":"https:\/\/roveyayinevi.com.tr\/index.php\/wp-json\/wp\/v2\/product_tag?post=745006"}],"curies":[{"name":"wp","href":"https:\/\/api.w.org\/{rel}","templated":true}]}}