{"id":744979,"date":"2025-08-28T02:08:56","date_gmt":"2025-08-27T23:08:56","guid":{"rendered":"https:\/\/roveyayinevi.com.tr\/index.php\/urun\/hayvan-ciftligi-halide-edip-adivar-cevirisiyle\/"},"modified":"2026-04-16T02:57:26","modified_gmt":"2026-04-15T23:57:26","slug":"hayvan-ciftligi-halide-edip-adivar-cevirisiyle","status":"publish","type":"product","link":"https:\/\/roveyayinevi.com.tr\/index.php\/urun\/hayvan-ciftligi-halide-edip-adivar-cevirisiyle\/","title":{"rendered":"Hayvan \u00c7iftli\u011fi (Halide Edip Ad\u0131var \u00c7evirisiyle)"},"content":{"rendered":"<p>\u201cB\u00fct\u00fcn hayvanlar e\u015fittir fakat baz\u0131 hayvanlar \u00f6tekilerden fazla e\u015fittir.\u201dYaz\u0131ld\u0131\u011f\u0131 zaman\u0131 a\u015f\u0131p, b\u00fct\u00fcn zamanlar\u0131n totaliter sistemlerini, bask\u0131c\u0131 y\u00f6netimlerini ve y\u00f6neticilerini hicveden distopik bir ba\u015fyap\u0131t\u2026\u0130ktidar h\u0131rs\u0131n\u0131n, insanl\u0131\u011f\u0131n e\u015fitlik ve \u00f6zg\u00fcrl\u00fck m\u00fccadelesini yozla\u015ft\u0131rmas\u0131na kar\u015f\u0131 adanm\u0131\u015f edebi bir manifesto!Goorge Orwell\u2019in 1945\u2019te \u201cbir peri masal\u0131\u201d nitelemesiyle sundu\u011fu bu k\u00fclt roman\u0131n\u0131 \u00fcnl\u00fc yazar\u0131m\u0131z Halide Edib Ad\u0131var\u2019\u0131n \u00e7evirisinden okumak\u2026 ayr\u0131 bir zevk olacakt\u0131r.<\/p>\n","protected":false},"excerpt":{"rendered":"<p>\u201cB\u00fct\u00fcn hayvanlar e\u015fittir fakat baz\u0131 hayvanlar \u00f6tekilerden fazla e\u015fittir.\u201dYaz\u0131ld\u0131\u011f\u0131 zaman\u0131 a\u015f\u0131p, b\u00fct\u00fcn zamanlar\u0131n totaliter sistemlerini, bask\u0131c\u0131 y\u00f6netimlerini ve y\u00f6neticilerini hicveden distopik bir ba\u015fyap\u0131t\u2026\u0130ktidar h\u0131rs\u0131n\u0131n, insanl\u0131\u011f\u0131n e\u015fitlik<span class=\"excerpt-hellip\"> [\u2026]<\/span><\/p>\n","protected":false},"featured_media":0,"template":"","meta":{"_monsterinsights_skip_tracking":false,"_monsterinsights_sitenote_active":false,"_monsterinsights_sitenote_note":"","_monsterinsights_sitenote_category":0},"product_brand":[],"product_cat":[12291,12711],"product_tag":[],"class_list":{"0":"post-744979","1":"product","2":"type-product","3":"status-publish","5":"product_cat-edebiyat","6":"product_cat-roman-oyku","7":"pa_cilt-ciltsiz","8":"pa_tur-kitap","9":"pa_yayinevi-fom-kitap","10":"pa_yazar-george-orwell","12":"first","13":"instock","14":"sale","15":"shipping-taxable","16":"purchasable","17":"product-type-simple"},"_links":{"self":[{"href":"https:\/\/roveyayinevi.com.tr\/index.php\/wp-json\/wp\/v2\/product\/744979","targetHints":{"allow":["GET"]}}],"collection":[{"href":"https:\/\/roveyayinevi.com.tr\/index.php\/wp-json\/wp\/v2\/product"}],"about":[{"href":"https:\/\/roveyayinevi.com.tr\/index.php\/wp-json\/wp\/v2\/types\/product"}],"wp:attachment":[{"href":"https:\/\/roveyayinevi.com.tr\/index.php\/wp-json\/wp\/v2\/media?parent=744979"}],"wp:term":[{"taxonomy":"product_brand","embeddable":true,"href":"https:\/\/roveyayinevi.com.tr\/index.php\/wp-json\/wp\/v2\/product_brand?post=744979"},{"taxonomy":"product_cat","embeddable":true,"href":"https:\/\/roveyayinevi.com.tr\/index.php\/wp-json\/wp\/v2\/product_cat?post=744979"},{"taxonomy":"product_tag","embeddable":true,"href":"https:\/\/roveyayinevi.com.tr\/index.php\/wp-json\/wp\/v2\/product_tag?post=744979"}],"curies":[{"name":"wp","href":"https:\/\/api.w.org\/{rel}","templated":true}]}}