{"id":744977,"date":"2025-08-28T02:08:53","date_gmt":"2025-08-27T23:08:53","guid":{"rendered":"https:\/\/roveyayinevi.com.tr\/index.php\/urun\/garip-nasil-okuyacak\/"},"modified":"2026-04-16T02:57:26","modified_gmt":"2026-04-15T23:57:26","slug":"garip-nasil-okuyacak","status":"publish","type":"product","link":"https:\/\/roveyayinevi.com.tr\/index.php\/urun\/garip-nasil-okuyacak\/","title":{"rendered":"Garip Nas\u0131l Okuyacak"},"content":{"rendered":"<p>\u201cBaharda anam gelir, dedem gelir beni almaya. Onlara s\u00f6ylerim. Gene Nemrut&#8217;taki yerimize konar\u0131z. Otlar adam boyu olur o zaman. Renk renk \u00e7i\u00e7ekler a\u00e7ar. Da\u011flar donan\u0131r. \u0130\u015fte ben o zaman, tepeleri a\u015farak, da\u011flardan, \u00e7i\u00e7eklerin, otlar\u0131n aras\u0131ndan \u00e7\u0131kar gelirim buraya. Ko\u015farak. Nemrut&#8217;tan buraya. Hi\u00e7 dinlenmeden. G\u00fcn boyu ko\u015farak.\u201d<\/p>\n","protected":false},"excerpt":{"rendered":"<p>\u201cBaharda anam gelir, dedem gelir beni almaya. Onlara s\u00f6ylerim. Gene Nemrut&#8217;taki yerimize konar\u0131z. Otlar adam boyu olur o zaman. Renk renk \u00e7i\u00e7ekler a\u00e7ar. Da\u011flar donan\u0131r. \u0130\u015fte<span class=\"excerpt-hellip\"> [\u2026]<\/span><\/p>\n","protected":false},"featured_media":0,"template":"","meta":{"_monsterinsights_skip_tracking":false,"_monsterinsights_sitenote_active":false,"_monsterinsights_sitenote_note":"","_monsterinsights_sitenote_category":0},"product_brand":[],"product_cat":[12291,12711],"product_tag":[],"class_list":{"0":"post-744977","1":"product","2":"type-product","3":"status-publish","5":"product_cat-edebiyat","6":"product_cat-roman-oyku","7":"pa_cilt-ciltsiz","8":"pa_tur-kitap","9":"pa_yayinevi-fom-kitap","10":"pa_yazar-adnan-ozyalciner","12":"first","13":"instock","14":"sale","15":"shipping-taxable","16":"purchasable","17":"product-type-simple"},"_links":{"self":[{"href":"https:\/\/roveyayinevi.com.tr\/index.php\/wp-json\/wp\/v2\/product\/744977","targetHints":{"allow":["GET"]}}],"collection":[{"href":"https:\/\/roveyayinevi.com.tr\/index.php\/wp-json\/wp\/v2\/product"}],"about":[{"href":"https:\/\/roveyayinevi.com.tr\/index.php\/wp-json\/wp\/v2\/types\/product"}],"wp:attachment":[{"href":"https:\/\/roveyayinevi.com.tr\/index.php\/wp-json\/wp\/v2\/media?parent=744977"}],"wp:term":[{"taxonomy":"product_brand","embeddable":true,"href":"https:\/\/roveyayinevi.com.tr\/index.php\/wp-json\/wp\/v2\/product_brand?post=744977"},{"taxonomy":"product_cat","embeddable":true,"href":"https:\/\/roveyayinevi.com.tr\/index.php\/wp-json\/wp\/v2\/product_cat?post=744977"},{"taxonomy":"product_tag","embeddable":true,"href":"https:\/\/roveyayinevi.com.tr\/index.php\/wp-json\/wp\/v2\/product_tag?post=744977"}],"curies":[{"name":"wp","href":"https:\/\/api.w.org\/{rel}","templated":true}]}}