{"id":744973,"date":"2025-08-28T02:08:47","date_gmt":"2025-08-27T23:08:47","guid":{"rendered":"https:\/\/roveyayinevi.com.tr\/index.php\/urun\/dede-korkut-kitabi-3\/"},"modified":"2026-04-16T02:56:48","modified_gmt":"2026-04-15T23:56:48","slug":"dede-korkut-kitabi-3","status":"publish","type":"product","link":"https:\/\/roveyayinevi.com.tr\/index.php\/urun\/dede-korkut-kitabi-3\/","title":{"rendered":"Dede Korkut Kitab\u0131"},"content":{"rendered":"<p>\u201cB\u00fct\u00fcn T\u00fcrk edebiyat\u0131n\u0131 terazinin bir g\u00f6z\u00fcne, Dede Korkut&#8217;u da \u00f6b\u00fcr g\u00f6z\u00fcne koysan\u0131z, yine Dede Korkut a\u011f\u0131r basar.\u201dOrd. Prof. Dr. Mehmet Fuat K\u00f6pr\u00fcl\u00fc Yaz\u0131lmas\u0131n\u0131n \u00fczerinden 600, anlat\u0131lmaya ba\u015flanmas\u0131n\u0131n ard\u0131ndan kim bilir ka\u00e7 y\u00fcz y\u0131l ge\u00e7mesine ra\u011fmen, h\u00e2l\u00e2 bireye \u00f6\u011f\u00fct, topluma ders veren yap\u0131s\u0131n\u0131 kaybetmemi\u015f; \u015fark\u0131lara, filmlere konu olmu\u015f; d\u00f6nem dilini, k\u0131yafetlerini, gelenek-g\u00f6reneklerini ve T\u00fcrk k\u00fclt\u00fcr\u00fcn\u00fcn zamane yap\u0131s\u0131n\u0131 yans\u0131tan bu eser edebiyat\u0131m\u0131z\u0131n b\u00fcy\u00fck ustalar\u0131ndan Adnan \u00d6zyal\u00e7\u0131ner&#8217;in g\u00fcn\u00fcm\u00fcz dilinde anlat\u0131m\u0131yla sizinle bulu\u015fuyor.<\/p>\n","protected":false},"excerpt":{"rendered":"<p>\u201cB\u00fct\u00fcn T\u00fcrk edebiyat\u0131n\u0131 terazinin bir g\u00f6z\u00fcne, Dede Korkut&#8217;u da \u00f6b\u00fcr g\u00f6z\u00fcne koysan\u0131z, yine Dede Korkut a\u011f\u0131r basar.\u201dOrd. Prof. Dr. Mehmet Fuat K\u00f6pr\u00fcl\u00fc Yaz\u0131lmas\u0131n\u0131n \u00fczerinden 600, anlat\u0131lmaya<span class=\"excerpt-hellip\"> [\u2026]<\/span><\/p>\n","protected":false},"featured_media":0,"template":"","meta":{"_monsterinsights_skip_tracking":false,"_monsterinsights_sitenote_active":false,"_monsterinsights_sitenote_note":"","_monsterinsights_sitenote_category":0},"product_brand":[],"product_cat":[12689,12274],"product_tag":[],"class_list":{"0":"post-744973","1":"product","2":"type-product","3":"status-publish","5":"product_cat-cizgi-roman-cocuk-ve-genclik-kitaplari","6":"product_cat-cocuk-ve-genclik-kitaplari","7":"pa_cilt-ciltsiz","8":"pa_tur-kitap","9":"pa_yayinevi-fom-kitap","10":"pa_yazar-adnan-ozyalciner","12":"first","13":"instock","14":"sale","15":"shipping-taxable","16":"purchasable","17":"product-type-simple"},"_links":{"self":[{"href":"https:\/\/roveyayinevi.com.tr\/index.php\/wp-json\/wp\/v2\/product\/744973","targetHints":{"allow":["GET"]}}],"collection":[{"href":"https:\/\/roveyayinevi.com.tr\/index.php\/wp-json\/wp\/v2\/product"}],"about":[{"href":"https:\/\/roveyayinevi.com.tr\/index.php\/wp-json\/wp\/v2\/types\/product"}],"wp:attachment":[{"href":"https:\/\/roveyayinevi.com.tr\/index.php\/wp-json\/wp\/v2\/media?parent=744973"}],"wp:term":[{"taxonomy":"product_brand","embeddable":true,"href":"https:\/\/roveyayinevi.com.tr\/index.php\/wp-json\/wp\/v2\/product_brand?post=744973"},{"taxonomy":"product_cat","embeddable":true,"href":"https:\/\/roveyayinevi.com.tr\/index.php\/wp-json\/wp\/v2\/product_cat?post=744973"},{"taxonomy":"product_tag","embeddable":true,"href":"https:\/\/roveyayinevi.com.tr\/index.php\/wp-json\/wp\/v2\/product_tag?post=744973"}],"curies":[{"name":"wp","href":"https:\/\/api.w.org\/{rel}","templated":true}]}}