{"id":744971,"date":"2025-08-28T02:08:44","date_gmt":"2025-08-27T23:08:44","guid":{"rendered":"https:\/\/roveyayinevi.com.tr\/index.php\/urun\/cizgi-roman-faresi\/"},"modified":"2026-04-16T02:56:48","modified_gmt":"2026-04-15T23:56:48","slug":"cizgi-roman-faresi","status":"publish","type":"product","link":"https:\/\/roveyayinevi.com.tr\/index.php\/urun\/cizgi-roman-faresi\/","title":{"rendered":"\u00c7izgi Roman Faresi"},"content":{"rendered":"<p>50\u2019den fazla dile \u00e7evrilen, Uluslararas\u0131 Hans Christian Andersen \u00d6d\u00fcll\u00fc yazar Gianni Rodari\u2019nin \u00f6zellikle yeni okuma \u00e7a\u011f\u0131ndaki \u00e7ocuklar i\u00e7in yay\u0131na haz\u0131rlanan Rodari\u2019yle D\u00fc\u015f\u00fcn\u00fcyorum serisi ile \u00e7ocuklar hik\u00e2yeyi okuduktan sonra kitab\u0131n sonunda yer alan felsefi tart\u0131\u015fma sorular\u0131n\u0131 cevaplayarak merak ettikleri kavramlar hakk\u0131nda d\u00fc\u015f\u00fcnme ve sorgulamama yeteneklerini geli\u015ftirebilecekler; okuduklar\u0131 hik\u00e2yeyle tek bir duruma farkl\u0131 a\u00e7\u0131lardan bakarak kendi fikirlerini ke\u015ffedecek, kendi g\u00f6r\u00fc\u015flerini sorgulayacaklar.Anla\u015fabilir miyiz, anla\u015famaz m\u0131y\u0131z?Hayat\u0131nda bir de\u011fi\u015fiklik yapmaya karar veren \u00e7izgi roman faresi, gazetedeki sayfas\u0131ndan f\u0131rlay\u0131p kendini ger\u00e7ek d\u00fcnyada bulur. Ama ger\u00e7ek farelerle ayn\u0131 dili konu\u015famad\u0131\u011f\u0131 i\u00e7in onlarla bir t\u00fcrl\u00fc anla\u015famaz. Arkada\u015f olabilmek i\u00e7in ille de ayn\u0131 dili mi konu\u015fmal\u0131y\u0131z? Anla\u015f\u0131l\u0131r olabilmek i\u00e7in sadece s\u00f6zc\u00fcklere mi ihtiya\u00e7 duyar\u0131z?Hakk\u0131nda d\u00fc\u015f\u00fcnme ve sorgulamama yeteneklerini geli\u015ftirebilecekler; okuduklar\u0131 hik\u00e2yeyle tek bir duruma farkl\u0131 a\u00e7\u0131lardan bakarak kendi fikirlerini ke\u015ffedecek, kendi g\u00f6r\u00fc\u015flerini sorgulayacaklar.<\/p>\n","protected":false},"excerpt":{"rendered":"<p>50\u2019den fazla dile \u00e7evrilen, Uluslararas\u0131 Hans Christian Andersen \u00d6d\u00fcll\u00fc yazar Gianni Rodari\u2019nin \u00f6zellikle yeni okuma \u00e7a\u011f\u0131ndaki \u00e7ocuklar i\u00e7in yay\u0131na haz\u0131rlanan Rodari\u2019yle D\u00fc\u015f\u00fcn\u00fcyorum serisi ile \u00e7ocuklar hik\u00e2yeyi<span class=\"excerpt-hellip\"> [\u2026]<\/span><\/p>\n","protected":false},"featured_media":0,"template":"","meta":{"_monsterinsights_skip_tracking":false,"_monsterinsights_sitenote_active":false,"_monsterinsights_sitenote_note":"","_monsterinsights_sitenote_category":0},"product_brand":[],"product_cat":[12274,12284],"product_tag":[],"class_list":{"0":"post-744971","1":"product","2":"type-product","3":"status-publish","5":"product_cat-cocuk-ve-genclik-kitaplari","6":"product_cat-hikayeler","7":"pa_cilt-ciltsiz","8":"pa_tur-kitap","9":"pa_yayinevi-fom-kitap","10":"pa_yazar-gianni-rodari","12":"first","13":"instock","14":"sale","15":"shipping-taxable","16":"purchasable","17":"product-type-simple"},"_links":{"self":[{"href":"https:\/\/roveyayinevi.com.tr\/index.php\/wp-json\/wp\/v2\/product\/744971","targetHints":{"allow":["GET"]}}],"collection":[{"href":"https:\/\/roveyayinevi.com.tr\/index.php\/wp-json\/wp\/v2\/product"}],"about":[{"href":"https:\/\/roveyayinevi.com.tr\/index.php\/wp-json\/wp\/v2\/types\/product"}],"wp:attachment":[{"href":"https:\/\/roveyayinevi.com.tr\/index.php\/wp-json\/wp\/v2\/media?parent=744971"}],"wp:term":[{"taxonomy":"product_brand","embeddable":true,"href":"https:\/\/roveyayinevi.com.tr\/index.php\/wp-json\/wp\/v2\/product_brand?post=744971"},{"taxonomy":"product_cat","embeddable":true,"href":"https:\/\/roveyayinevi.com.tr\/index.php\/wp-json\/wp\/v2\/product_cat?post=744971"},{"taxonomy":"product_tag","embeddable":true,"href":"https:\/\/roveyayinevi.com.tr\/index.php\/wp-json\/wp\/v2\/product_tag?post=744971"}],"curies":[{"name":"wp","href":"https:\/\/api.w.org\/{rel}","templated":true}]}}