{"id":744969,"date":"2025-08-28T02:08:42","date_gmt":"2025-08-27T23:08:42","guid":{"rendered":"https:\/\/roveyayinevi.com.tr\/index.php\/urun\/bob-ve-dostluk-sanati\/"},"modified":"2026-04-03T03:00:15","modified_gmt":"2026-04-03T00:00:15","slug":"bob-ve-dostluk-sanati","status":"publish","type":"product","link":"https:\/\/roveyayinevi.com.tr\/index.php\/urun\/bob-ve-dostluk-sanati\/","title":{"rendered":"Bob ve Dostluk Sanat\u0131"},"content":{"rendered":"<p>Bob, ya\u015fad\u0131klar\u0131 \u015fehre yeni yerle\u015fen sanat\u00e7\u0131 Roy ile kar\u015f\u0131la\u015f\u0131nca ne yapacak?Roy ile aralar\u0131nda rekabet mi olacak?Yoksa birbirlerini destekleyip dost olmay\u0131 m\u0131 se\u00e7ecekler?Kim daha renkli ve yarat\u0131c\u0131 sorusunun cevab\u0131 ise yine bayku\u015f, yarasa ve kelebekte\u2026Marion Deuchars, Bob ve Dostluk Sanat\u0131\u2019yla yarat\u0131c\u0131l\u0131\u011f\u0131n ve \u00f6zg\u00fcnl\u00fc\u011f\u00fcn sanattaki yerini, i\u015fbirli\u011finin \u00f6nemiyle birle\u015ftirerek anlat\u0131yor k\u00fc\u00e7\u00fck ku\u015flara\u2026<\/p>\n","protected":false},"excerpt":{"rendered":"<p>Bob, ya\u015fad\u0131klar\u0131 \u015fehre yeni yerle\u015fen sanat\u00e7\u0131 Roy ile kar\u015f\u0131la\u015f\u0131nca ne yapacak?Roy ile aralar\u0131nda rekabet mi olacak?Yoksa birbirlerini destekleyip dost olmay\u0131 m\u0131 se\u00e7ecekler?Kim daha renkli ve yarat\u0131c\u0131<span class=\"excerpt-hellip\"> [\u2026]<\/span><\/p>\n","protected":false},"featured_media":0,"template":"","meta":{"_monsterinsights_skip_tracking":false,"_monsterinsights_sitenote_active":false,"_monsterinsights_sitenote_note":"","_monsterinsights_sitenote_category":0},"product_brand":[],"product_cat":[12274,12284],"product_tag":[],"class_list":{"0":"post-744969","1":"product","2":"type-product","3":"status-publish","5":"product_cat-cocuk-ve-genclik-kitaplari","6":"product_cat-hikayeler","7":"pa_cilt-ciltsiz","8":"pa_tur-kitap","9":"pa_yayinevi-fom-kitap","10":"pa_yazar-marion-deuchars","12":"first","13":"instock","14":"sale","15":"shipping-taxable","16":"purchasable","17":"product-type-simple"},"_links":{"self":[{"href":"https:\/\/roveyayinevi.com.tr\/index.php\/wp-json\/wp\/v2\/product\/744969","targetHints":{"allow":["GET"]}}],"collection":[{"href":"https:\/\/roveyayinevi.com.tr\/index.php\/wp-json\/wp\/v2\/product"}],"about":[{"href":"https:\/\/roveyayinevi.com.tr\/index.php\/wp-json\/wp\/v2\/types\/product"}],"wp:attachment":[{"href":"https:\/\/roveyayinevi.com.tr\/index.php\/wp-json\/wp\/v2\/media?parent=744969"}],"wp:term":[{"taxonomy":"product_brand","embeddable":true,"href":"https:\/\/roveyayinevi.com.tr\/index.php\/wp-json\/wp\/v2\/product_brand?post=744969"},{"taxonomy":"product_cat","embeddable":true,"href":"https:\/\/roveyayinevi.com.tr\/index.php\/wp-json\/wp\/v2\/product_cat?post=744969"},{"taxonomy":"product_tag","embeddable":true,"href":"https:\/\/roveyayinevi.com.tr\/index.php\/wp-json\/wp\/v2\/product_tag?post=744969"}],"curies":[{"name":"wp","href":"https:\/\/api.w.org\/{rel}","templated":true}]}}