{"id":744955,"date":"2025-08-28T02:08:26","date_gmt":"2025-08-27T23:08:26","guid":{"rendered":"https:\/\/roveyayinevi.com.tr\/index.php\/urun\/tanri-beni-cagirmis\/"},"modified":"2026-04-16T02:56:48","modified_gmt":"2026-04-15T23:56:48","slug":"tanri-beni-cagirmis","status":"publish","type":"product","link":"https:\/\/roveyayinevi.com.tr\/index.php\/urun\/tanri-beni-cagirmis\/","title":{"rendered":"Tanr\u0131 Beni \u00c7a\u011f\u0131rm\u0131\u015f"},"content":{"rendered":"<p>\u201cD\u00fc\u015ft\u00fcm diye \u00fcz\u00fclme, insan ancak d\u00fc\u015ft\u00fc\u011f\u00fcnde d\u00fc\u015f\u00fcnmeye ba\u015fl\u0131yor.\u201d   Neden her \u015feyin k\u00f6t\u00fc bir \u015fekilde ilerledi\u011fi ve b\u00fcy\u00fcd\u00fc\u011f\u00fc, ili\u015fkilerin \u00e7at\u0131rdad\u0131\u011f\u0131 ve her \u015feyin yapayla\u015ft\u0131\u011f\u0131 bir \u00e7a\u011fa do\u011fduk? Kim se\u00e7ti \u015fu anda burada olmay\u0131, biz mi? \u00d6rne\u011fin, \u00f6nemli bir uygarl\u0131k d\u00f6neminin \u015fatafatl\u0131 \u00e7a\u011f\u0131na do\u011fmak yerine neden ahlak ve toplum temellerinin y\u0131k\u0131ld\u0131\u011f\u0131, en kalabal\u0131k d\u00f6nem olmas\u0131na ra\u011fmen yaln\u0131zl\u0131klar i\u00e7inde oldu\u011fumuz bu \u00e7a\u011fa do\u011fduk? Cevaplar\u0131n sadece bakmakla g\u00f6r\u00fcnmeyece\u011fini anlayacakt\u0131m. Aramal\u0131 ve bulmal\u0131yd\u0131m. Elindeki bu kitap, \u00fcst \u00fcste gelen zorluklar\u0131n, \u00e7\u0131kmaza giren yollar\u0131n, \u201cTamam, buraya kadar\u201d denilen ve mucizeye d\u00f6n\u00fc\u015fen bir hayat\u0131n kitab\u0131d\u0131r. Kendi \u00dcTOPYASINI yaratmak i\u00e7in girdi\u011fi televizyon yar\u0131\u015fmas\u0131nda \u201ciyi ve k\u00f6t\u00fc\u201d m\u00fccadelesinin tam ortas\u0131na d\u00fc\u015fen, \u00e7a\u011flar\u0131 a\u015fan ezeli ve ebedi a\u015fk\u0131n\u0131, dahas\u0131 ya\u015fam amac\u0131n\u0131 bulan bir adam\u0131n hik\u00e2yesi&#8230; Bu kitap gibi kar\u015f\u0131na \u00e7\u0131kan, sana gelen ve seni bulan her \u015fey asl\u0131nda sana bir hat\u0131rlatmad\u0131r. \u015eimdi s\u00f6yle bana: Neyi unuttun da hat\u0131rlaman gerekiyor? <\/p>\n","protected":false},"excerpt":{"rendered":"<p>\u201cD\u00fc\u015ft\u00fcm diye \u00fcz\u00fclme, insan ancak d\u00fc\u015ft\u00fc\u011f\u00fcnde d\u00fc\u015f\u00fcnmeye ba\u015fl\u0131yor.\u201d Neden her \u015feyin k\u00f6t\u00fc bir \u015fekilde ilerledi\u011fi ve b\u00fcy\u00fcd\u00fc\u011f\u00fc, ili\u015fkilerin \u00e7at\u0131rdad\u0131\u011f\u0131 ve her \u015feyin yapayla\u015ft\u0131\u011f\u0131 bir \u00e7a\u011fa do\u011fduk?<span class=\"excerpt-hellip\"> [\u2026]<\/span><\/p>\n","protected":false},"featured_media":0,"template":"","meta":{"_monsterinsights_skip_tracking":false,"_monsterinsights_sitenote_active":false,"_monsterinsights_sitenote_note":"","_monsterinsights_sitenote_category":0},"product_brand":[],"product_cat":[12364,12376],"product_tag":[],"class_list":{"0":"post-744955","1":"product","2":"type-product","3":"status-publish","5":"product_cat-genel-konular","6":"product_cat-kisisel-gelisim","7":"pa_cilt-ciltsiz","8":"pa_tur-kitap","9":"pa_yayinevi-destek-yayinlari","10":"pa_yazar-tuncay-kes","12":"first","13":"instock","14":"sale","15":"shipping-taxable","16":"purchasable","17":"product-type-simple"},"_links":{"self":[{"href":"https:\/\/roveyayinevi.com.tr\/index.php\/wp-json\/wp\/v2\/product\/744955","targetHints":{"allow":["GET"]}}],"collection":[{"href":"https:\/\/roveyayinevi.com.tr\/index.php\/wp-json\/wp\/v2\/product"}],"about":[{"href":"https:\/\/roveyayinevi.com.tr\/index.php\/wp-json\/wp\/v2\/types\/product"}],"wp:attachment":[{"href":"https:\/\/roveyayinevi.com.tr\/index.php\/wp-json\/wp\/v2\/media?parent=744955"}],"wp:term":[{"taxonomy":"product_brand","embeddable":true,"href":"https:\/\/roveyayinevi.com.tr\/index.php\/wp-json\/wp\/v2\/product_brand?post=744955"},{"taxonomy":"product_cat","embeddable":true,"href":"https:\/\/roveyayinevi.com.tr\/index.php\/wp-json\/wp\/v2\/product_cat?post=744955"},{"taxonomy":"product_tag","embeddable":true,"href":"https:\/\/roveyayinevi.com.tr\/index.php\/wp-json\/wp\/v2\/product_tag?post=744955"}],"curies":[{"name":"wp","href":"https:\/\/api.w.org\/{rel}","templated":true}]}}