{"id":744954,"date":"2025-08-28T02:08:25","date_gmt":"2025-08-27T23:08:25","guid":{"rendered":"https:\/\/roveyayinevi.com.tr\/index.php\/urun\/gulucuk-tohumlari\/"},"modified":"2026-04-16T02:56:48","modified_gmt":"2026-04-15T23:56:48","slug":"gulucuk-tohumlari","status":"publish","type":"product","link":"https:\/\/roveyayinevi.com.tr\/index.php\/urun\/gulucuk-tohumlari\/","title":{"rendered":"G\u00fcl\u00fcc\u00fck Tohumlar\u0131"},"content":{"rendered":"<p>\u201cK\u00fc\u00e7\u00fck bah\u00e7\u0131van elindeki haritay\u0131 a\u00e7t\u0131. Do\u011fru yerde miydi? Do\u011fru yerdeydi. Diz boyu \u00e7imleri bi\u00e7meye, topra\u011fa g\u00fcbre serpmeye, meyve a\u011fac\u0131 budamaya, bah\u00e7e, bostan sulamaya haz\u0131rd\u0131. Aaaa, o da ne? K\u00fc\u00e7\u00fck bah\u00e7\u0131van kasabaya girdi\u011finde iki \u015fey fark etti. \u00c7at\u0131lar\u0131 bulutlara de\u011fen kule gibi evler\u2026 T\u0131kanm\u0131\u015f trafikte bekleyen arabalar&#8230; \u0130nsanlar\u0131n acelesi vard\u0131 bir de, evet. Herkes h\u0131zl\u0131 h\u0131zl\u0131 bir yerlere y\u00fcr\u00fcyordu.\u201d O halde k\u00fc\u00e7\u00fck bah\u00e7\u0131van\u0131n buraya de\u011fi\u015fik bir tohum ekmesi gerekiyordu. \u00c7i\u011fdem Kaplang\u0131\u2019n\u0131n yazd\u0131\u011f\u0131 G\u00fcl\u00fcc\u00fck Tohumlar\u0131\u2019n\u0131 Burcu Y\u0131lmaz resimledi. <\/p>\n","protected":false},"excerpt":{"rendered":"<p>\u201cK\u00fc\u00e7\u00fck bah\u00e7\u0131van elindeki haritay\u0131 a\u00e7t\u0131. Do\u011fru yerde miydi? Do\u011fru yerdeydi. Diz boyu \u00e7imleri bi\u00e7meye, topra\u011fa g\u00fcbre serpmeye, meyve a\u011fac\u0131 budamaya, bah\u00e7e, bostan sulamaya haz\u0131rd\u0131. Aaaa, o<span class=\"excerpt-hellip\"> [\u2026]<\/span><\/p>\n","protected":false},"featured_media":0,"template":"","meta":{"_monsterinsights_skip_tracking":false,"_monsterinsights_sitenote_active":false,"_monsterinsights_sitenote_note":"","_monsterinsights_sitenote_category":0},"product_brand":[],"product_cat":[12275,12274],"product_tag":[],"class_list":{"0":"post-744954","1":"product","2":"type-product","3":"status-publish","5":"product_cat-6-12-yas-kitaplari","6":"product_cat-cocuk-ve-genclik-kitaplari","7":"pa_cilt-ciltsiz","8":"pa_tur-kitap","9":"pa_yayinevi-yapi-kredi-yayinlari","10":"pa_yazar-cigdem-kaplangi","12":"first","13":"instock","14":"sale","15":"shipping-taxable","16":"purchasable","17":"product-type-simple"},"_links":{"self":[{"href":"https:\/\/roveyayinevi.com.tr\/index.php\/wp-json\/wp\/v2\/product\/744954","targetHints":{"allow":["GET"]}}],"collection":[{"href":"https:\/\/roveyayinevi.com.tr\/index.php\/wp-json\/wp\/v2\/product"}],"about":[{"href":"https:\/\/roveyayinevi.com.tr\/index.php\/wp-json\/wp\/v2\/types\/product"}],"wp:attachment":[{"href":"https:\/\/roveyayinevi.com.tr\/index.php\/wp-json\/wp\/v2\/media?parent=744954"}],"wp:term":[{"taxonomy":"product_brand","embeddable":true,"href":"https:\/\/roveyayinevi.com.tr\/index.php\/wp-json\/wp\/v2\/product_brand?post=744954"},{"taxonomy":"product_cat","embeddable":true,"href":"https:\/\/roveyayinevi.com.tr\/index.php\/wp-json\/wp\/v2\/product_cat?post=744954"},{"taxonomy":"product_tag","embeddable":true,"href":"https:\/\/roveyayinevi.com.tr\/index.php\/wp-json\/wp\/v2\/product_tag?post=744954"}],"curies":[{"name":"wp","href":"https:\/\/api.w.org\/{rel}","templated":true}]}}