{"id":744952,"date":"2025-08-28T02:08:22","date_gmt":"2025-08-27T23:08:22","guid":{"rendered":"https:\/\/roveyayinevi.com.tr\/index.php\/urun\/anne-o-bizden-biri\/"},"modified":"2026-04-16T02:56:48","modified_gmt":"2026-04-15T23:56:48","slug":"anne-o-bizden-biri","status":"publish","type":"product","link":"https:\/\/roveyayinevi.com.tr\/index.php\/urun\/anne-o-bizden-biri\/","title":{"rendered":"Anne O Bizden Biri"},"content":{"rendered":"<p>\u201cB\u00fct\u00fcn d\u00fcnya bilsin ki benim i\u00e7in bir yanda\u015fl\u0131k vard\u0131r: Cumhuriyet yanda\u015fl\u0131\u011f\u0131, d\u00fc\u015f\u00fcnsel ve toplumsal devrim yanda\u015fl\u0131\u011f\u0131. Bu noktada yeni T\u00fcrkiye toplulu\u011funda, bir bireyi bunun d\u0131\u015f\u0131nda d\u00fc\u015f\u00fcnmek istemiyorum.\u201d \u2013 Mustafa Kemal ATAT\u00dcRK   Atat\u00fcrk devrimci, kendini s\u00fcrekli yenileyen bir liderdi. \u00d6mr\u00fcn\u00fc ulusuna, Anadolu\u2019da ya\u015fayan her insana, b\u00fct\u00fcn halklara adam\u0131\u015ft\u0131&#8230; Binlerce kitap okudu ama en m\u00fckemmelini kendisi yazd\u0131. \u0130nsana hayrand\u0131. Onurlu birer insan olmay\u0131 \u00f6\u011fretti halk\u0131na&#8230; Allah ile kul aras\u0131na girilmeyece\u011fini savundu. Ger\u00e7ek, \u00e7a\u011fda\u015f bir dindard\u0131. Kar\u015f\u0131 oldu\u011fu, din bezirg\u00e2nlar\u0131yd\u0131. T\u00fcm etnik kimliklere sayg\u0131l\u0131yd\u0131. Din ve mezhep ayr\u0131l\u0131\u011f\u0131 nedir bilmez, hepsine sayg\u0131 g\u00f6sterirdi&#8230; Bu kitap belgesel bir tarihi roman niteli\u011fi ta\u015f\u0131maktad\u0131r. \u201cAnne o bizden biri\u201d s\u00f6z\u00fc, Atat\u00fcrk\u2019\u00fcn yan\u0131nda 17 y\u0131l hemen her an\u0131n\u0131 payla\u015fan, en yak\u0131n korumas\u0131 \u00c7orumlu Bekir (Cing\u00f6z) \u00c7avu\u015f\u2019a at\u0131fla, annesi Z\u00fcbeyde Han\u0131m ile tan\u0131\u015ft\u0131r\u0131l\u0131rken s\u00f6ylenmi\u015ftir.   \u201cNeden diktat\u00f6r diye s\u00f6z edilmekten ho\u015flanm\u0131yorsunuz?\u201d \u201cBen diktat\u00f6r de\u011filim. Kuvvetim oldu\u011funu s\u00f6yl\u00fcyorlar; evet, bu do\u011frudur. \u0130steyip de yapamayaca\u011f\u0131m hi\u00e7bir \u015fey yoktur. \u00c7\u00fcnk\u00fc zoraki ve insafs\u0131zca hareket etmek istemem. Bence diktat\u00f6r, ba\u015fkalar\u0131n\u0131 iradesine ba\u011flayand\u0131r. Kalpleri k\u0131rarak de\u011fil, kalpleri kazanarak h\u00fckmetmek isterim&#8230;\u201d<\/p>\n","protected":false},"excerpt":{"rendered":"<p>\u201cB\u00fct\u00fcn d\u00fcnya bilsin ki benim i\u00e7in bir yanda\u015fl\u0131k vard\u0131r: Cumhuriyet yanda\u015fl\u0131\u011f\u0131, d\u00fc\u015f\u00fcnsel ve toplumsal devrim yanda\u015fl\u0131\u011f\u0131. Bu noktada yeni T\u00fcrkiye toplulu\u011funda, bir bireyi bunun d\u0131\u015f\u0131nda d\u00fc\u015f\u00fcnmek<span class=\"excerpt-hellip\"> [\u2026]<\/span><\/p>\n","protected":false},"featured_media":0,"template":"","meta":{"_monsterinsights_skip_tracking":false,"_monsterinsights_sitenote_active":false,"_monsterinsights_sitenote_note":"","_monsterinsights_sitenote_category":0},"product_brand":[],"product_cat":[12291,12745],"product_tag":[],"class_list":{"0":"post-744952","1":"product","2":"type-product","3":"status-publish","5":"product_cat-edebiyat","6":"product_cat-tarihi-roman","7":"pa_cilt-ciltsiz","8":"pa_tur-kitap","9":"pa_yayinevi-destek-yayinlari","10":"pa_yazar-yasar-gursoy","12":"first","13":"instock","14":"sale","15":"shipping-taxable","16":"purchasable","17":"product-type-simple"},"_links":{"self":[{"href":"https:\/\/roveyayinevi.com.tr\/index.php\/wp-json\/wp\/v2\/product\/744952","targetHints":{"allow":["GET"]}}],"collection":[{"href":"https:\/\/roveyayinevi.com.tr\/index.php\/wp-json\/wp\/v2\/product"}],"about":[{"href":"https:\/\/roveyayinevi.com.tr\/index.php\/wp-json\/wp\/v2\/types\/product"}],"wp:attachment":[{"href":"https:\/\/roveyayinevi.com.tr\/index.php\/wp-json\/wp\/v2\/media?parent=744952"}],"wp:term":[{"taxonomy":"product_brand","embeddable":true,"href":"https:\/\/roveyayinevi.com.tr\/index.php\/wp-json\/wp\/v2\/product_brand?post=744952"},{"taxonomy":"product_cat","embeddable":true,"href":"https:\/\/roveyayinevi.com.tr\/index.php\/wp-json\/wp\/v2\/product_cat?post=744952"},{"taxonomy":"product_tag","embeddable":true,"href":"https:\/\/roveyayinevi.com.tr\/index.php\/wp-json\/wp\/v2\/product_tag?post=744952"}],"curies":[{"name":"wp","href":"https:\/\/api.w.org\/{rel}","templated":true}]}}