{"id":744939,"date":"2025-08-28T02:08:07","date_gmt":"2025-08-27T23:08:07","guid":{"rendered":"https:\/\/roveyayinevi.com.tr\/index.php\/urun\/aklimizda-bulunsun\/"},"modified":"2026-04-16T02:56:47","modified_gmt":"2026-04-15T23:56:47","slug":"aklimizda-bulunsun","status":"publish","type":"product","link":"https:\/\/roveyayinevi.com.tr\/index.php\/urun\/aklimizda-bulunsun\/","title":{"rendered":"Akl\u0131m\u0131zda Bulunsun"},"content":{"rendered":"<p>Yar\u0131m y\u00fczy\u0131la yak\u0131n bir \u00e7al\u0131\u015fma, okuma ve d\u00fc\u015f\u00fcnme ser\u00fcveninden s\u0131ra d\u0131\u015f\u0131 saptamalar, anlaml\u0131 sorular, k\u0131\u015fk\u0131rt\u0131c\u0131 g\u00f6r\u00fc\u015fler\u2026 \u0130\u015f ya\u015fam\u0131n\u0131n ana meselelerine hem d\u00fcnya hem de T\u00fcrkiye perspektifinden kapsaml\u0131 bir bak\u0131\u015f\u2026 Bir\u00e7ok g\u00fcncel tart\u0131\u015fmaya ve gelece\u011fe \u0131\u015f\u0131k tutan, \u00f6zl\u00fc de\u011ferlendirmeler\u2026 Akl\u0131m\u0131zda Bulunsun keyifli bir sohbet \u00fcslubuyla yaz\u0131lm\u0131\u015f, ki\u015fisel anekdotlarla renklendirilmi\u015f, 40 k\u0131sa denemeden olu\u015fan bir pusula kitap.   Liderlikten i\u015f ahlak\u0131na, \u015firketlerde mizah k\u00fclt\u00fcr\u00fcnden kapitalizmin gelece\u011fine, karar almada duygular\u0131n rol\u00fcnden \u00f6zel kesim-devlet ili\u015fkisine, geni\u015f bir konu yelpazesi\u2026 Yar\u0131m y\u00fczy\u0131la yak\u0131n bir \u00e7al\u0131\u015fma, okuma ve d\u00fc\u015f\u00fcnme ser\u00fcveninden s\u0131ra d\u0131\u015f\u0131 saptamalar, anlaml\u0131 sorular, k\u0131\u015fk\u0131rt\u0131c\u0131 g\u00f6r\u00fc\u015fler\u2026 B\u00fclent Eczac\u0131ba\u015f\u0131, her biri d\u00f6rt-be\u015f sayfa uzunlu\u011fundaki 40 denemeden olu\u015fan bu yeni kitab\u0131nda i\u015f d\u00fcnyas\u0131 meselelerini, can al\u0131c\u0131 noktalar\u0131na de\u011finerek, keyifli bir sohbet \u00fcslubuyla tart\u0131\u015f\u0131yor. Konular\u0131 hem k\u00fcresel hem de yerel boyutlar\u0131yla ele al\u0131yor, ki\u015fisel anekdotlarla renklendiriyor. Hepimizin \u201cakl\u0131m\u0131zda bulunsun\u201d diyebilece\u011fi d\u00fc\u015f\u00fcnce notlar\u0131n\u0131 bug\u00fcn\u00fcn ve gelece\u011fin i\u015f insanlar\u0131yla payla\u015f\u0131yor. <\/p>\n","protected":false},"excerpt":{"rendered":"<p>Yar\u0131m y\u00fczy\u0131la yak\u0131n bir \u00e7al\u0131\u015fma, okuma ve d\u00fc\u015f\u00fcnme ser\u00fcveninden s\u0131ra d\u0131\u015f\u0131 saptamalar, anlaml\u0131 sorular, k\u0131\u015fk\u0131rt\u0131c\u0131 g\u00f6r\u00fc\u015fler\u2026 \u0130\u015f ya\u015fam\u0131n\u0131n ana meselelerine hem d\u00fcnya hem de T\u00fcrkiye perspektifinden<span class=\"excerpt-hellip\"> [\u2026]<\/span><\/p>\n","protected":false},"featured_media":0,"template":"","meta":{"_monsterinsights_skip_tracking":false,"_monsterinsights_sitenote_active":false,"_monsterinsights_sitenote_note":"","_monsterinsights_sitenote_category":0},"product_brand":[],"product_cat":[13043,17647],"product_tag":[],"class_list":{"0":"post-744939","1":"product","2":"type-product","3":"status-publish","5":"product_cat-ekonomi","6":"product_cat-is-dunyasi","7":"pa_cilt-ciltsiz","8":"pa_tur-kitap","9":"pa_yayinevi-yapi-kredi-yayinlari","10":"pa_yazar-bulent-eczacibasi","12":"first","13":"instock","14":"sale","15":"shipping-taxable","16":"purchasable","17":"product-type-simple"},"_links":{"self":[{"href":"https:\/\/roveyayinevi.com.tr\/index.php\/wp-json\/wp\/v2\/product\/744939","targetHints":{"allow":["GET"]}}],"collection":[{"href":"https:\/\/roveyayinevi.com.tr\/index.php\/wp-json\/wp\/v2\/product"}],"about":[{"href":"https:\/\/roveyayinevi.com.tr\/index.php\/wp-json\/wp\/v2\/types\/product"}],"wp:attachment":[{"href":"https:\/\/roveyayinevi.com.tr\/index.php\/wp-json\/wp\/v2\/media?parent=744939"}],"wp:term":[{"taxonomy":"product_brand","embeddable":true,"href":"https:\/\/roveyayinevi.com.tr\/index.php\/wp-json\/wp\/v2\/product_brand?post=744939"},{"taxonomy":"product_cat","embeddable":true,"href":"https:\/\/roveyayinevi.com.tr\/index.php\/wp-json\/wp\/v2\/product_cat?post=744939"},{"taxonomy":"product_tag","embeddable":true,"href":"https:\/\/roveyayinevi.com.tr\/index.php\/wp-json\/wp\/v2\/product_tag?post=744939"}],"curies":[{"name":"wp","href":"https:\/\/api.w.org\/{rel}","templated":true}]}}