{"id":744934,"date":"2025-08-28T02:08:00","date_gmt":"2025-08-27T23:08:00","guid":{"rendered":"https:\/\/roveyayinevi.com.tr\/index.php\/urun\/pruva-neta\/"},"modified":"2026-04-16T02:56:47","modified_gmt":"2026-04-15T23:56:47","slug":"pruva-neta","status":"publish","type":"product","link":"https:\/\/roveyayinevi.com.tr\/index.php\/urun\/pruva-neta\/","title":{"rendered":"Pruva Neta"},"content":{"rendered":"<p>\u201cSay\u0131n Han\u0131mefendi ya da Beyefendi; bu notu buldu\u011funuza g\u00f6re sizler de bizim gibi sa\u011f kalanlardans\u0131n\u0131z. Biz mi size yard\u0131m edebilecek vaziyetteyiz yoksa siz mi bizden daha iyi durumdas\u0131n\u0131z, bunu elbette bilemiyoruz. L\u00e2kin tek bildi\u011fimiz bu felaketten kurtulmak i\u00e7in sa\u011f kalan t\u00fcm iyi insanlar\u0131n birle\u015fmesinin zaruri olmas\u0131. Aksi takdirde bu sava\u015f\u0131 k\u00f6t\u00fcl\u00fck kazanacak. L\u00fctfen acilen a\u015fa\u011f\u0131da yaz\u0131l\u0131 koordinatlara ula\u015f\u0131n\u0131z ve bizimle irtibata ge\u00e7iniz. Esenlikler dilerim.\u201d T.Wilson McLorry Kaptan Vitaly ve m\u00fcrettebat\u0131n\u0131n son maceras\u0131n\u0131n \u00fczerinden yaln\u0131zca on g\u00fcn ge\u00e7mi\u015fti ve her taraf\u0131 kaplayan engin mavilikte ama\u00e7s\u0131zca dola\u015fmay\u0131 s\u00fcrd\u00fcr\u00fcyorlard\u0131. Ta ki tan\u0131mad\u0131klar\u0131 birinden ald\u0131klar\u0131 bu gizemli mesaja kadar. Yine hi\u00e7 beklemedikleri bir anda, esrarengiz bir \u015fekilde \u00e7etin bir m\u00fccadelenin i\u00e7ine \u00e7ekilen kahramanlar\u0131m\u0131z, bu defa kendilerini daha evvel hi\u00e7 kar\u015f\u0131la\u015fmad\u0131klar\u0131 kadar zor \u015fartlardaki bir \u00f6l\u00fcm kal\u0131m sava\u015f\u0131n\u0131n ortas\u0131nda bulurlar. Eski dostlar ve yeni d\u00fc\u015fmanlarla kar\u015f\u0131la\u015fan Kaptan Vitaly ve m\u00fcrettebat\u0131n\u0131n nefes kesen son ya\u015fam m\u00fccadelesini konu alan PRUVA NETA, okuyucusuna son ana kadar merakta b\u0131rakan gerilim dolu bir final vadediyor.\u201d <\/p>\n","protected":false},"excerpt":{"rendered":"<p>\u201cSay\u0131n Han\u0131mefendi ya da Beyefendi; bu notu buldu\u011funuza g\u00f6re sizler de bizim gibi sa\u011f kalanlardans\u0131n\u0131z. Biz mi size yard\u0131m edebilecek vaziyetteyiz yoksa siz mi bizden daha<span class=\"excerpt-hellip\"> [\u2026]<\/span><\/p>\n","protected":false},"featured_media":0,"template":"","meta":{"_monsterinsights_skip_tracking":false,"_monsterinsights_sitenote_active":false,"_monsterinsights_sitenote_note":"","_monsterinsights_sitenote_category":0},"product_brand":[],"product_cat":[12540,12291],"product_tag":[],"class_list":{"0":"post-744934","1":"product","2":"type-product","3":"status-publish","5":"product_cat-bilim-kurgu","6":"product_cat-edebiyat","7":"pa_cilt-ciltsiz","8":"pa_tur-kitap","9":"pa_yayinevi-eksik-parca-yayinlari","10":"pa_yazar-ozgen-bicgin","12":"first","13":"instock","14":"sale","15":"shipping-taxable","16":"purchasable","17":"product-type-simple"},"_links":{"self":[{"href":"https:\/\/roveyayinevi.com.tr\/index.php\/wp-json\/wp\/v2\/product\/744934","targetHints":{"allow":["GET"]}}],"collection":[{"href":"https:\/\/roveyayinevi.com.tr\/index.php\/wp-json\/wp\/v2\/product"}],"about":[{"href":"https:\/\/roveyayinevi.com.tr\/index.php\/wp-json\/wp\/v2\/types\/product"}],"wp:attachment":[{"href":"https:\/\/roveyayinevi.com.tr\/index.php\/wp-json\/wp\/v2\/media?parent=744934"}],"wp:term":[{"taxonomy":"product_brand","embeddable":true,"href":"https:\/\/roveyayinevi.com.tr\/index.php\/wp-json\/wp\/v2\/product_brand?post=744934"},{"taxonomy":"product_cat","embeddable":true,"href":"https:\/\/roveyayinevi.com.tr\/index.php\/wp-json\/wp\/v2\/product_cat?post=744934"},{"taxonomy":"product_tag","embeddable":true,"href":"https:\/\/roveyayinevi.com.tr\/index.php\/wp-json\/wp\/v2\/product_tag?post=744934"}],"curies":[{"name":"wp","href":"https:\/\/api.w.org\/{rel}","templated":true}]}}