{"id":744903,"date":"2025-08-28T02:07:22","date_gmt":"2025-08-27T23:07:22","guid":{"rendered":"https:\/\/roveyayinevi.com.tr\/index.php\/urun\/iki-semazen-bir-palyaco\/"},"modified":"2026-04-16T02:56:46","modified_gmt":"2026-04-15T23:56:46","slug":"iki-semazen-bir-palyaco","status":"publish","type":"product","link":"https:\/\/roveyayinevi.com.tr\/index.php\/urun\/iki-semazen-bir-palyaco\/","title":{"rendered":"\u0130ki Semazen Bir Palya\u00e7o"},"content":{"rendered":"<p>&#8220;\u0130\u00e7 g\u00f6zlerim kapal\u0131 biliyorum. A\u00e7\u0131lmas\u0131 i\u00e7in \u00e7ok u\u011fra\u015ft\u0131m. Olmad\u0131. Bir dostum anlatm\u0131\u015ft\u0131, bazen ans\u0131z\u0131n insan\u0131n i\u00e7 g\u00f6z\u00fc a\u00e7\u0131l\u0131rm\u0131\u015f. A\u00e7\u0131lmas\u0131 hi\u00e7 iyi olmazm\u0131\u015f. G\u00f6rd\u00fcklerinden \u00fcrkermi\u015f. \u0130nsan diye g\u00f6rd\u00fc\u011f\u00fc ger\u00e7ekte insan de\u011filse \u00e7ok fena bir \u015fey g\u00f6r\u00fcrm\u00fc\u015f.&#8221; &#8220;\u0130ki Semazen Bir Palya\u00e7o&#8221; d\u00fc\u015flerden \u00e7\u00f6p k\u0131y\u0131lar\u0131na, \u00e7ar\u015famba pazar\u0131ndan sahil kenarlar\u0131na de\u011fi\u015fen mek\u00e2nlar\u0131yla okurunu dokunakl\u0131 bir yolculu\u011fa \u00e7\u0131kar\u0131yor. Birbirleriyle temas eden \u00f6yk\u00fclerde, Sad\u0131k Yals\u0131zu\u00e7anlar&#8217;\u0131n \u00f6zg\u00fcn sesi, insanl\u0131k durumumuzu muhakeme etmemizi sa\u011fl\u0131yor. Modern k\u0131r\u0131lganl\u0131\u011f\u0131m\u0131z\u0131 s\u0131nayan bu \u00f6yk\u00fcleri okurken yer yer g\u00fclecek, d\u00fc\u015f\u00fcnecek ve kimi zaman da incinece\u011fiz&#8230; <\/p>\n","protected":false},"excerpt":{"rendered":"<p>&#8220;\u0130\u00e7 g\u00f6zlerim kapal\u0131 biliyorum. A\u00e7\u0131lmas\u0131 i\u00e7in \u00e7ok u\u011fra\u015ft\u0131m. Olmad\u0131. Bir dostum anlatm\u0131\u015ft\u0131, bazen ans\u0131z\u0131n insan\u0131n i\u00e7 g\u00f6z\u00fc a\u00e7\u0131l\u0131rm\u0131\u015f. A\u00e7\u0131lmas\u0131 hi\u00e7 iyi olmazm\u0131\u015f. G\u00f6rd\u00fcklerinden \u00fcrkermi\u015f. \u0130nsan diye<span class=\"excerpt-hellip\"> [\u2026]<\/span><\/p>\n","protected":false},"featured_media":0,"template":"","meta":{"_monsterinsights_skip_tracking":false,"_monsterinsights_sitenote_active":false,"_monsterinsights_sitenote_note":"","_monsterinsights_sitenote_category":0},"product_brand":[],"product_cat":[12291,12711],"product_tag":[],"class_list":{"0":"post-744903","1":"product","2":"type-product","3":"status-publish","5":"product_cat-edebiyat","6":"product_cat-roman-oyku","7":"pa_cilt-ciltsiz","8":"pa_tur-kitap","9":"pa_yayinevi-profil-kitap","10":"pa_yazar-sadik-yalsizucanlar","12":"first","13":"instock","14":"sale","15":"shipping-taxable","16":"purchasable","17":"product-type-simple"},"_links":{"self":[{"href":"https:\/\/roveyayinevi.com.tr\/index.php\/wp-json\/wp\/v2\/product\/744903","targetHints":{"allow":["GET"]}}],"collection":[{"href":"https:\/\/roveyayinevi.com.tr\/index.php\/wp-json\/wp\/v2\/product"}],"about":[{"href":"https:\/\/roveyayinevi.com.tr\/index.php\/wp-json\/wp\/v2\/types\/product"}],"wp:attachment":[{"href":"https:\/\/roveyayinevi.com.tr\/index.php\/wp-json\/wp\/v2\/media?parent=744903"}],"wp:term":[{"taxonomy":"product_brand","embeddable":true,"href":"https:\/\/roveyayinevi.com.tr\/index.php\/wp-json\/wp\/v2\/product_brand?post=744903"},{"taxonomy":"product_cat","embeddable":true,"href":"https:\/\/roveyayinevi.com.tr\/index.php\/wp-json\/wp\/v2\/product_cat?post=744903"},{"taxonomy":"product_tag","embeddable":true,"href":"https:\/\/roveyayinevi.com.tr\/index.php\/wp-json\/wp\/v2\/product_tag?post=744903"}],"curies":[{"name":"wp","href":"https:\/\/api.w.org\/{rel}","templated":true}]}}