{"id":744897,"date":"2025-08-28T02:07:14","date_gmt":"2025-08-27T23:07:14","guid":{"rendered":"https:\/\/roveyayinevi.com.tr\/index.php\/urun\/korku-gunlukleri\/"},"modified":"2026-04-16T02:56:46","modified_gmt":"2026-04-15T23:56:46","slug":"korku-gunlukleri","status":"publish","type":"product","link":"https:\/\/roveyayinevi.com.tr\/index.php\/urun\/korku-gunlukleri\/","title":{"rendered":"Korku G\u00fcnl\u00fckleri"},"content":{"rendered":"<p>V\u00fccudumuz korktu\u011fumuz i\u00e7in mi adrenalin salg\u0131lar yoksa adrenalin salg\u0131lad\u0131\u011f\u0131 i\u00e7in mi korkar? V\u00fccut hisseder, duygular\u0131 tetikler akabinde hormonlar devreye girer. Yani asl\u0131nda v\u00fccudumuz korktu\u011fumuz i\u00e7in adrenalin salg\u0131lar. Ad\u0131m Zeynep, korkular\u0131m\u0131 yenemedim ve en sonunda onlar\u0131n esiri oldum. Ya\u015fananlar\u0131n hi\u00e7 biri benim su\u00e7um de\u011fildi. Ben, bedenine esir d\u00fc\u015fm\u00fc\u015f biriyim. Ruhum bana, bedenim ise o pis meluna aitti. Her \u015fey annem ve babam y\u00fcz\u00fcnden oldu. Onu k\u0131zd\u0131rmasalard\u0131 \u015fimdi hayatta olacaklard\u0131\u2026\u201d             Yazar bu kitapta okuyucusunu korkular\u0131na, kayg\u0131lar\u0131na ve adil olmayan ya\u015fam ko\u015fullar\u0131n\u0131n a\u011f\u0131rl\u0131\u011f\u0131na yenik d\u00fc\u015fm\u00fc\u015f birbirinden uzakta nefes al\u0131p veren yorgun y\u00fcrekli insanlar\u0131n hayat hikayeleriyle bulu\u015fturuyor. Kendinize bile anlatmaktan korktu\u011funuz, \u00e7ekindi\u011finiz her ne varsa sizi bekliyor bu kitab\u0131n sayfalar\u0131 aras\u0131nda. Her hikayede kendinizden bir \u015feyler buluyor; inmeniz gereken duraklar\u0131, ge\u00e7 kald\u0131\u011f\u0131n\u0131z ya\u015fanm\u0131\u015fl\u0131klar\u0131 ve d\u00fczeltilmek i\u00e7in s\u0131rada bekleyen yanl\u0131\u015fl\u0131klar\u0131 g\u00f6rmeniz \u00e7e\u015fitli i\u015faretler \u00e7\u0131kar\u0131yor kar\u015f\u0131n\u0131za. \u015eimdi s\u0131ra siz de.  Peki, siz en son ne zaman konu\u015ftunuz kendinizle? En son ne zaman v\u00fccudunuzun salg\u0131lad\u0131\u011f\u0131 adrenaline bir kitab\u0131n sayfalar\u0131nda rastlad\u0131n\u0131z? E\u011fer kendinize verecek bir cevab\u0131n\u0131z yoksa bu kitap sizler i\u00e7in iyi bir f\u0131rsat olabilir.<\/p>\n","protected":false},"excerpt":{"rendered":"<p>V\u00fccudumuz korktu\u011fumuz i\u00e7in mi adrenalin salg\u0131lar yoksa adrenalin salg\u0131lad\u0131\u011f\u0131 i\u00e7in mi korkar? V\u00fccut hisseder, duygular\u0131 tetikler akabinde hormonlar devreye girer. Yani asl\u0131nda v\u00fccudumuz korktu\u011fumuz i\u00e7in adrenalin<span class=\"excerpt-hellip\"> [\u2026]<\/span><\/p>\n","protected":false},"featured_media":0,"template":"","meta":{"_monsterinsights_skip_tracking":false,"_monsterinsights_sitenote_active":false,"_monsterinsights_sitenote_note":"","_monsterinsights_sitenote_category":0},"product_brand":[],"product_cat":[12291,17033],"product_tag":[],"class_list":{"0":"post-744897","1":"product","2":"type-product","3":"status-publish","5":"product_cat-edebiyat","6":"product_cat-korku-gerilim","7":"pa_cilt-ciltsiz","8":"pa_tur-kitap","9":"pa_yayinevi-fa-yayinlari","10":"pa_yazar-erkan-aksu","12":"first","13":"instock","14":"sale","15":"shipping-taxable","16":"purchasable","17":"product-type-simple"},"_links":{"self":[{"href":"https:\/\/roveyayinevi.com.tr\/index.php\/wp-json\/wp\/v2\/product\/744897","targetHints":{"allow":["GET"]}}],"collection":[{"href":"https:\/\/roveyayinevi.com.tr\/index.php\/wp-json\/wp\/v2\/product"}],"about":[{"href":"https:\/\/roveyayinevi.com.tr\/index.php\/wp-json\/wp\/v2\/types\/product"}],"wp:attachment":[{"href":"https:\/\/roveyayinevi.com.tr\/index.php\/wp-json\/wp\/v2\/media?parent=744897"}],"wp:term":[{"taxonomy":"product_brand","embeddable":true,"href":"https:\/\/roveyayinevi.com.tr\/index.php\/wp-json\/wp\/v2\/product_brand?post=744897"},{"taxonomy":"product_cat","embeddable":true,"href":"https:\/\/roveyayinevi.com.tr\/index.php\/wp-json\/wp\/v2\/product_cat?post=744897"},{"taxonomy":"product_tag","embeddable":true,"href":"https:\/\/roveyayinevi.com.tr\/index.php\/wp-json\/wp\/v2\/product_tag?post=744897"}],"curies":[{"name":"wp","href":"https:\/\/api.w.org\/{rel}","templated":true}]}}