{"id":744893,"date":"2025-08-28T02:07:10","date_gmt":"2025-08-27T23:07:10","guid":{"rendered":"https:\/\/roveyayinevi.com.tr\/index.php\/urun\/meraklisina-feminizm\/"},"modified":"2026-04-16T02:56:46","modified_gmt":"2026-04-15T23:56:46","slug":"meraklisina-feminizm","status":"publish","type":"product","link":"https:\/\/roveyayinevi.com.tr\/index.php\/urun\/meraklisina-feminizm\/","title":{"rendered":"Merakl\u0131s\u0131na Feminizm"},"content":{"rendered":"<p>Merakl\u0131s\u0131na Feminizm, modern d\u00fcnyan\u0131n en \u00f6nemli entelekt\u00fcel, k\u00fclt\u00fcrel ve politik hareketlerinden biri olan feminizmin hem tarihini, geli\u015fimini ve g\u00fcncel tart\u0131\u015fmalar\u0131n\u0131 ele al\u0131yor hem de cinselli\u011fi, \u015fiddeti, akademik teoriyi ve pratik aktivizmi tart\u0131\u015farak onun d\u00fcnyay\u0131 g\u00f6rmenin nas\u0131l bir yolu olabilece\u011fini g\u00f6steriyor.Deborah Cameron, feminist tart\u0131\u015fmalar\u0131 alt\u0131 temaya \u2013erkek egemenli\u011fi, haklar, emek, kad\u0131nl\u0131\u011f\u0131n toplumsal in\u015fas\u0131, cinsiyet ve k\u00fclt\u00fcr\u2013 ay\u0131rarak temel endi\u015feleri ve ana arg\u00fcmanlar\u0131 g\u00fc\u00e7l\u00fc ve keskin bir anlat\u0131mla ortaya koyuyor. 19. y\u00fczy\u0131lda kad\u0131nlar\u0131n oy hakk\u0131 i\u00e7in verilen m\u00fccadelelerden ba\u015flayarak, \u201cd\u00f6rd\u00fcnc\u00fc dalga\u201d olarak adland\u0131r\u0131lan d\u00f6neme kadar uzanan t\u00fcm tarihsel \u201cfeminizmleri\u201d ele al\u0131yor.Cinsiyet e\u015fitsizli\u011finin hayat\u0131n bir ger\u00e7e\u011fi oldu\u011funu ink\u00e2r etmenin imk\u00e2ns\u0131z oldu\u011fu \u00fccret fark\u0131 skandallar\u0131n\u0131n, \u00e7evrimi\u00e7i tacizlerin ve endi\u015fe verici derecede y\u00fcksek say\u0131da kad\u0131n cinayetinin ya\u015fand\u0131\u011f\u0131 g\u00fcn\u00fcm\u00fczde feminizm, her zamanki gibi g\u00fcncelli\u011fini koruyor. Bu k\u00fc\u00e7\u00fck kitap, feminist hareketin fikirleri ile tarihini anlamak ve bunlarla ilgilenmek isteyen herkes i\u00e7in g\u00fcvenilir bir rehber g\u00f6revi g\u00f6r\u00fcyor.<\/p>\n","protected":false},"excerpt":{"rendered":"<p>Merakl\u0131s\u0131na Feminizm, modern d\u00fcnyan\u0131n en \u00f6nemli entelekt\u00fcel, k\u00fclt\u00fcrel ve politik hareketlerinden biri olan feminizmin hem tarihini, geli\u015fimini ve g\u00fcncel tart\u0131\u015fmalar\u0131n\u0131 ele al\u0131yor hem de cinselli\u011fi, \u015fiddeti,<span class=\"excerpt-hellip\"> [\u2026]<\/span><\/p>\n","protected":false},"featured_media":0,"template":"","meta":{"_monsterinsights_skip_tracking":false,"_monsterinsights_sitenote_active":false,"_monsterinsights_sitenote_note":"","_monsterinsights_sitenote_category":0},"product_brand":[],"product_cat":[14741,13488],"product_tag":[],"class_list":{"0":"post-744893","1":"product","2":"type-product","3":"status-publish","5":"product_cat-kadin-sorunlari-feminizm","6":"product_cat-toplum-ve-insan","7":"pa_cilt-ciltsiz","8":"pa_tur-kitap","9":"pa_yayinevi-nova-kitap","10":"pa_yazar-deborah-cameron","12":"first","13":"instock","14":"sale","15":"shipping-taxable","16":"purchasable","17":"product-type-simple"},"_links":{"self":[{"href":"https:\/\/roveyayinevi.com.tr\/index.php\/wp-json\/wp\/v2\/product\/744893","targetHints":{"allow":["GET"]}}],"collection":[{"href":"https:\/\/roveyayinevi.com.tr\/index.php\/wp-json\/wp\/v2\/product"}],"about":[{"href":"https:\/\/roveyayinevi.com.tr\/index.php\/wp-json\/wp\/v2\/types\/product"}],"wp:attachment":[{"href":"https:\/\/roveyayinevi.com.tr\/index.php\/wp-json\/wp\/v2\/media?parent=744893"}],"wp:term":[{"taxonomy":"product_brand","embeddable":true,"href":"https:\/\/roveyayinevi.com.tr\/index.php\/wp-json\/wp\/v2\/product_brand?post=744893"},{"taxonomy":"product_cat","embeddable":true,"href":"https:\/\/roveyayinevi.com.tr\/index.php\/wp-json\/wp\/v2\/product_cat?post=744893"},{"taxonomy":"product_tag","embeddable":true,"href":"https:\/\/roveyayinevi.com.tr\/index.php\/wp-json\/wp\/v2\/product_tag?post=744893"}],"curies":[{"name":"wp","href":"https:\/\/api.w.org\/{rel}","templated":true}]}}