{"id":744891,"date":"2025-08-28T02:07:08","date_gmt":"2025-08-27T23:07:08","guid":{"rendered":"https:\/\/roveyayinevi.com.tr\/index.php\/urun\/akilli-bir-koyun\/"},"modified":"2026-04-16T02:56:46","modified_gmt":"2026-04-15T23:56:46","slug":"akilli-bir-koyun","status":"publish","type":"product","link":"https:\/\/roveyayinevi.com.tr\/index.php\/urun\/akilli-bir-koyun\/","title":{"rendered":"Ak\u0131ll\u0131 Bir Koyun"},"content":{"rendered":"<p>Wilson cana yak\u0131n, k\u0131v\u0131rc\u0131k y\u00fcnl\u00fc ve son derece ak\u0131ll\u0131 bir koyundur.Ayn\u0131 zamanda \u00e7ok da merakl\u0131d\u0131r. Bir g\u00fcn bu merak\u0131 onu istemeden \u00e7iftlikten uza\u011fa, b\u00fcy\u00fck \u015fehre g\u00f6t\u00fcr\u00fcnce heyecan dolu yolculu\u011fu ba\u015flar. Hi\u00e7 bilmedi\u011fi bir yerde, \u00e7evresinde g\u00f6zlemledikleri ve duyduklar\u0131n\u0131n yard\u0131m\u0131yla acaba eve d\u00f6n\u00fc\u015f yolunu bulabilecek midir?Maceral\u0131 k\u0131sa b\u00f6l\u00fcmleri ve masals\u0131 g\u00fczellikteki g\u00f6rselleriyle, sadakat, problem \u00e7\u00f6zme ve arkada\u015fl\u0131k hakk\u0131ndaki bu e\u011flenceli hik\u00e2yenin modern-klasik dokusu tam da yeni okurlara g\u00f6re!<\/p>\n","protected":false},"excerpt":{"rendered":"<p>Wilson cana yak\u0131n, k\u0131v\u0131rc\u0131k y\u00fcnl\u00fc ve son derece ak\u0131ll\u0131 bir koyundur.Ayn\u0131 zamanda \u00e7ok da merakl\u0131d\u0131r. Bir g\u00fcn bu merak\u0131 onu istemeden \u00e7iftlikten uza\u011fa, b\u00fcy\u00fck \u015fehre g\u00f6t\u00fcr\u00fcnce<span class=\"excerpt-hellip\"> [\u2026]<\/span><\/p>\n","protected":false},"featured_media":0,"template":"","meta":{"_monsterinsights_skip_tracking":false,"_monsterinsights_sitenote_active":false,"_monsterinsights_sitenote_note":"","_monsterinsights_sitenote_category":0},"product_brand":[],"product_cat":[12274,12284],"product_tag":[],"class_list":{"0":"post-744891","1":"product","2":"type-product","3":"status-publish","5":"product_cat-cocuk-ve-genclik-kitaplari","6":"product_cat-hikayeler","7":"pa_cilt-ciltsiz","8":"pa_tur-kitap","9":"pa_yayinevi-ithaki-yayinlari","10":"pa_yazar-gary-d-schmidt-elizabeth-stickney","12":"first","13":"instock","14":"sale","15":"shipping-taxable","16":"purchasable","17":"product-type-simple"},"_links":{"self":[{"href":"https:\/\/roveyayinevi.com.tr\/index.php\/wp-json\/wp\/v2\/product\/744891","targetHints":{"allow":["GET"]}}],"collection":[{"href":"https:\/\/roveyayinevi.com.tr\/index.php\/wp-json\/wp\/v2\/product"}],"about":[{"href":"https:\/\/roveyayinevi.com.tr\/index.php\/wp-json\/wp\/v2\/types\/product"}],"wp:attachment":[{"href":"https:\/\/roveyayinevi.com.tr\/index.php\/wp-json\/wp\/v2\/media?parent=744891"}],"wp:term":[{"taxonomy":"product_brand","embeddable":true,"href":"https:\/\/roveyayinevi.com.tr\/index.php\/wp-json\/wp\/v2\/product_brand?post=744891"},{"taxonomy":"product_cat","embeddable":true,"href":"https:\/\/roveyayinevi.com.tr\/index.php\/wp-json\/wp\/v2\/product_cat?post=744891"},{"taxonomy":"product_tag","embeddable":true,"href":"https:\/\/roveyayinevi.com.tr\/index.php\/wp-json\/wp\/v2\/product_tag?post=744891"}],"curies":[{"name":"wp","href":"https:\/\/api.w.org\/{rel}","templated":true}]}}