{"id":744890,"date":"2025-08-28T02:07:07","date_gmt":"2025-08-27T23:07:07","guid":{"rendered":"https:\/\/roveyayinevi.com.tr\/index.php\/urun\/surdurulebilirlik-perspektifinde-yonetim-muhasebesi-uygulamalari\/"},"modified":"2026-04-16T02:56:46","modified_gmt":"2026-04-15T23:56:46","slug":"surdurulebilirlik-perspektifinde-yonetim-muhasebesi-uygulamalari","status":"publish","type":"product","link":"https:\/\/roveyayinevi.com.tr\/index.php\/urun\/surdurulebilirlik-perspektifinde-yonetim-muhasebesi-uygulamalari\/","title":{"rendered":"S\u00fcrd\u00fcr\u00fclebilirlik Perspektifinde Y\u00f6netim Muhasebesi Uygulamalar\u0131"},"content":{"rendered":"<p>\u00b7         Y\u00d6NET\u0130M MUHASEBES\u0130NE G\u0130R\u0130\u015e   \u00b7         MAL\u0130YET HAC\u0130M KAR ANAL\u0130ZLER\u0130   \u00b7         B\u00dcT\u00c7ELER   \u00b7         STRATEJ\u0130K KARAR ALMA   \u00b7         DE\u011e\u0130\u015eKEN MAL\u0130YETLEME S\u0130STEM\u0130   \u00b7         STANDART MAL\u0130YETLEME S\u0130STEM\u0130   \u00b7         VAKA ANAL\u0130Z\u0130 \u00b7      VER\u0130ML\u0130L\u0130K<\/p>\n","protected":false},"excerpt":{"rendered":"<p>\u00b7 Y\u00d6NET\u0130M MUHASEBES\u0130NE G\u0130R\u0130\u015e \u00b7 MAL\u0130YET HAC\u0130M KAR ANAL\u0130ZLER\u0130 \u00b7 B\u00dcT\u00c7ELER \u00b7 STRATEJ\u0130K KARAR ALMA \u00b7 DE\u011e\u0130\u015eKEN MAL\u0130YETLEME S\u0130STEM\u0130 \u00b7 STANDART MAL\u0130YETLEME S\u0130STEM\u0130 \u00b7 VAKA ANAL\u0130Z\u0130<span class=\"excerpt-hellip\"> [\u2026]<\/span><\/p>\n","protected":false},"featured_media":0,"template":"","meta":{"_monsterinsights_skip_tracking":false,"_monsterinsights_sitenote_active":false,"_monsterinsights_sitenote_note":"","_monsterinsights_sitenote_category":0},"product_brand":[],"product_cat":[13043,14381],"product_tag":[],"class_list":{"0":"post-744890","1":"product","2":"type-product","3":"status-publish","5":"product_cat-ekonomi","6":"product_cat-isletme-muhasebe-maliye","7":"pa_cilt-ciltsiz","8":"pa_tur-kitap","9":"pa_yayinevi-gazi-kitabevi","10":"pa_yazar-orhan-elmaci","12":"first","13":"instock","14":"sale","15":"shipping-taxable","16":"purchasable","17":"product-type-simple"},"_links":{"self":[{"href":"https:\/\/roveyayinevi.com.tr\/index.php\/wp-json\/wp\/v2\/product\/744890","targetHints":{"allow":["GET"]}}],"collection":[{"href":"https:\/\/roveyayinevi.com.tr\/index.php\/wp-json\/wp\/v2\/product"}],"about":[{"href":"https:\/\/roveyayinevi.com.tr\/index.php\/wp-json\/wp\/v2\/types\/product"}],"wp:attachment":[{"href":"https:\/\/roveyayinevi.com.tr\/index.php\/wp-json\/wp\/v2\/media?parent=744890"}],"wp:term":[{"taxonomy":"product_brand","embeddable":true,"href":"https:\/\/roveyayinevi.com.tr\/index.php\/wp-json\/wp\/v2\/product_brand?post=744890"},{"taxonomy":"product_cat","embeddable":true,"href":"https:\/\/roveyayinevi.com.tr\/index.php\/wp-json\/wp\/v2\/product_cat?post=744890"},{"taxonomy":"product_tag","embeddable":true,"href":"https:\/\/roveyayinevi.com.tr\/index.php\/wp-json\/wp\/v2\/product_tag?post=744890"}],"curies":[{"name":"wp","href":"https:\/\/api.w.org\/{rel}","templated":true}]}}