{"id":744883,"date":"2025-08-28T02:06:57","date_gmt":"2025-08-27T23:06:57","guid":{"rendered":"https:\/\/roveyayinevi.com.tr\/index.php\/urun\/gunesli-bir-gun\/"},"modified":"2026-04-16T02:56:45","modified_gmt":"2026-04-15T23:56:45","slug":"gunesli-bir-gun","status":"publish","type":"product","link":"https:\/\/roveyayinevi.com.tr\/index.php\/urun\/gunesli-bir-gun\/","title":{"rendered":"G\u00fcne\u015fli Bir G\u00fcn"},"content":{"rendered":"<p>G\u00fcne\u015fli Bir G\u00fcn, dostluk ve \u00f6zlem dolu bir hik\u00e2ye. Art\u0131k farkl\u0131 \u00fclkelerde ya\u015famak zorunda olan iki \u00e7ocu\u011fun ve bir kedinin sihirli maceras\u0131. Bu maceraya s\u0131ra d\u0131\u015f\u0131 ve \u00e7ok g\u00fc\u00e7l\u00fc bir karakter kat\u0131l\u0131rsa neler olur? \u0130ki \u00e7ocu\u011fu yeniden bir araya getirmek i\u00e7in G\u00fcne\u015f, neler yapabilir? (Arka kapak yaz\u0131s\u0131) <\/p>\n","protected":false},"excerpt":{"rendered":"<p>G\u00fcne\u015fli Bir G\u00fcn, dostluk ve \u00f6zlem dolu bir hik\u00e2ye. Art\u0131k farkl\u0131 \u00fclkelerde ya\u015famak zorunda olan iki \u00e7ocu\u011fun ve bir kedinin sihirli maceras\u0131. Bu maceraya s\u0131ra d\u0131\u015f\u0131<span class=\"excerpt-hellip\"> [\u2026]<\/span><\/p>\n","protected":false},"featured_media":0,"template":"","meta":{"_monsterinsights_skip_tracking":false,"_monsterinsights_sitenote_active":false,"_monsterinsights_sitenote_note":"","_monsterinsights_sitenote_category":0},"product_brand":[],"product_cat":[12274,12284],"product_tag":[],"class_list":{"0":"post-744883","1":"product","2":"type-product","3":"status-publish","5":"product_cat-cocuk-ve-genclik-kitaplari","6":"product_cat-hikayeler","7":"pa_cilt-ciltsiz","8":"pa_tur-kitap","9":"pa_yayinevi-beyaz-balina-yayinlari","10":"pa_yazar-guilherme-semionato","12":"first","13":"instock","14":"sale","15":"shipping-taxable","16":"purchasable","17":"product-type-simple"},"_links":{"self":[{"href":"https:\/\/roveyayinevi.com.tr\/index.php\/wp-json\/wp\/v2\/product\/744883","targetHints":{"allow":["GET"]}}],"collection":[{"href":"https:\/\/roveyayinevi.com.tr\/index.php\/wp-json\/wp\/v2\/product"}],"about":[{"href":"https:\/\/roveyayinevi.com.tr\/index.php\/wp-json\/wp\/v2\/types\/product"}],"wp:attachment":[{"href":"https:\/\/roveyayinevi.com.tr\/index.php\/wp-json\/wp\/v2\/media?parent=744883"}],"wp:term":[{"taxonomy":"product_brand","embeddable":true,"href":"https:\/\/roveyayinevi.com.tr\/index.php\/wp-json\/wp\/v2\/product_brand?post=744883"},{"taxonomy":"product_cat","embeddable":true,"href":"https:\/\/roveyayinevi.com.tr\/index.php\/wp-json\/wp\/v2\/product_cat?post=744883"},{"taxonomy":"product_tag","embeddable":true,"href":"https:\/\/roveyayinevi.com.tr\/index.php\/wp-json\/wp\/v2\/product_tag?post=744883"}],"curies":[{"name":"wp","href":"https:\/\/api.w.org\/{rel}","templated":true}]}}